{"id":680,"date":"2021-08-19T11:41:42","date_gmt":"2021-08-19T11:41:42","guid":{"rendered":"https:\/\/blogsaverroes.juntadeandalucia.es\/rafaelnunezmat\/?page_id=680"},"modified":"2024-12-12T06:02:05","modified_gmt":"2024-12-12T06:02:05","slug":"herramientas","status":"publish","type":"page","link":"https:\/\/blogsaverroes.juntadeandalucia.es\/rafaelnunezmat\/herramientas","title":{"rendered":"HERRAMIENTAS MATEM\u00c1TICAS"},"content":{"rendered":"<p><img loading=\"lazy\" decoding=\"async\" class=\"aligncenter \" src=\"https:\/\/image.slidesharecdn.com\/elpapeldelasticenlasmatematicas-141127101031-conversion-gate02\/95\/el-papel-de-las-tic-en-las-matematicas-1-638.jpg?cb=1417083064\" width=\"380\" height=\"285\"><\/p>\n<p style=\"text-align: center\"><span style=\"font-size: 18pt\"><strong><span style=\"color: #000000\"><u>Uso de la calculadora cient\u00edfica<\/u><\/span><\/strong><\/span><\/p>\n<p style=\"padding-left: 200px\"><strong><span style=\"font-size: 14pt;color: #0000ff\"><a style=\"color: #0000ff\" href=\"https:\/\/www.youtube.com\/embed\/WA4RY6UxIdM\" target=\"_blank\" rel=\"noopener noreferrer\">Tecla SHIFT, prioridad de operaciones, edici\u00f3n, uso de par\u00e9ntesis, potencias, ra\u00edces y fracciones (Matem\u00e1tica con Rafa)<\/a><\/span><\/strong><\/p>\n<p style=\"padding-left: 200px\"><strong><span style=\"font-size: 14pt;color: #0000ff\"><a style=\"color: #0000ff\" href=\"https:\/\/www.youtube.com\/embed\/XhKIu0-ovYc?t\" target=\"_blank\" rel=\"noopener noreferrer\">Logaritmos y exponenciales (potencias de 10 y de e); seno, coseno, tangente y sus inversas; modos angulares; tecla de grados, minutos, segundos; factorial, combinaciones y variaciones (Matem\u00e1tica con Rafa)<\/a><\/span><\/strong><\/p>\n<p style=\"padding-left: 200px\"><strong><span style=\"font-size: 14pt;color: #0000ff\"><a style=\"color: #0000ff\" href=\"https:\/\/www.youtube.com\/embed\/Zcmws892gEM?t=2s\" target=\"_blank\" rel=\"noopener noreferrer\">Tecla MODE (modos Fix, Sci y Norm) (Math2me)<\/a><\/span><\/strong><\/p>\n<p style=\"padding-left: 200px\"><strong><span style=\"font-size: 14pt;color: #0000ff\"><a style=\"color: #0000ff\" href=\"https:\/\/www.youtube.com\/embed\/qguhqq0xvM0?t=1s\" target=\"_blank\" rel=\"noopener noreferrer\">Modo estad\u00edstico (introducci\u00f3n y eliminaci\u00f3n de datos, media, varianza y desviaci\u00f3n est\u00e1ndar) (Andr\u00e9s Arcos)<\/a><\/span><\/strong><\/p>\n<p style=\"padding-left: 200px\"><strong><span style=\"font-size: 14pt;color: #0000ff\"><a style=\"color: #0000ff\" href=\"https:\/\/www.youtube.com\/embed\/O-wSL4AGPsY?t=4s\" target=\"_blank\" rel=\"noopener noreferrer\">Uso de las funciones STO y ALPHA para calcular valores num\u00e9ricos de expresiones con una variable (Matem\u00e1tica con Rafa)<\/a><\/span><\/strong><\/p>\n<p style=\"padding-left: 200px\"><strong><span style=\"font-size: 14pt;color: #0000ff\"><a style=\"color: #0000ff\" href=\"https:\/\/www.youtube.com\/embed\/81-pefpv9kI?t=1s\" target=\"_blank\" rel=\"noopener noreferrer\">Uso de las funciones STO y ALPHA para calcular valores num\u00e9ricos de expresiones con una variable (aplicaci\u00f3n a la resoluci\u00f3n de la ecuaci\u00f3n de 2\u00ba grado con la f\u00f3rmula) (Matem\u00e1tica con Rafa)<\/a><\/span><\/strong><\/p>\n<p style=\"padding-left: 200px\"><strong><span style=\"font-size: 14pt;color: #0000ff\"><a style=\"color: #0000ff\" href=\"https:\/\/www.youtube.com\/embed\/rZnYdsshwQw\" target=\"_blank\" rel=\"noopener noreferrer\">Uso de las funciones STO y ALPHA para calcular valores num\u00e9ricos de expresiones con una variable (aplicaci\u00f3n a la estimaci\u00f3n de l\u00edmites, introducci\u00f3n de la funci\u00f3n valor absoluto) (Matem\u00e1tica con Rafa)<\/a><\/span><\/strong><\/p>\n<p style=\"padding-left: 200px\"><strong><span style=\"font-size: 14pt;color: #0000ff\"><a style=\"color: #0000ff\" href=\"https:\/\/www.youtube.com\/embed\/Ca1FWwF3JMg\" target=\"_blank\" rel=\"noopener noreferrer\">Uso de las funciones STO y ALPHA para calcular valores num\u00e9ricos de expresiones con una variable (aplicaci\u00f3n al c\u00e1lculo de t\u00e9rminos en una sucesi\u00f3n) (Matem\u00e1tica con Rafa)<\/a><\/span><\/strong><\/p>\n<p style=\"padding-left: 200px\"><strong><span style=\"font-size: 14pt;color: #0000ff\"><a style=\"color: #0000ff\" href=\"https:\/\/www.youtube.com\/embed\/N2bjjloEIa4\" target=\"_blank\" rel=\"noopener noreferrer\">Uso de las funciones STO y ALPHA para calcular valores num\u00e9ricos de expresiones con m\u00e1s de una variable (Matem\u00e1tica con Rafa)<\/a><\/span><\/strong><\/p>\n<p style=\"padding-left: 200px\"><strong><span style=\"font-size: 14pt;color: #0000ff\"><a style=\"color: #0000ff\" href=\"https:\/\/www.youtube.com\/embed\/YQNHsQGq7eg\" target=\"_blank\" rel=\"noopener noreferrer\">Uso de las funciones STO y ALPHA para calcular valores num\u00e9ricos de expresiones (aplicaci\u00f3n a c\u00f3mo saber si una expresi\u00f3n es igual a otra) (Matem\u00e1tica con Rafa)<\/a><\/span><\/strong><\/p>\n<p style=\"padding-left: 200px\"><strong><span style=\"font-size: 14pt;color: #0000ff\"><a style=\"color: #0000ff\" href=\"https:\/\/www.youtube.com\/embed\/p9pj7Bjo8Co?t=1s\" target=\"_blank\" rel=\"noopener noreferrer\">Uso de las funciones STO, ALPHA y :&nbsp; para calcular valores num\u00e9ricos de varias expresiones (Matem\u00e1tica con Rafa)<\/a><\/span><\/strong><\/p>\n<p style=\"padding-left: 200px\"><strong><span style=\"font-size: 14pt;color: #0000ff\"><a style=\"color: #0000ff\" href=\"https:\/\/www.youtube.com\/embed\/p0XCd_9-vlY\" target=\"_blank\" rel=\"noopener noreferrer\">Trucos de desbloqueo de funciones: n\u00fameros complejos, ecuaciones, matrices y vectores (ni\u00f1atotuber)<\/a><\/span><\/strong><\/p>\n<p style=\"padding-left: 200px\"><strong><span style=\"font-size: 14pt;color: #0000ff\"><a style=\"color: #0000ff\" href=\"https:\/\/www.youtube.com\/embed\/m7iGPOECt7M\" target=\"_blank\" rel=\"noopener noreferrer\">Trucos con calculadora (puina1)<\/a><\/span><\/strong><\/p>\n<p style=\"text-align: center\"><strong><span style=\"color: #000000;font-size: 18pt\"><u>Classroom<\/u><\/span><\/strong><\/p>\n<p style=\"padding-left: 200px\"><strong><span style=\"font-size: 14pt;color: #0000ff\"><a style=\"color: #0000ff\" href=\"https:\/\/www.youtube.com\/playlist?list=PLclJ8nSI2c7KrzlQ3kkHARAvyWgFe9g1v\" target=\"_blank\" rel=\"noopener noreferrer\">Videotutoriales de Classroom<\/a><\/span><\/strong><\/p>\n<p style=\"text-align: center\"><strong><span style=\"color: #000000;font-size: 18pt\"><u>Moodle<\/u><\/span><\/strong><\/p>\n<p style=\"padding-left: 200px\"><strong><span style=\"font-size: 14pt;color: #0000ff\"><a style=\"color: #0000ff\" href=\"https:\/\/drive.google.com\/drive\/folders\/1o0PB02uav2gY3yVuOFWwDl0Rp_BHg5el\" target=\"_blank\" rel=\"noopener noreferrer\">Documentaci\u00f3n de Moodle elaborada por Romero Vargas<\/a><\/span><\/strong><\/p>\n<p style=\"padding-left: 200px\"><strong><span style=\"font-size: 14pt;color: #0000ff\"><a style=\"color: #0000ff\" href=\"http:\/\/agrega.juntadeandalucia.es\/repositorio\/29092017\/39\/es-an_2017092912_9105346\/index.html\" target=\"_blank\" rel=\"noopener noreferrer\">Preguntas frecuentes Moodle<\/a><\/span><\/strong><\/p>\n<p style=\"padding-left: 200px\"><strong><span style=\"font-size: 14pt;color: #0000ff\"><a style=\"color: #0000ff\" href=\"http:\/\/agrega.juntadeandalucia.es\/repositorio\/11102018\/34\/es-an_2018101112_9111822\/index.html\" target=\"_blank\" rel=\"noopener noreferrer\">Evaluar para aprender<\/a><\/span><\/strong><\/p>\n<p style=\"padding-left: 200px\"><strong><span style=\"font-size: 14pt;color: #0000ff\"><a style=\"color: #0000ff\" href=\"http:\/\/agrega.juntadeandalucia.es\/repositorio\/11102018\/3d\/es-an_2018101112_9112434\/index.html\" target=\"_blank\" rel=\"noopener noreferrer\">Aprendiendo con tareas<\/a><\/span><\/strong><\/p>\n<p style=\"padding-left: 200px\"><strong><span style=\"font-size: 14pt;color: #0000ff\"><a style=\"color: #0000ff\" href=\"http:\/\/agrega.juntadeandalucia.es\/repositorio\/11102018\/4c\/es-an_2018101112_9112911\/index.html\" target=\"_blank\" rel=\"noopener noreferrer\">Cuestionarios en Moodle 3.0<\/a><\/span><\/strong><\/p>\n<p style=\"padding-left: 200px\"><strong><span style=\"font-size: 14pt;color: #0000ff\"><a style=\"color: #0000ff\" href=\"http:\/\/agrega.juntadeandalucia.es\/repositorio\/11102018\/44\/es-an_2018101112_9114226\/index.html\" target=\"_blank\" rel=\"noopener noreferrer\">El calificador de Moodle<\/a><\/span><\/strong><\/p>\n<p style=\"padding-left: 200px\"><span style=\"font-size: 14pt;color: #0000ff\"><strong><a style=\"color: #0000ff\" href=\"https:\/\/www.youtube.com\/playlist?list=PLSW8KCWZtXCi8u3ZwLBPcIQd1Ensklpzx\" target=\"_blank\" rel=\"noopener noreferrer\">Videotutoriales de Jos\u00e9 Mar\u00eda Torreblanca<\/a><\/strong><span style=\"color: #000000\">:<\/span> <span style=\"color: #000000\">taller CEP Moodle 2.6, que aunque de una versi\u00f3n anterior de Moodle, son bastante completos<\/span><\/span><\/p>\n<p style=\"padding-left: 200px\"><span style=\"color: #0000ff\"><strong><span style=\"font-size: 14pt\"><a style=\"color: #0000ff\" href=\"https:\/\/www.youtube.com\/playlist?list=PLSW8KCWZtXCgojjxp77ff72G7hvLpOU_1\" target=\"_blank\" rel=\"noopener noreferrer\">Videotutoriales: Taller CEP Moodle 2.6 ampliaci\u00f3n<\/a><\/span><\/strong><\/span><\/p>\n<p style=\"padding-left: 200px\"><span style=\"color: #0000ff\"><strong><span style=\"font-size: 14pt\"><a style=\"color: #0000ff\" href=\"https:\/\/www.youtube.com\/playlist?list=PLGaU5QQpWlH_HcHYsXYEjmUjy_i_U_oAF\" target=\"_blank\" rel=\"noopener noreferrer\">Videotutoriales para Moodle 3.5<\/a><\/span><\/strong><\/span><\/p>\n<p style=\"padding-left: 200px\"><span style=\"color: #0000ff\"><strong><span style=\"font-size: 14pt\"><a style=\"color: #0000ff\" href=\"https:\/\/tv.urjc.es\/series\/5bacb2d2d68b144c558b456a\" target=\"_blank\" rel=\"noopener noreferrer\">Videotutoriales: curso avanzado en el uso did\u00e1ctico de Moodle 3.5<\/a><\/span><\/strong><\/span><\/p>\n<p style=\"padding-left: 200px\"><span style=\"color: #0000ff\"><strong><span style=\"font-size: 14pt\"><a style=\"color: #0000ff\" href=\"https:\/\/www.youtube.com\/embed\/NPHnkz4bFj8\" target=\"_blank\" rel=\"noopener noreferrer\">Videotutorial de restricciones de acceso en Moodle (Virtualidad FFyL)<\/a><\/span><\/strong><\/span><\/p>\n<p style=\"padding-left: 200px\"><span style=\"color: #0000ff\"><strong><span style=\"font-size: 14pt\"><a style=\"color: #0000ff\" href=\"https:\/\/www.youtube.com\/embed\/BpnrGtAiS7M\" target=\"_blank\" rel=\"noopener noreferrer\">Videotutorial de como crear un foro en Moodle (programa de aprendizaje en linea)<\/a><\/span><\/strong><\/span><\/p>\n<p style=\"padding-left: 200px\"><span style=\"color: #0000ff\"><strong><span style=\"font-size: 14pt\"><a style=\"color: #0000ff\" href=\"https:\/\/www.youtube.com\/embed\/r9QqzTSaHGY\" target=\"_blank\" rel=\"noopener noreferrer\">Videotutorial de incrustar una presentaci\u00f3n de drive en Moodle (eLMformaci\u00f3n)<\/a><\/span><\/strong><\/span><\/p>\n<p style=\"padding-left: 200px\"><span style=\"color: #0000ff\"><strong><span style=\"font-size: 14pt\"><a style=\"color: #0000ff\" href=\"https:\/\/www.youtube.com\/embed\/hx1ke6H3EqU\" target=\"_blank\" rel=\"noopener noreferrer\">Videotutorial de como crear control de asistencia en Moodle (AlbertoPTFP)<\/a><\/span><\/strong><\/span><\/p>\n<p style=\"padding-left: 200px\"><span style=\"color: #0000ff\"><strong><span style=\"font-size: 14pt\"><a style=\"color: #0000ff\" href=\"https:\/\/www.youtube.com\/embed\/DAccWIWhAJs\" target=\"_blank\" rel=\"noopener noreferrer\">Videotutorial de como crear aulas virtuales y cursos en Moodle (Filosof\u00edes)<\/a><\/span><\/strong><\/span><\/p>\n<p style=\"padding-left: 200px\"><span style=\"color: #0000ff\"><strong><span style=\"font-size: 14pt\"><a style=\"color: #0000ff\" href=\"https:\/\/www.youtube.com\/playlist?list=PLJkk1L3HGsMkDH_7aLVrPws569XHIgqsi\" target=\"_blank\" rel=\"noopener noreferrer\">Videotutoriales<\/a>: <a style=\"color: #0000ff\" href=\"https:\/\/www.youtube.com\/playlist?list=PLJkk1L3HGsMkDH_7aLVrPws569XHIgqsi\" target=\"_blank\" rel=\"noopener noreferrer\">lista de videotutoriales de iniciaci\u00f3n a Moodle<\/a><\/span><\/strong><\/span><\/p>\n<p style=\"padding-left: 200px\"><span style=\"color: #0000ff\"><strong><span style=\"font-size: 14pt\"><a style=\"color: #0000ff\" href=\"https:\/\/blogsaverroes.juntadeandalucia.es\/moodlecentrosparaprofes\/\" target=\"_blank\" rel=\"noopener noreferrer\">Moodle Centros para profes<\/a><\/span><\/strong><\/span><\/p>\n<p style=\"text-align: center\"><strong><span style=\"text-decoration: underline;color: #000000;font-size: 18pt\">Varias herramientas<\/span><\/strong><\/p>\n<p style=\"padding-left: 200px\"><span style=\"color: #0000ff\"><strong><span style=\"font-size: 14pt\"><a style=\"color: #0000ff\" href=\"https:\/\/www.youtube.com\/embed\/JIipeXFtWts\" target=\"_blank\" rel=\"noopener noreferrer\">Videotutorial idoceo: crear plantilla de est\u00e1ndares con excel, parte 3<\/a><\/span><\/strong><\/span><\/p>\n<p style=\"padding-left: 200px\"><span style=\"font-size: 14pt\"><span style=\"color: #0000ff\"><a style=\"color: #0000ff\" href=\"https:\/\/www.notebookcast.com\/es\" target=\"_blank\" rel=\"noopener noreferrer\"><strong><span style=\"color: #0000ff\">Pizarra online<\/span><\/strong><\/a><\/span><span style=\"color: #000000\">:<\/span> <span style=\"color: #000000\">pizarra compartida multiusuario en tiempo real para dibujar, ense\u00f1ar, colaborar, explicar, entretenimiento&#8230;.<\/span><\/span><\/p>\n<p style=\"padding-left: 200px\"><span style=\"font-size: 14pt\"><span style=\"color: #0000ff\"><a style=\"color: #0000ff\" href=\"http:\/\/rubistar.4teachers.org\/index.php?lang=es&amp;skin=es\" target=\"_blank\" rel=\"noopener noreferrer\"><strong><span style=\"color: #0000ff\">RubiStar<\/span><\/strong><\/a><\/span><span style=\"color: #000000\">:<\/span> <span style=\"color: #000000\">herramienta gratuita que ayuda a los educadores a crear r\u00fabricas de calidad.<\/span><\/span><\/p>\n<p style=\"padding-left: 200px\"><span style=\"font-size: 14pt\"><strong><span style=\"color: #0000ff\"><u><a style=\"color: #0000ff\" href=\"https:\/\/www.goconqr.com\/es\/\" target=\"_blank\" rel=\"noopener noreferrer\">Goconqr<\/a><\/u><\/span><\/strong><span style=\"color: #000000\">:<\/span> <span style=\"color: #000000\">plataforma orientada al auto aprendizaje y estudio, ya que los propios alumnos pueden crear materiales para estudiar tales como apuntes, tarjetas para memorizar, presentaciones. <\/span><\/span><span style=\"font-size: 14pt;color: #000000\">Se pueden crear quizzes de forma sencilla que se pueden incluir tanto en blogs como redes sociales.<\/span><\/p>\n<p style=\"padding-left: 200px\"><span style=\"font-size: 14pt\"><strong><span style=\"color: #0000ff\"><a style=\"color: #0000ff\" href=\"https:\/\/www.wolframalpha.com\/\" target=\"_blank\" rel=\"noopener noreferrer\">Wolfram<\/a><\/span><\/strong><span style=\"color: #000000\">:<\/span> <span style=\"color: #000000\">calculadoras, construcciones, \u2026 online<\/span><\/span><\/p>\n<p style=\"padding-left: 200px\"><span style=\"font-size: 14pt\"><strong><span style=\"color: #0000ff\"><a style=\"color: #0000ff\" href=\"https:\/\/www.wolframalpha.com\/widgets\/view.jsp?id=fb4c835feb0a65cc39739320d7a51c02\" target=\"_blank\" rel=\"noopener noreferrer\">Wolfram derivadas<\/a><\/span><\/strong><span style=\"color: #000000\">:<\/span> <span style=\"color: #000000\">calculadora de derivadas online<\/span><\/span><\/p>\n<p style=\"padding-left: 200px\"><span style=\"font-size: 14pt\"><span style=\"color: #0000ff\"><a style=\"color: #0000ff\" href=\"http:\/\/www.conexionismo.com\/calculadoras_estadisticas\/general_l.php\" target=\"_blank\" rel=\"noopener noreferrer\"><strong><span style=\"color: #0000ff\">Conexionismo<\/span><\/strong><\/a><\/span><span style=\"color: #000000\">:<\/span> <span style=\"color: #000000\">herramienta estad\u00edstica online<\/span><\/span><\/p>\n<p style=\"padding-left: 200px\"><span style=\"font-size: 14pt\"><strong><span style=\"color: #0000ff\"><a style=\"color: #0000ff\" href=\"https:\/\/es.numberempire.com\/\" target=\"_blank\" rel=\"noopener noreferrer\">El Imperio de los N\u00fameros<\/a><\/span><\/strong><span style=\"color: #000000\">: herramientas matem\u00e1ticas<\/span><\/span><\/p>\n<p style=\"padding-left: 200px\"><span style=\"font-size: 14pt\"><strong><span style=\"color: #0000ff\"><a style=\"color: #0000ff\" href=\"https:\/\/es.symbolab.com\/\" target=\"_blank\" rel=\"noopener noreferrer\">Symbolab<\/a><\/span><\/strong><span style=\"color: #000000\">: herramienta de c\u00e1lculo general<\/span><\/span><\/p>\n<p style=\"padding-left: 200px\"><span style=\"font-size: 14pt\"><span style=\"color: #0000ff\"><a style=\"color: #0000ff\" href=\"http:\/\/es.onlinemschool.com\/math\/assistance\/\" target=\"_blank\" rel=\"noopener noreferrer\"><strong><span style=\"color: #0000ff\">Calculadoras online<\/span><\/strong><\/a><\/span><span style=\"color: #000000\">: onlineMschool<\/span><\/span><\/p>\n<p style=\"padding-left: 200px\"><span style=\"font-size: 14pt\"><strong><span style=\"color: #0000ff\"><a style=\"color: #0000ff\" href=\"https:\/\/matrixcalc.org\/es\/\" target=\"_blank\" rel=\"noopener noreferrer\">Matrixcal<\/a><\/span><\/strong><span style=\"color: #000000\">: matrices, operaciones, sistemas de ecuaciones, determinantes, valores propios, \u2026<\/span><\/span><\/p>\n<p style=\"padding-left: 200px\"><span style=\"font-size: 14pt\"><strong><span style=\"color: #0000ff\"><a style=\"color: #0000ff\" href=\"https:\/\/www.chartgo.com\/home_es.html\" target=\"_blank\" rel=\"noopener noreferrer\">ChartGo<\/a><\/span><\/strong><span style=\"color: #000000\">: creador de diagramas en l\u00ednea. Crea f\u00e1cilmente gr\u00e1ficos valiosos y coloridos.<\/span><\/span><\/p>\n<p style=\"padding-left: 200px\"><strong><span style=\"font-size: 14pt;color: #0000ff\"><a style=\"color: #0000ff\" href=\"http:\/\/www.alcula.com\/es\/\" target=\"_blank\" rel=\"noopener noreferrer\">Alcula: Calculadoras y diagramas de caja<\/a><\/span><\/strong><\/p>\n<p style=\"padding-left: 200px\"><strong><span style=\"font-size: 14pt;color: #0000ff\"><a style=\"color: #0000ff\" href=\"https:\/\/www.generadordegraficos.com\/\" target=\"_blank\" rel=\"noopener noreferrer\">Generador de gr\u00e1ficos<\/a><\/span><\/strong><\/p>\n<p style=\"padding-left: 200px\"><strong><span style=\"font-size: 14pt;color: #0000ff\"><a style=\"color: #0000ff\" href=\"https:\/\/www.youtube.com\/embed\/qyuXrByafqc\" target=\"_blank\" rel=\"noopener noreferrer\">Videotutorial exelearning<\/a><\/span><\/strong><\/p>\n<p style=\"padding-left: 200px\"><span style=\"font-size: 14pt\"><a href=\"https:\/\/www.geogebra.org\/\" target=\"_blank\" rel=\"noopener noreferrer\"><strong><span style=\"color: #0000ff\">Geogebra<\/span><\/strong><\/a><span style=\"color: #000000\">: aplicaciones gratuitas<\/span><\/span><\/p>\n<p style=\"padding-left: 200px\"><span style=\"font-size: 14pt\"><strong><span style=\"color: #0000ff\"><a style=\"color: #0000ff\" href=\"https:\/\/www.geogebra.org\/graphing?lang=es\" target=\"_blank\" rel=\"noopener noreferrer\">Geogebra<\/a><\/span><\/strong><span style=\"color: #000000\">: calculadora gr\u00e1fica<\/span><\/span><\/p>\n<p style=\"padding-left: 200px\"><span style=\"font-size: 14pt\"><strong><span style=\"color: #0000ff\"><a style=\"color: #0000ff\" href=\"https:\/\/www.geogebra.org\/classic?lang=es\" target=\"_blank\" rel=\"noopener noreferrer\">Geogebra cl\u00e1sico<\/a><\/span><\/strong><span style=\"color: #000000\">: creaci\u00f3n de objetos matem\u00e1ticos<\/span><\/span><\/p>\n<p style=\"padding-left: 200px\"><strong><span style=\"font-size: 14pt;color: #0000ff\"><a style=\"color: #0000ff\" href=\"https:\/\/www.youtube.com\/embed\/iFtgUpZoEzg\" target=\"_blank\" rel=\"noopener noreferrer\">Video Geogebra: uso del deslizador<\/a><\/span><\/strong><\/p>\n","protected":false},"excerpt":{"rendered":"<p>Uso de la calculadora cient\u00edfica Tecla SHIFT, prioridad de operaciones, edici\u00f3n, uso de par\u00e9ntesis, potencias, ra\u00edces y fracciones (Matem\u00e1tica con Rafa) Logaritmos y exponenciales (potencias de 10 y de e); seno, coseno, tangente y sus inversas; modos angulares; tecla de grados, minutos, segundos; factorial, combinaciones y variaciones (Matem\u00e1tica con Rafa) Tecla MODE (modos Fix, Sci &hellip; <\/p>\n<p><a class=\"more-link btn\" href=\"https:\/\/blogsaverroes.juntadeandalucia.es\/rafaelnunezmat\/herramientas\">Seguir leyendo<\/a><\/p>\n","protected":false},"author":10669,"featured_media":0,"parent":0,"menu_order":0,"comment_status":"closed","ping_status":"closed","template":"","meta":{"ngg_post_thumbnail":0,"footnotes":""},"aioseo_notices":[],"_links":{"self":[{"href":"https:\/\/blogsaverroes.juntadeandalucia.es\/rafaelnunezmat\/wp-json\/wp\/v2\/pages\/680"}],"collection":[{"href":"https:\/\/blogsaverroes.juntadeandalucia.es\/rafaelnunezmat\/wp-json\/wp\/v2\/pages"}],"about":[{"href":"https:\/\/blogsaverroes.juntadeandalucia.es\/rafaelnunezmat\/wp-json\/wp\/v2\/types\/page"}],"author":[{"embeddable":true,"href":"https:\/\/blogsaverroes.juntadeandalucia.es\/rafaelnunezmat\/wp-json\/wp\/v2\/users\/10669"}],"replies":[{"embeddable":true,"href":"https:\/\/blogsaverroes.juntadeandalucia.es\/rafaelnunezmat\/wp-json\/wp\/v2\/comments?post=680"}],"version-history":[{"count":16,"href":"https:\/\/blogsaverroes.juntadeandalucia.es\/rafaelnunezmat\/wp-json\/wp\/v2\/pages\/680\/revisions"}],"predecessor-version":[{"id":5081,"href":"https:\/\/blogsaverroes.juntadeandalucia.es\/rafaelnunezmat\/wp-json\/wp\/v2\/pages\/680\/revisions\/5081"}],"wp:attachment":[{"href":"https:\/\/blogsaverroes.juntadeandalucia.es\/rafaelnunezmat\/wp-json\/wp\/v2\/media?parent=680"}],"curies":[{"name":"wp","href":"https:\/\/api.w.org\/{rel}","templated":true}]}}