{"id":96,"date":"2021-06-01T06:17:09","date_gmt":"2021-06-01T06:17:09","guid":{"rendered":"https:\/\/blogsaverroes.juntadeandalucia.es\/rafaelnunezmat\/?page_id=96"},"modified":"2024-12-04T12:21:52","modified_gmt":"2024-12-04T12:21:52","slug":"intervalos","status":"publish","type":"page","link":"https:\/\/blogsaverroes.juntadeandalucia.es\/rafaelnunezmat\/intervalos","title":{"rendered":"Intervalos"},"content":{"rendered":"<p><img loading=\"lazy\" decoding=\"async\" class=\"aligncenter \" src=\"https:\/\/image.slidesharecdn.com\/intervalos-130307190353-phpapp01\/95\/intervalos-1-638.jpg?cb=1362683068\" width=\"451\" height=\"338\"><\/p>\n<p style=\"text-align: center\"><span style=\"font-size: 24pt;color: #008000\"><strong><a style=\"color: #008000\" href=\"https:\/\/blogsaverroes.juntadeandalucia.es\/rafaelnunezmat\/files\/2022\/02\/INTERVALOS.pdf\" target=\"_blank\" rel=\"noopener noreferrer\">Teor\u00eda y actividades resueltas<\/a><\/strong><\/span><\/p>\n<table style=\"height: 58px;width: 100%;border-collapse: collapse;border-style: none;border-color: #030000\" cellpadding=\"0\">\n<tbody>\n<tr style=\"height: 24px\">\n<td style=\"width: 26.4915%;height: 24px;text-align: left;border-style: double;border-color: #050505\" colspan=\"2\">\n<p style=\"text-align: center\"><span style=\"text-decoration: underline;color: #800080\"><span style=\"font-size: 16pt\"><strong>VIDEOS<\/strong><\/span><\/span><\/p>\n<p style=\"padding-left: 200px\"><strong><span style=\"font-size: 14pt;color: #0000ff\"><a style=\"color: #0000ff\" href=\"https:\/\/www.youtube.com\/embed\/nMUKI8mxLx4\" target=\"_blank\" rel=\"noopener noreferrer\">Intervalos y semirrectas (Jos\u00e9 Luis Usero V\u00edlchez)<\/a><\/span><\/strong><\/p>\n<p style=\"padding-left: 200px\"><strong><span style=\"font-size: 14pt;color: #0000ff\"><a style=\"color: #0000ff\" href=\"https:\/\/www.youtube.com\/embed\/LsFFi7pElm4\" target=\"_blank\" rel=\"noopener noreferrer\">Intervalos y semirrectas-1 (matematicasyeso)<\/a><\/span><\/strong><\/p>\n<p style=\"padding-left: 200px\"><strong><span style=\"font-size: 14pt;color: #0000ff\"><a style=\"color: #0000ff\" href=\"https:\/\/www.youtube.com\/embed\/T5QmqDEkO5o\" target=\"_blank\" rel=\"noopener noreferrer\">Intervalos y semirrectas-2 (matematicasyeso)<\/a><\/span><\/strong><\/p>\n<p style=\"padding-left: 200px\"><strong><span style=\"font-size: 14pt;color: #0000ff\"><a style=\"color: #0000ff\" href=\"https:\/\/www.youtube.com\/embed\/59h2ai8SOEA\" target=\"_blank\" rel=\"noopener noreferrer\">Intervalos y semirrectas (Ejercicios de Matem\u00e1ticas)<\/a><\/span><\/strong><\/p>\n<p style=\"padding-left: 200px\"><strong><span style=\"font-size: 14pt;color: #0000ff\"><a style=\"color: #0000ff\" href=\"https:\/\/www.youtube.com\/embed\/-bTcTzFu4I4\" target=\"_blank\" rel=\"noopener noreferrer\">Intervalos y semirrectas (math2me)<\/a><\/span><\/strong><\/p>\n<p style=\"padding-left: 200px\"><strong><span style=\"font-size: 14pt;color: #0000ff\"><a style=\"color: #0000ff\" href=\"https:\/\/www.youtube.com\/embed\/nJJxRpXbpXs\" target=\"_blank\" rel=\"noopener noreferrer\">Intervalos y semirrectas (Marcel Ruiz)<\/a><\/span><\/strong><\/p>\n<p style=\"padding-left: 200px\"><strong><span style=\"font-size: 14pt;color: #0000ff\"><a style=\"color: #0000ff\" href=\"https:\/\/www.youtube.com\/embed\/p8NP1YjPY-E\" target=\"_blank\" rel=\"noopener noreferrer\">Intervalos del tipo |x| &lt; a (Matem\u00e1ticas profe Alex)<\/a><\/span><\/strong><\/p>\n<p style=\"padding-left: 200px\"><strong><span style=\"font-size: 14pt;color: #0000ff\"><a style=\"color: #0000ff\" href=\"https:\/\/www.youtube.com\/embed\/j-5mBl4fInA\" target=\"_blank\" rel=\"noopener noreferrer\">Uni\u00f3n de intervalos (Matem\u00e1ticas profe Alex)<\/a><\/span><\/strong><\/p>\n<p style=\"padding-left: 200px\"><strong><span style=\"font-size: 14pt;color: #0000ff\"><a style=\"color: #0000ff\" href=\"https:\/\/www.youtube.com\/embed\/yBB6yeM-n6E\" target=\"_blank\" rel=\"noopener noreferrer\">Uni\u00f3n de intervalos (Ejercicios de Matem\u00e1ticas)<\/a><\/span><\/strong><\/p>\n<p style=\"padding-left: 200px\"><strong><span style=\"font-size: 14pt;color: #0000ff\"><a style=\"color: #0000ff\" href=\"https:\/\/www.youtube.com\/embed\/nx_rvu-yD70\" target=\"_blank\" rel=\"noopener noreferrer\">Intersecci\u00f3n de intervalos (Matem\u00e1ticas profe Alex)<\/a><\/span><\/strong><\/p>\n<p style=\"padding-left: 200px\"><strong><span style=\"font-size: 14pt;color: #0000ff\"><a style=\"color: #0000ff\" href=\"https:\/\/www.youtube.com\/embed\/kE6bcunm8Yk\" target=\"_blank\" rel=\"noopener noreferrer\">Intersecci\u00f3n de intervalos (Ejercicios de Matem\u00e1ticas)<\/a><\/span><\/strong><\/p>\n<p style=\"padding-left: 200px\"><strong><span style=\"font-size: 14pt;color: #0000ff\"><a style=\"color: #0000ff\" href=\"https:\/\/www.youtube.com\/embed\/e75mJedkdDc\" target=\"_blank\" rel=\"noopener noreferrer\">Operaciones con intervalos (TheCaferzea)<\/a><\/span><\/strong><\/p>\n<p style=\"padding-left: 200px\"><strong><span style=\"font-size: 14pt;color: #0000ff\"><a style=\"color: #0000ff\" href=\"https:\/\/www.youtube.com\/embed\/58JOBNfGaDY\" target=\"_blank\" rel=\"noopener noreferrer\">Intervalos del tipo |x| &gt; a (Matem\u00e1ticas profe Alex)<\/a><\/span><\/strong><\/p>\n<p style=\"padding-left: 200px\"><strong><span style=\"font-size: 14pt;color: #0000ff\"><a style=\"color: #0000ff\" href=\"https:\/\/www.youtube.com\/embed\/MlSpbSo3138\" target=\"_blank\" rel=\"noopener noreferrer\">Intervalos con valor absoluto (TareasPlus)<\/a><\/span><\/strong><\/p>\n<p style=\"padding-left: 200px\"><strong><span style=\"font-size: 14pt;color: #0000ff\"><a style=\"color: #0000ff\" href=\"https:\/\/www.youtube.com\/embed\/DuE8JkH0c6c\" target=\"_blank\" rel=\"noopener noreferrer\">Entornos de un punto (Unicoos)<\/a><\/span><\/strong><\/p>\n<p style=\"padding-left: 200px\"><strong><span style=\"font-size: 14pt;color: #0000ff\"><a style=\"color: #0000ff\" href=\"https:\/\/www.youtube.com\/embed\/yb1hVjnkbxQ\" target=\"_blank\" rel=\"noopener noreferrer\">Entornos de un punto-1 (Olga Murillo Fern\u00e1ndez)<\/a><\/span><\/strong><\/p>\n<p style=\"padding-left: 200px\"><strong><span style=\"font-size: 14pt;color: #0000ff\"><a style=\"color: #0000ff\" href=\"https:\/\/www.youtube.com\/embed\/yb1hVjnkbxQ\" target=\"_blank\" rel=\"noopener noreferrer\">Entornos de un punto-2 (Olga Murillo Fern\u00e1ndez)<\/a><\/span><\/strong><\/p>\n<p style=\"text-align: center\"><span style=\"text-decoration: underline;color: #800000\"><span style=\"font-size: 16pt\"><strong>OTROS RECURSOS<\/strong><\/span><\/span><\/p>\n<p style=\"padding-left: 200px\"><strong><span style=\"font-size: 14pt;color: #0000ff\"><a style=\"color: #0000ff\" href=\"https:\/\/www.geogebra.org\/m\/aPxu95CQ\" target=\"_blank\" rel=\"noopener noreferrer\">Pr\u00e1ctica inicial con intervalos (geogebra)<\/a><\/span><\/strong><\/p>\n<p id=\"nodeTitle\" style=\"padding-left: 200px\"><strong><span style=\"font-size: 14pt;color: #0000ff\"><a style=\"color: #0000ff\" href=\"https:\/\/www.geogebra.org\/m\/bw85KpRz\" target=\"_blank\" rel=\"noopener noreferrer\">Representaci\u00f3n de intervalos en la recta real (geogebra)<\/a><\/span><\/strong><\/p>\n<p style=\"padding-left: 200px\"><strong><span style=\"font-size: 14pt;color: #0000ff\"><a style=\"color: #0000ff\" href=\"https:\/\/www.geogebra.org\/m\/xtpJ2Hbk\" target=\"_blank\" rel=\"noopener noreferrer\">Uni\u00f3n e intersecci\u00f3n de intervalos (geogebra)<\/a><\/span><\/strong><\/p>\n<p style=\"padding-left: 200px\"><strong><span style=\"font-size: 14pt;color: #0000ff\"><a style=\"color: #0000ff\" href=\"https:\/\/www.geogebra.org\/m\/ngVQE4fm\" target=\"_blank\" rel=\"noopener noreferrer\">Entornos (geogebra)<\/a><\/span><\/strong><\/p>\n<\/td>\n<\/tr>\n<\/tbody>\n<\/table>\n<p>&nbsp;<\/p>\n","protected":false},"excerpt":{"rendered":"<p>Teor\u00eda y actividades resueltas VIDEOS Intervalos y semirrectas (Jos\u00e9 Luis Usero V\u00edlchez) Intervalos y semirrectas-1 (matematicasyeso) Intervalos y semirrectas-2 (matematicasyeso) Intervalos y semirrectas (Ejercicios de Matem\u00e1ticas) Intervalos y semirrectas (math2me) Intervalos y semirrectas (Marcel Ruiz) Intervalos del tipo |x| &lt; a (Matem\u00e1ticas profe Alex) Uni\u00f3n de intervalos (Matem\u00e1ticas profe Alex) Uni\u00f3n de intervalos (Ejercicios de &hellip; <\/p>\n<p><a class=\"more-link btn\" href=\"https:\/\/blogsaverroes.juntadeandalucia.es\/rafaelnunezmat\/intervalos\">Seguir leyendo<\/a><\/p>\n","protected":false},"author":10669,"featured_media":0,"parent":0,"menu_order":0,"comment_status":"closed","ping_status":"closed","template":"","meta":{"ngg_post_thumbnail":0,"footnotes":""},"aioseo_notices":[],"_links":{"self":[{"href":"https:\/\/blogsaverroes.juntadeandalucia.es\/rafaelnunezmat\/wp-json\/wp\/v2\/pages\/96"}],"collection":[{"href":"https:\/\/blogsaverroes.juntadeandalucia.es\/rafaelnunezmat\/wp-json\/wp\/v2\/pages"}],"about":[{"href":"https:\/\/blogsaverroes.juntadeandalucia.es\/rafaelnunezmat\/wp-json\/wp\/v2\/types\/page"}],"author":[{"embeddable":true,"href":"https:\/\/blogsaverroes.juntadeandalucia.es\/rafaelnunezmat\/wp-json\/wp\/v2\/users\/10669"}],"replies":[{"embeddable":true,"href":"https:\/\/blogsaverroes.juntadeandalucia.es\/rafaelnunezmat\/wp-json\/wp\/v2\/comments?post=96"}],"version-history":[{"count":17,"href":"https:\/\/blogsaverroes.juntadeandalucia.es\/rafaelnunezmat\/wp-json\/wp\/v2\/pages\/96\/revisions"}],"predecessor-version":[{"id":4960,"href":"https:\/\/blogsaverroes.juntadeandalucia.es\/rafaelnunezmat\/wp-json\/wp\/v2\/pages\/96\/revisions\/4960"}],"wp:attachment":[{"href":"https:\/\/blogsaverroes.juntadeandalucia.es\/rafaelnunezmat\/wp-json\/wp\/v2\/media?parent=96"}],"curies":[{"name":"wp","href":"https:\/\/api.w.org\/{rel}","templated":true}]}}