{"id":1306,"date":"2020-09-12T13:23:05","date_gmt":"2020-09-12T13:23:05","guid":{"rendered":"https:\/\/blogsaverroes.juntadeandalucia.es\/rafasclassroom\/?page_id=1306"},"modified":"2025-04-27T18:48:57","modified_gmt":"2025-04-27T18:48:57","slug":"matematicas-2-o","status":"publish","type":"page","link":"https:\/\/blogsaverroes.juntadeandalucia.es\/rafasclassroom\/matematicas\/matematicas-2-o\/","title":{"rendered":"MATEM\u00c1TICAS &#8211; 2.\u00ba"},"content":{"rendered":"<p><a href=\"https:\/\/blogsaverroes.juntadeandalucia.es\/rafasclassroom\/files\/2020\/09\/MATEM\u00c1TICAS-2\u00ba.png\"><img loading=\"lazy\" decoding=\"async\" class=\"alignnone wp-image-1288\" src=\"https:\/\/blogsaverroes.juntadeandalucia.es\/rafasclassroom\/files\/2020\/09\/MATEM\u00c1TICAS-2\u00ba.png\" alt=\"\" width=\"125\" height=\"111\" srcset=\"https:\/\/blogsaverroes.juntadeandalucia.es\/rafasclassroom\/files\/2020\/09\/MATEM\u00c1TICAS-2\u00ba.png 1025w, https:\/\/blogsaverroes.juntadeandalucia.es\/rafasclassroom\/files\/2020\/09\/MATEM\u00c1TICAS-2\u00ba-300x266.png 300w, https:\/\/blogsaverroes.juntadeandalucia.es\/rafasclassroom\/files\/2020\/09\/MATEM\u00c1TICAS-2\u00ba-768x682.png 768w, https:\/\/blogsaverroes.juntadeandalucia.es\/rafasclassroom\/files\/2020\/09\/MATEM\u00c1TICAS-2\u00ba-24x21.png 24w, https:\/\/blogsaverroes.juntadeandalucia.es\/rafasclassroom\/files\/2020\/09\/MATEM\u00c1TICAS-2\u00ba-36x32.png 36w, https:\/\/blogsaverroes.juntadeandalucia.es\/rafasclassroom\/files\/2020\/09\/MATEM\u00c1TICAS-2\u00ba-48x43.png 48w\" sizes=\"(max-width: 125px) 100vw, 125px\" \/><\/a><a href=\"https:\/\/blogsaverroes.juntadeandalucia.es\/rafasclassroom\/files\/2018\/09\/MATEM\u00c1TICAS.png\"><img loading=\"lazy\" decoding=\"async\" class=\"wp-image-558 alignleft\" src=\"https:\/\/blogsaverroes.juntadeandalucia.es\/rafasclassroom\/files\/2018\/09\/MATEM\u00c1TICAS.png\" alt=\"\" width=\"355\" height=\"122\" srcset=\"https:\/\/blogsaverroes.juntadeandalucia.es\/rafasclassroom\/files\/2018\/09\/MATEM\u00c1TICAS.png 1600w, https:\/\/blogsaverroes.juntadeandalucia.es\/rafasclassroom\/files\/2018\/09\/MATEM\u00c1TICAS-300x103.png 300w, https:\/\/blogsaverroes.juntadeandalucia.es\/rafasclassroom\/files\/2018\/09\/MATEM\u00c1TICAS-768x264.png 768w, https:\/\/blogsaverroes.juntadeandalucia.es\/rafasclassroom\/files\/2018\/09\/MATEM\u00c1TICAS-1024x352.png 1024w, https:\/\/blogsaverroes.juntadeandalucia.es\/rafasclassroom\/files\/2018\/09\/MATEM\u00c1TICAS-24x8.png 24w, https:\/\/blogsaverroes.juntadeandalucia.es\/rafasclassroom\/files\/2018\/09\/MATEM\u00c1TICAS-36x12.png 36w, https:\/\/blogsaverroes.juntadeandalucia.es\/rafasclassroom\/files\/2018\/09\/MATEM\u00c1TICAS-48x17.png 48w\" sizes=\"(max-width: 355px) 100vw, 355px\" \/><\/a><\/p>\n<table style=\"width: 97.4062%;height: 376px\">\n<tbody>\n<tr>\n<td style=\"text-align: center;width: 45.1756%\">\n<h1><a href=\"https:\/\/blogsaverroes.juntadeandalucia.es\/rafasclassroom\/matematicas\/matematicas-2-o\/sumas-con-rejilla\/\">SUMAS CON REJILLA<\/a><\/h1>\n<\/td>\n<td style=\"text-align: center;width: 88.4968%\">\n<h1><a href=\"https:\/\/blogsaverroes.juntadeandalucia.es\/rafasclassroom\/matematicas\/matematicas-2-o\/multiplicacion\/\">MULTIPLICACI\u00d3N<\/a><\/h1>\n<\/td>\n<\/tr>\n<tr>\n<td style=\"text-align: center;width: 45.1756%\">\n<h1><a href=\"https:\/\/blogsaverroes.juntadeandalucia.es\/rafasclassroom\/matematicas\/matematicas-2-o\/restas-con-rejilla\/\">RESTAS CON REJILLA<\/a><\/h1>\n<\/td>\n<td style=\"text-align: center;width: 88.4968%\">\n<h1><a href=\"https:\/\/blogsaverroes.juntadeandalucia.es\/rafasclassroom\/matematicas\/matematicas-2-o\/resta-con-escalera-ascendente\/\">RESTA CON ESCALERA ASCENDENTE<\/a><\/h1>\n<\/td>\n<\/tr>\n<tr>\n<td style=\"text-align: center;width: 45.1756%\">\n<h1><a href=\"https:\/\/blogsaverroes.juntadeandalucia.es\/rafasclassroom\/matematicas\/matematicas-2-o\/tratamiento-de-la-informacion\/\">TRATAMIENTO DE LA INFORMACI\u00d3N<\/a><\/h1>\n<\/td>\n<td style=\"text-align: center;width: 88.4968%\">\n<h1><a href=\"https:\/\/blogsaverroes.juntadeandalucia.es\/rafasclassroom\/?page_id=1494&amp;preview=true\">RESTA CON ESCALEREA DESCENDENTE<\/a><\/h1>\n<\/td>\n<\/tr>\n<tr>\n<td style=\"text-align: center;width: 45.1756%\">\n<h1><a href=\"https:\/\/blogsaverroes.juntadeandalucia.es\/rafasclassroom\/matematicas\/matematicas-2-o\/geometria-y-medida\/\">GEOMETR\u00cdA&nbsp; Y MEDIDA<\/a><\/h1>\n<\/td>\n<td style=\"text-align: center;width: 88.4968%\">\n<h1><a href=\"https:\/\/blogsaverroes.juntadeandalucia.es\/rafasclassroom\/matematicas\/matematicas-2-o\/igualacion\/\">IGUALACI\u00d3N<\/a><\/h1>\n<\/td>\n<\/tr>\n<tr>\n<td style=\"text-align: center;width: 45.1756%\">\n<h1><a href=\"https:\/\/blogsaverroes.juntadeandalucia.es\/rafasclassroom\/matematicas\/matematicas-2-o\/2126-2\/\">NUMERACI\u00d3N<\/a><\/h1>\n<\/td>\n<td style=\"text-align: center;width: 88.4968%\">\n<h1><a href=\"https:\/\/blogsaverroes.juntadeandalucia.es\/rafasclassroom\/matematicas\/matematicas-2-o\/problemas\/\">PROBLEMAS<\/a><\/h1>\n<\/td>\n<\/tr>\n<tr>\n<td style=\"text-align: center;width: 45.1756%\">\n<h1><a href=\"https:\/\/blogsaverroes.juntadeandalucia.es\/rafasclassroom\/matematicas\/matematicas-2-o\/multiplicacion-extendida\/\">MULTIPLICACI\u00d3N EXTENDIDA<\/a><\/h1>\n<\/td>\n<td style=\"text-align: center;width: 88.4968%\">\n<h1><a href=\"https:\/\/blogsaverroes.juntadeandalucia.es\/rafasclassroom\/matematicas\/matematicas-2-o\/piramides-abn\/\">PIR\u00c1MIDES A.B.N.<\/a><\/h1>\n<\/td>\n<\/tr>\n<tr>\n<td style=\"text-align: center;width: 45.1756%\">\n<h1><a href=\"https:\/\/blogsaverroes.juntadeandalucia.es\/rafasclassroom\/matematicas\/matematicas-2-o\/aproximacion\/\">APROXIMACI\u00d3N<\/a><\/h1>\n<\/td>\n<td style=\"text-align: center;width: 88.4968%\">\n<h1><a href=\"https:\/\/blogsaverroes.juntadeandalucia.es\/rafasclassroom\/matematicas\/matematicas-2-o\/reloj\/\">RELOJ<\/a><\/h1>\n<\/td>\n<\/tr>\n<tr>\n<td style=\"text-align: center;width: 45.1756%\">\n<h1><a href=\"https:\/\/blogsaverroes.juntadeandalucia.es\/rafasclassroom\/matematicas\/matematicas-2-o\/calculo-mental\/\">C\u00c1LCULO MENTAL<\/a><\/h1>\n<\/td>\n<td style=\"text-align: center;width: 88.4968%\">\n<h1><a href=\"https:\/\/blogsaverroes.juntadeandalucia.es\/rafasclassroom\/matematicas\/matematicas-2-o\/algoritmo-tradicional\/\">ALGORITMO TRADICIONAL<\/a><\/h1>\n<\/td>\n<\/tr>\n<tr>\n<td style=\"text-align: center;width: 45.1756%\">\n<h3><a href=\"https:\/\/blogsaverroes.juntadeandalucia.es\/rafasclassroom\/matematicas\/matematicas-2-o\/propiedades-de-la-suma-conmutativa-y-asociativa\/\">PROPIEDADES SUMA (CONMUTATIVA Y ASOCIATIVA)<\/a><\/h3>\n<\/td>\n<td style=\"text-align: center;width: 88.4968%\">\n<h1>&nbsp;<\/h1>\n<\/td>\n<\/tr>\n<\/tbody>\n<\/table>\n","protected":false},"excerpt":{"rendered":"<p>SUMAS CON REJILLA MULTIPLICACI\u00d3N RESTAS CON REJILLA RESTA CON ESCALERA ASCENDENTE TRATAMIENTO DE LA INFORMACI\u00d3N RESTA CON ESCALEREA DESCENDENTE GEOMETR\u00cdA&nbsp; Y MEDIDA IGUALACI\u00d3N NUMERACI\u00d3N PROBLEMAS&hellip;<\/p>\n","protected":false},"author":3736,"featured_media":0,"parent":567,"menu_order":2,"comment_status":"closed","ping_status":"closed","template":"","meta":{"ngg_post_thumbnail":0,"footnotes":""},"aioseo_notices":[],"_links":{"self":[{"href":"https:\/\/blogsaverroes.juntadeandalucia.es\/rafasclassroom\/wp-json\/wp\/v2\/pages\/1306"}],"collection":[{"href":"https:\/\/blogsaverroes.juntadeandalucia.es\/rafasclassroom\/wp-json\/wp\/v2\/pages"}],"about":[{"href":"https:\/\/blogsaverroes.juntadeandalucia.es\/rafasclassroom\/wp-json\/wp\/v2\/types\/page"}],"author":[{"embeddable":true,"href":"https:\/\/blogsaverroes.juntadeandalucia.es\/rafasclassroom\/wp-json\/wp\/v2\/users\/3736"}],"replies":[{"embeddable":true,"href":"https:\/\/blogsaverroes.juntadeandalucia.es\/rafasclassroom\/wp-json\/wp\/v2\/comments?post=1306"}],"version-history":[{"count":27,"href":"https:\/\/blogsaverroes.juntadeandalucia.es\/rafasclassroom\/wp-json\/wp\/v2\/pages\/1306\/revisions"}],"predecessor-version":[{"id":3351,"href":"https:\/\/blogsaverroes.juntadeandalucia.es\/rafasclassroom\/wp-json\/wp\/v2\/pages\/1306\/revisions\/3351"}],"up":[{"embeddable":true,"href":"https:\/\/blogsaverroes.juntadeandalucia.es\/rafasclassroom\/wp-json\/wp\/v2\/pages\/567"}],"wp:attachment":[{"href":"https:\/\/blogsaverroes.juntadeandalucia.es\/rafasclassroom\/wp-json\/wp\/v2\/media?parent=1306"}],"curies":[{"name":"wp","href":"https:\/\/api.w.org\/{rel}","templated":true}]}}