{"id":10,"date":"2015-11-16T07:41:59","date_gmt":"2015-11-16T07:41:59","guid":{"rendered":""},"modified":"2015-12-02T09:35:01","modified_gmt":"2015-12-02T09:35:01","slug":"historia","status":"publish","type":"page","link":"https:\/\/blogsaverroes.juntadeandalucia.es\/ramonsimonet\/el-colegio\/historia\/","title":{"rendered":"Nuestra historia"},"content":{"rendered":"<p><\/p>\n<h2 align=\"center\"><font face=\"arial black\" color=\"#228B22\">HISTORIA DEL RAM\u00d3N SIMONET<\/font><\/h2>\n<p><\/p>\n<p style=\"text-align: justify\"><font face=\"Comic Sans ms\" color=\"black\">\u00a0 \u00a0 \u00a0A petici\u00f3n del centro escolar y con motivo de la creaci\u00f3n de su p\u00e1gina web, escribo sobre la historia de nuestro Colegio acogi\u00e9ndome a mi hemeroteca memor\u00edstica y a los recuerdos de 28 a\u00f1os ejerciendo como Maestro del mismo simultaneados con 21 de Secretario.<\/font><\/p>\n<p style=\"text-align: justify\"><font face=\"Comic Sans ms\" color=\"black\">\u00a0\u00a0\u00a0\u00a0 En la d\u00e9cada de los sesenta se produjo en Espa\u00f1a la quiebra de la constructora Nueva Esperanza; los afectados en M\u00e1laga se organizaron como Cooperativa de Viviendas y lograron construir una nueva barriada con el nombre de Nueva M\u00e1laga.<\/font><\/p>\n<p style=\"text-align: justify\"><font face=\"Comic Sans ms\" color=\"black\">\u00a0\u00a0\u00a0\u00a0 En 1971 se cre\u00f3 una Escuela Graduada de 4 unidades. Los maestros que estrenaron esta Escuela eran dos matrimonios que llegaron desde Melilla tras un concurso de traslados, uno de ellos fue Ram\u00f3n Simonet Campos.<\/font><\/p>\n<p style=\"text-align: justify\"><font face=\"Comic Sans ms\" color=\"black\">\u00a0\u00a0\u00a0\u00a0 Ante la falta de plazas para la nueva barriada se inaugur\u00f3 en 1975 el Colegio Nacional Mixto Mar\u00eda Rosa, constituido por varias aulas prefabricadas en el actual recinto, primera etapa, y en varios locales dispuestos en los bajos comerciales de algunos bloques de viviendas, segunda etapa.<\/font><\/p>\n<p style=\"text-align: justify\"><font face=\"Comic Sans ms\" color=\"black\">\u00a0\u00a0\u00a0\u00a0 Cuando llegu\u00e9 al colegio en 1978 me preguntaba por qu\u00e9 el nombre de Mar\u00eda Rosa. El Centro se encontraba en un conjunto de bloques cuyas calles ten\u00edan y tienen nombre derivado de rosa: Rosa mar, Rosa Mar\u00eda, Rosa monte, Rosa r\u00edo&#8230; y averig\u00fc\u00e9 que el constructor pidi\u00f3 el nombre del Colegio en recuerdo a un familiar.<\/font><\/p>\n<p style=\"text-align: justify\"><font face=\"Comic Sans ms\" color=\"black\">\u00a0\u00a0\u00a0\u00a0 En aquella \u00e9poca s\u00f3lo hab\u00eda en M\u00e1laga dos Colegios con nombre de Maestros: Diego V\u00e1zquez Otero en el Palo y Manuel Fern\u00e1ndez en Churriana, ambos hab\u00edan sido concejales del Ayuntamiento de la ciudad.<\/font><\/p>\n<p style=\"text-align: justify\"><font face=\"Comic Sans ms\" color=\"black\">\u00a0\u00a0\u00a0\u00a0 Desde a\u00f1os anteriores la Asociaci\u00f3n de Vecinos del barrio, cuyo Presidente D. Jos\u00e9 Mart\u00edn Segovia, que fue el primer Director del actual Colegio ven\u00edan pidiendo con insistencia la creaci\u00f3n de un nuevo Centro que sustituyera el vetusto conglomerado de aulas prefabricadas y al fin, en Septiembre de 1981, se pone en funcionamiento el nuevo Colegio.<\/font><\/p>\n<p style=\"text-align: justify\"><font face=\"Comic Sans ms\" color=\"black\">\u00a0\u00a0\u00a0\u00a0 En el acto de inauguraci\u00f3n del mismo, hice un aparte con D. Pedro Aparicio, Alcalde de M\u00e1laga, y D. Diego Col, Delegado Provincial de Educaci\u00f3n, y les coment\u00e9 que estaba redactando un escrito solicitando el cambio de nombre de Mar\u00eda Rosa por el de Ram\u00f3n Simonet, Maestro del colegio desde 1971 y que falleci\u00f3 en 1980, un gran profesional y mejor persona que no lleg\u00f3 a ver con sus propios ojos el nuevo y magn\u00edfico edificio.<\/font><\/p>\n<p style=\"text-align: justify\"><font face=\"Comic Sans ms\" color=\"black\">\u00a0\u00a0\u00a0\u00a0 Consegu\u00ed reunir m\u00e1s de tres mil firmas de vecinos y de antiguos alumnos y se lo present\u00e9 a D. Pedro Aparicio en un acto con alumnos que se organiz\u00f3 en el Ayuntamiento en el programa \u00abConozcamos nuestra Ciudad\u00bb y posteriormente lo hice en la Delegaci\u00f3n Provincial de Educaci\u00f3n, todo bajo la supervisi\u00f3n del resto del Equipo Directivo del Colegio.<\/font><\/p>\n<p>\u00a0\u00a0\u00a0\u00a0 En 1983 el B.O.J.A public\u00f3 la nueva denominaci\u00f3n del Centro como Colegio P\u00fablico Ram\u00f3n Simonet.<\/p>\n<p style=\"text-align: justify\"><font face=\"Comic Sans ms\" color=\"black\">Actualmente el C.E.I.P. RAM\u00d3N SIMONET, con 42 a\u00f1os de historia, sigue brillando con luz propia y considerado como uno de los punteros de la Capital.<\/font><\/p>\n<p style=\"text-align: right\"><font face=\"Comic Sans ms\" color=\"black\">RAFAEL D\u00cdAZ MONTIEL<br \/>\nM\u00e1laga Diciembre 2013<\/font><\/p>\n<p>&nbsp;<\/p>\n<p style=\"text-align: center\"><a href=\"http:\/\/blogsaverroes.juntadeandalucia.es\/ramonsimonet\/files\/2015\/10\/1.jpg\"><img loading=\"lazy\" decoding=\"async\" class=\"alignnone size-medium wp-image-35\" src=\"http:\/\/blogsaverroes.juntadeandalucia.es\/ramonsimonet\/files\/2015\/10\/1-300x205.jpg\" alt=\"1\" width=\"300\" height=\"205\" srcset=\"https:\/\/blogsaverroes.juntadeandalucia.es\/ramonsimonet\/files\/2015\/10\/1-300x205.jpg 300w, https:\/\/blogsaverroes.juntadeandalucia.es\/ramonsimonet\/files\/2015\/10\/1-1024x701.jpg 1024w, https:\/\/blogsaverroes.juntadeandalucia.es\/ramonsimonet\/files\/2015\/10\/1-700x479.jpg 700w, https:\/\/blogsaverroes.juntadeandalucia.es\/ramonsimonet\/files\/2015\/10\/1-332x227.jpg 332w, https:\/\/blogsaverroes.juntadeandalucia.es\/ramonsimonet\/files\/2015\/10\/1.jpg 1384w\" sizes=\"(max-width: 300px) 100vw, 300px\" \/><\/a><\/p>\n<h3>Im\u00e1genes Relacionadas:<\/h3>","protected":false},"excerpt":{"rendered":"<p>HISTORIA DEL RAM\u00d3N SIMONET \u00a0 \u00a0 \u00a0A petici\u00f3n del centro escolar y con motivo de la creaci\u00f3n de su p\u00e1gina web, escribo sobre la historia de nuestro Colegio acogi\u00e9ndome a mi hemeroteca memor\u00edstica y&#46;&#46;&#46;<\/p>\n","protected":false},"author":2028,"featured_media":0,"parent":493,"menu_order":0,"comment_status":"closed","ping_status":"closed","template":"","meta":{"ngg_post_thumbnail":0,"footnotes":""},"aioseo_notices":[],"_links":{"self":[{"href":"https:\/\/blogsaverroes.juntadeandalucia.es\/ramonsimonet\/wp-json\/wp\/v2\/pages\/10"}],"collection":[{"href":"https:\/\/blogsaverroes.juntadeandalucia.es\/ramonsimonet\/wp-json\/wp\/v2\/pages"}],"about":[{"href":"https:\/\/blogsaverroes.juntadeandalucia.es\/ramonsimonet\/wp-json\/wp\/v2\/types\/page"}],"author":[{"embeddable":true,"href":"https:\/\/blogsaverroes.juntadeandalucia.es\/ramonsimonet\/wp-json\/wp\/v2\/users\/2028"}],"replies":[{"embeddable":true,"href":"https:\/\/blogsaverroes.juntadeandalucia.es\/ramonsimonet\/wp-json\/wp\/v2\/comments?post=10"}],"version-history":[{"count":9,"href":"https:\/\/blogsaverroes.juntadeandalucia.es\/ramonsimonet\/wp-json\/wp\/v2\/pages\/10\/revisions"}],"predecessor-version":[{"id":582,"href":"https:\/\/blogsaverroes.juntadeandalucia.es\/ramonsimonet\/wp-json\/wp\/v2\/pages\/10\/revisions\/582"}],"up":[{"embeddable":true,"href":"https:\/\/blogsaverroes.juntadeandalucia.es\/ramonsimonet\/wp-json\/wp\/v2\/pages\/493"}],"wp:attachment":[{"href":"https:\/\/blogsaverroes.juntadeandalucia.es\/ramonsimonet\/wp-json\/wp\/v2\/media?parent=10"}],"curies":[{"name":"wp","href":"https:\/\/api.w.org\/{rel}","templated":true}]}}