{"id":493,"date":"2015-11-24T12:07:32","date_gmt":"2015-11-24T12:07:32","guid":{"rendered":"http:\/\/blogsaverroes.juntadeandalucia.es\/ramonsimonet\/?page_id=493"},"modified":"2018-05-29T14:24:27","modified_gmt":"2018-05-29T14:24:27","slug":"el-colegio","status":"publish","type":"page","link":"https:\/\/blogsaverroes.juntadeandalucia.es\/ramonsimonet\/el-colegio\/","title":{"rendered":"El colegio"},"content":{"rendered":"<div class=\"container\">\n<div class=\"jumbotron\">\n<h1 align=\"center\"><span style=\"color: #228b22;font-family: 'arial black'\">NUESTRO CENTRO<\/span><\/h1>\n<p style=\"text-align: center\"><span style=\"color: black;font-family: 'Comic Sans ms'\">Para conocer nuestro centro educativo hay varios aspectos a destacar:<\/span><\/p>\n<div class=\"btn-group-vertical\" align=\"center\"><a href=\"https:\/\/blogsaverroes.juntadeandalucia.es\/ramonsimonet\/el-colegio\/historia\/\"><button class=\"btn btn-primary\" style=\"background-color: pink\" type=\"button\">NUESTRA HISTORIA<\/button><\/a><\/div>\n<div class=\"btn-group-vertical\" align=\"center\"><a href=\"https:\/\/blogsaverroes.juntadeandalucia.es\/ramonsimonet\/el-colegio\/localizacion\/\"><button class=\"btn btn-primary\" style=\"background-color: pink\" type=\"button\">LOCALIZACI\u00d3N<\/button><\/a><\/div>\n<div class=\"btn-group-vertical\" align=\"center\"><a href=\"https:\/\/blogsaverroes.juntadeandalucia.es\/ramonsimonet\/el-colegio\/nuestras-instalaciones\/\"><button class=\"btn btn-primary\" style=\"background-color: pink\" type=\"button\">NUESTRAS INSTALACIONES<\/button><\/a><\/div>\n<div class=\"btn-group-vertical\" align=\"center\"><a href=\"https:\/\/blogsaverroes.juntadeandalucia.es\/ramonsimonet\/el-colegio\/horarios\/\"><button class=\"btn btn-primary\" style=\"background-color: pink\" type=\"button\">HORARIOS<\/button><\/a><\/div>\n<div class=\"btn-group-vertical\" align=\"center\"><a href=\"https:\/\/blogsaverroes.juntadeandalucia.es\/ramonsimonet\/el-colegio\/dia-de-andalucia-2016\/\"><button class=\"btn btn-primary\" style=\"background-color: pink\" type=\"button\">ANDALUC\u00cdA 2016<\/button><\/a><\/div>\n<p>&nbsp;<\/p>\n<\/div>\n<\/div>\n<h3>Im\u00e1genes Relacionadas:<\/h3>","protected":false},"excerpt":{"rendered":"<p>NUESTRO CENTRO Para conocer nuestro centro educativo hay varios aspectos a destacar: NUESTRA HISTORIA LOCALIZACI\u00d3N NUESTRAS INSTALACIONES HORARIOS ANDALUC\u00cdA 2016 &nbsp; Im\u00e1genes Relacionadas:<\/p>\n","protected":false},"author":2028,"featured_media":0,"parent":0,"menu_order":3,"comment_status":"closed","ping_status":"closed","template":"","meta":{"ngg_post_thumbnail":0,"footnotes":""},"aioseo_notices":[],"_links":{"self":[{"href":"https:\/\/blogsaverroes.juntadeandalucia.es\/ramonsimonet\/wp-json\/wp\/v2\/pages\/493"}],"collection":[{"href":"https:\/\/blogsaverroes.juntadeandalucia.es\/ramonsimonet\/wp-json\/wp\/v2\/pages"}],"about":[{"href":"https:\/\/blogsaverroes.juntadeandalucia.es\/ramonsimonet\/wp-json\/wp\/v2\/types\/page"}],"author":[{"embeddable":true,"href":"https:\/\/blogsaverroes.juntadeandalucia.es\/ramonsimonet\/wp-json\/wp\/v2\/users\/2028"}],"replies":[{"embeddable":true,"href":"https:\/\/blogsaverroes.juntadeandalucia.es\/ramonsimonet\/wp-json\/wp\/v2\/comments?post=493"}],"version-history":[{"count":23,"href":"https:\/\/blogsaverroes.juntadeandalucia.es\/ramonsimonet\/wp-json\/wp\/v2\/pages\/493\/revisions"}],"predecessor-version":[{"id":1168,"href":"https:\/\/blogsaverroes.juntadeandalucia.es\/ramonsimonet\/wp-json\/wp\/v2\/pages\/493\/revisions\/1168"}],"wp:attachment":[{"href":"https:\/\/blogsaverroes.juntadeandalucia.es\/ramonsimonet\/wp-json\/wp\/v2\/media?parent=493"}],"curies":[{"name":"wp","href":"https:\/\/api.w.org\/{rel}","templated":true}]}}