{"id":35,"date":"2020-07-05T11:34:52","date_gmt":"2020-07-05T09:34:52","guid":{"rendered":"https:\/\/blogsaverroes.juntadeandalucia.es\/registrodenovedades\/?page_id=35"},"modified":"2020-08-26T12:24:26","modified_gmt":"2020-08-26T10:24:26","slug":"supercuidadores","status":"publish","type":"page","link":"https:\/\/blogsaverroes.juntadeandalucia.es\/registrodenovedades\/supercuidadores\/","title":{"rendered":"SuperCuidadores"},"content":{"rendered":"<div class=\"mYVXT\">\n<div class=\"LS81yb VICjCf\">\n<div class=\"hJDwNd-AhqUyc-uQSCkd purZT-AhqUyc-II5mzb pSzOP-AhqUyc-qWD73c JNdkSc\">\n<div class=\"JNdkSc-SmKAyb\">\n<div class=\"\">\n<div class=\"oKdM2c Kzv0Me\">\n<div id=\"h.p_vvAz8gb2gqBI\" class=\"hJDwNd-AhqUyc-uQSCkd jXK9ad D2fZ2 OjCsFc wHaque GNzUNc\">\n<div class=\"jXK9ad-SmKAyb\">\n<div class=\"tyJCtd mGzaTb baZpAe\">\n<p><img loading=\"lazy\" decoding=\"async\" class=\"alignright wp-image-132 size-medium\" src=\"https:\/\/blogsaverroes.juntadeandalucia.es\/registrodenovedades\/files\/2020\/08\/SC-Escudo-super-cuidador-300x268.png\" alt=\"\" width=\"300\" height=\"268\" srcset=\"https:\/\/blogsaverroes.juntadeandalucia.es\/registrodenovedades\/files\/2020\/08\/SC-Escudo-super-cuidador-300x268.png 300w, https:\/\/blogsaverroes.juntadeandalucia.es\/registrodenovedades\/files\/2020\/08\/SC-Escudo-super-cuidador-24x21.png 24w, https:\/\/blogsaverroes.juntadeandalucia.es\/registrodenovedades\/files\/2020\/08\/SC-Escudo-super-cuidador-36x32.png 36w, https:\/\/blogsaverroes.juntadeandalucia.es\/registrodenovedades\/files\/2020\/08\/SC-Escudo-super-cuidador-48x43.png 48w, https:\/\/blogsaverroes.juntadeandalucia.es\/registrodenovedades\/files\/2020\/08\/SC-Escudo-super-cuidador.png 720w\" sizes=\"(max-width: 300px) 100vw, 300px\" \/><\/p>\n<p id=\"h.p_r8YAE1AtgqBX\" class=\"zfr3Q\"><span style=\"font-size: 18pt\"><strong>#SuperCuidadores<\/strong><\/span> es un proyecto de gamificaci\u00f3n para el alumnado del ciclo formativo de Grado Medio en Cuidados Auxiliares de Enfermer\u00eda en el IES Fuentepi\u00f1a de Huelva.<\/p>\n<p id=\"h.p_xwDjYXqvg5qz\" class=\"zfr3Q\">Durante 8 semanas, el alumnado pudo vivenciar una experiencia gamificada en la que el Gran SuperCuidador estaba en la b\u00fasqueda de futuros <strong>#SuperCuidadores<\/strong>.<\/p>\n<p id=\"h.p_ttfJ5QszhGgA\" class=\"zfr3Q\">Tras ir superando semana a semana retos individuales y colectivos, consiguieron llegar al final y conocer qui\u00e9n se escond\u00eda tras la figura del Gran SuperCuidador: @<a class=\"dhtgD aw5Odc\" href=\"https:\/\/www.google.com\/url?q=https%3A%2F%2Ftwitter.com%2FEnfrmraSaturada&amp;sa=D&amp;sntz=1&amp;usg=AFQjCNHINN46SZnDJucuppeDDplTVPMjaw\" target=\"_blank\" rel=\"noopener noreferrer\">EnfrmraSaturada<\/a>.<\/p>\n<\/div>\n<\/div>\n<p style=\"text-align: center\"><span style=\"font-size: 24pt\"><strong>\u00bfQuieres saber m\u00e1s? Pincha <a href=\"https:\/\/sites.google.com\/view\/supercuidadores\/p%C3%A1gina-principal\">aqu\u00ed<\/a>.<\/strong><\/span><\/p>\n<\/div>\n<\/div>\n<\/div>\n<\/div>\n<\/div>\n<\/div>\n<\/div>\n","protected":false},"excerpt":{"rendered":"<p>#SuperCuidadores es un proyecto de gamificaci\u00f3n para el alumnado del ciclo formativo de Grado Medio en Cuidados Auxiliares de Enfermer\u00eda en el IES Fuentepi\u00f1a de Huelva. Durante 8 semanas, el alumnado pudo vivenciar una&#46;&#46;&#46;<\/p>\n","protected":false},"author":10325,"featured_media":0,"parent":0,"menu_order":0,"comment_status":"closed","ping_status":"closed","template":"","meta":{"ngg_post_thumbnail":0,"footnotes":""},"aioseo_notices":[],"_links":{"self":[{"href":"https:\/\/blogsaverroes.juntadeandalucia.es\/registrodenovedades\/wp-json\/wp\/v2\/pages\/35"}],"collection":[{"href":"https:\/\/blogsaverroes.juntadeandalucia.es\/registrodenovedades\/wp-json\/wp\/v2\/pages"}],"about":[{"href":"https:\/\/blogsaverroes.juntadeandalucia.es\/registrodenovedades\/wp-json\/wp\/v2\/types\/page"}],"author":[{"embeddable":true,"href":"https:\/\/blogsaverroes.juntadeandalucia.es\/registrodenovedades\/wp-json\/wp\/v2\/users\/10325"}],"replies":[{"embeddable":true,"href":"https:\/\/blogsaverroes.juntadeandalucia.es\/registrodenovedades\/wp-json\/wp\/v2\/comments?post=35"}],"version-history":[{"count":4,"href":"https:\/\/blogsaverroes.juntadeandalucia.es\/registrodenovedades\/wp-json\/wp\/v2\/pages\/35\/revisions"}],"predecessor-version":[{"id":134,"href":"https:\/\/blogsaverroes.juntadeandalucia.es\/registrodenovedades\/wp-json\/wp\/v2\/pages\/35\/revisions\/134"}],"wp:attachment":[{"href":"https:\/\/blogsaverroes.juntadeandalucia.es\/registrodenovedades\/wp-json\/wp\/v2\/media?parent=35"}],"curies":[{"name":"wp","href":"https:\/\/api.w.org\/{rel}","templated":true}]}}