{"id":37,"date":"2020-07-05T11:35:00","date_gmt":"2020-07-05T09:35:00","guid":{"rendered":"https:\/\/blogsaverroes.juntadeandalucia.es\/registrodenovedades\/?page_id=37"},"modified":"2020-08-26T13:18:08","modified_gmt":"2020-08-26T11:18:08","slug":"masterdiet","status":"publish","type":"page","link":"https:\/\/blogsaverroes.juntadeandalucia.es\/registrodenovedades\/masterdiet\/","title":{"rendered":"MasterDiet"},"content":{"rendered":"<p id=\"h.p_LazDMe3X0ebF\" class=\"zfr3Q\"><strong>#MasterDiet<\/strong> comienza como un proyecto de gamificaci\u00f3n anual del m\u00f3dulo de Alimentaci\u00f3n Equilibrada dentro del primer curso del Ciclo Formativo de Grado Superior en Diet\u00e9tica en el IES Fuentepi\u00f1a de Huelva.<\/p>\n<p id=\"h.p_3DHHozWNWTLU\" class=\"zfr3Q\">Con una clara inspiraci\u00f3n en el famoso programa de televisi\u00f3n <em><strong>Masterchef<\/strong><\/em>, sigue la estructura del concurso con:<\/p>\n<ul>\n<li class=\"zfr3Q\"><a href=\"https:\/\/blogsaverroes.juntadeandalucia.es\/registrodenovedades\/?page_id=65&amp;preview=true\">Pruebas individuales<\/a>.<\/li>\n<li class=\"zfr3Q\"><a href=\"https:\/\/blogsaverroes.juntadeandalucia.es\/registrodenovedades\/pruebas-por-equipos\/\">Pruebas por equipos<\/a>.<\/li>\n<li class=\"zfr3Q\"><a href=\"https:\/\/blogsaverroes.juntadeandalucia.es\/registrodenovedades\/?page_id=135&amp;preview=true\">Pruebas de exteriores<\/a>.<\/li>\n<li class=\"zfr3Q\"><a href=\"https:\/\/blogsaverroes.juntadeandalucia.es\/registrodenovedades\/?page_id=136&amp;preview=true\">Prueba final<\/a>.<\/li>\n<\/ul>\n<p>Tras la prueba final qui\u00e9n se har\u00e1 con el preciado galard\u00f3n de \u201cMasterDiet Espa\u00f1a\u201d<\/p>\n<p id=\"h.p_1zvMEpxWWnMT\" class=\"zfr3Q\">Los <strong>ob<\/strong><strong>jetivos<\/strong> de este proyecto son:<\/p>\n<ul class=\"n8H08c UVNKR\">\n<li id=\"h.p_VXKal560W2gp\" class=\"TYR86d zfr3Q\">Fomentar la competencia digital de las y los aspirantes debido a su inminente futuro en la divulgaci\u00f3n nutricional y alimentaria, siendo la v\u00eda de las RRSS la que m\u00e1s en auge est\u00e1 para este tipo de tareas, destacando el buen uso y aprendizaje en el manejo de las mismas.<\/li>\n<li id=\"h.p_xpb4mlgaW29R\" class=\"TYR86d zfr3Q\">Desarrollar la competencia medi\u00e1tica, en la selecci\u00f3n de informaci\u00f3n veraz y contrastada con fundamentaci\u00f3n cient\u00edfica y que no est\u00e9 basada en la pseudociencia para la creaci\u00f3n de las entradas en sus diarios de aprendizaje.<\/li>\n<li id=\"h.p_rbzWSKrQXU9J\" class=\"TYR86d zfr3Q\">Usar el ApS, para evidenciar que lo que aprenden en el aula son capaces de trasmitirlo a la poblaci\u00f3n diana de su futura actuaci\u00f3n.<\/li>\n<\/ul>\n<p id=\"h.p_NRV30mLNXSiR\" class=\"zfr3Q\">Para su <strong>evaluaci\u00f3n<\/strong> se tendr\u00e1n en cuenta:<\/p>\n<ul class=\"n8H08c UVNKR\">\n<li id=\"h.p_8x0ASDfpYo4h\" class=\"TYR86d zfr3Q\">Perfiles de RRSS sociales profesionales (principalmente Instagram) creadas para tal fin.<\/li>\n<li id=\"h.p_-2BuWPwnYmwi\" class=\"TYR86d zfr3Q\">Diarios de aprendizaje.<\/li>\n<\/ul>\n","protected":false},"excerpt":{"rendered":"<p>#MasterDiet comienza como un proyecto de gamificaci\u00f3n anual del m\u00f3dulo de Alimentaci\u00f3n Equilibrada dentro del primer curso del Ciclo Formativo de Grado Superior en Diet\u00e9tica en el IES Fuentepi\u00f1a de Huelva. Con una clara&#46;&#46;&#46;<\/p>\n","protected":false},"author":10325,"featured_media":0,"parent":0,"menu_order":0,"comment_status":"closed","ping_status":"closed","template":"","meta":{"ngg_post_thumbnail":0,"footnotes":""},"aioseo_notices":[],"_links":{"self":[{"href":"https:\/\/blogsaverroes.juntadeandalucia.es\/registrodenovedades\/wp-json\/wp\/v2\/pages\/37"}],"collection":[{"href":"https:\/\/blogsaverroes.juntadeandalucia.es\/registrodenovedades\/wp-json\/wp\/v2\/pages"}],"about":[{"href":"https:\/\/blogsaverroes.juntadeandalucia.es\/registrodenovedades\/wp-json\/wp\/v2\/types\/page"}],"author":[{"embeddable":true,"href":"https:\/\/blogsaverroes.juntadeandalucia.es\/registrodenovedades\/wp-json\/wp\/v2\/users\/10325"}],"replies":[{"embeddable":true,"href":"https:\/\/blogsaverroes.juntadeandalucia.es\/registrodenovedades\/wp-json\/wp\/v2\/comments?post=37"}],"version-history":[{"count":7,"href":"https:\/\/blogsaverroes.juntadeandalucia.es\/registrodenovedades\/wp-json\/wp\/v2\/pages\/37\/revisions"}],"predecessor-version":[{"id":137,"href":"https:\/\/blogsaverroes.juntadeandalucia.es\/registrodenovedades\/wp-json\/wp\/v2\/pages\/37\/revisions\/137"}],"wp:attachment":[{"href":"https:\/\/blogsaverroes.juntadeandalucia.es\/registrodenovedades\/wp-json\/wp\/v2\/media?parent=37"}],"curies":[{"name":"wp","href":"https:\/\/api.w.org\/{rel}","templated":true}]}}

<p id="h.p_LazDMe3X0ebF" class="zfr3Q"><strong>#MasterDiet</strong> comienza como un proyecto de gamificación anual del módulo de Alimentación Equilibrada dentro del primer curso del Ciclo Formativo de Grado Superior en Dietética en el IES Fuentepiña de Huelva.</p>
<p id="h.p_3DHHozWNWTLU" class="zfr3Q">Con una clara inspiración en el famoso programa de televisión <em><strong>Masterchef</strong></em>, sigue la estructura del concurso con:</p>
<ul>
<li class="zfr3Q"><a href="https://blogsaverroes.juntadeandalucia.es/registrodenovedades/?page_id=65&amp;preview=true">Pruebas individuales</a>.</li>
<li class="zfr3Q"><a href="https://blogsaverroes.juntadeandalucia.es/registrodenovedades/pruebas-por-equipos/">Pruebas por equipos</a>.</li>
<li class="zfr3Q"><a href="https://blogsaverroes.juntadeandalucia.es/registrodenovedades/?page_id=135&amp;preview=true">Pruebas de exteriores</a>.</li>
<li class="zfr3Q"><a href="https://blogsaverroes.juntadeandalucia.es/registrodenovedades/?page_id=136&amp;preview=true">Prueba final</a>.</li>
</ul>
<p>Tras la prueba final quién se hará con el preciado galardón de “MasterDiet España”</p>
<p id="h.p_1zvMEpxWWnMT" class="zfr3Q">Los <strong>ob</strong><strong>jetivos</strong> de este proyecto son:</p>
<ul class="n8H08c UVNKR">
<li id="h.p_VXKal560W2gp" class="TYR86d zfr3Q">Fomentar la competencia digital de las y los aspirantes debido a su inminente futuro en la divulgación nutricional y alimentaria, siendo la vía de las RRSS la que más en auge está para este tipo de tareas, destacando el buen uso y aprendizaje en el manejo de las mismas.</li>
<li id="h.p_xpb4mlgaW29R" class="TYR86d zfr3Q">Desarrollar la competencia mediática, en la selección de información veraz y contrastada con fundamentación científica y que no esté basada en la pseudociencia para la creación de las entradas en sus diarios de aprendizaje.</li>
<li id="h.p_rbzWSKrQXU9J" class="TYR86d zfr3Q">Usar el ApS, para evidenciar que lo que aprenden en el aula son capaces de trasmitirlo a la población diana de su futura actuación.</li>
</ul>
<p id="h.p_NRV30mLNXSiR" class="zfr3Q">Para su <strong>evaluación</strong> se tendrán en cuenta:</p>
<ul class="n8H08c UVNKR">
<li id="h.p_8x0ASDfpYo4h" class="TYR86d zfr3Q">Perfiles de RRSS sociales profesionales (principalmente Instagram) creadas para tal fin.</li>
<li id="h.p_-2BuWPwnYmwi" class="TYR86d zfr3Q">Diarios de aprendizaje.</li>
</ul>

<p>#MasterDiet comienza como un proyecto de gamificación anual del módulo de Alimentación Equilibrada dentro del primer curso del Ciclo Formativo de Grado Superior en Dietética en el IES Fuentepiña de Huelva. Con una clara&#46;&#46;&#46;</p>
