{"id":1077,"date":"2025-01-24T13:45:23","date_gmt":"2025-01-24T12:45:23","guid":{"rendered":"https:\/\/blogsaverroes.juntadeandalucia.es\/residenciaescolarfelipesolis\/?page_id=1077"},"modified":"2025-02-21T13:25:21","modified_gmt":"2025-02-21T12:25:21","slug":"contacto","status":"publish","type":"page","link":"https:\/\/blogsaverroes.juntadeandalucia.es\/residenciaescolarfelipesolis\/contacto\/","title":{"rendered":"Contacto"},"content":{"rendered":"<p><img loading=\"lazy\" decoding=\"async\" class=\" wp-image-1065 alignleft\" src=\"https:\/\/blogsaverroes.juntadeandalucia.es\/residenciaescolarfelipesolis\/files\/2025\/01\/Logo-reducido-con-fondo-blanco.jpg\" alt=\"\" width=\"260\" height=\"252\"><\/p>\n<p>&nbsp;<\/p>\n<p style=\"text-align: center\"><span style=\"font-size: 36pt\"><strong>RESIDENCIA ESCOLAR <\/strong><\/span><\/p>\n<p style=\"text-align: center\"><span style=\"font-size: 36pt\"><strong>&#8220;FELIPE SOLIS&#8221;<\/strong><\/span><\/p>\n<p>&nbsp;<\/p>\n<p style=\"text-align: center\"><span style=\"font-size: 18pt\"><strong><span class=\"jgG6ef C9DxTc \">\u201cVIVE Y ESTUDIA COMO EN CASA\u201d<\/span><\/strong><\/span><\/p>\n<p class=\"zfr3Q CDt4Ke \" dir=\"ltr\">&nbsp;<\/p>\n<p>&nbsp;<\/p>\n<p class=\"zfr3Q CDt4Ke \" dir=\"ltr\"><span class=\"jgG6ef C9DxTc \">La&nbsp;<\/span><span class=\"jgG6ef C9DxTc \">Residencia Escolar \u201cFelipe Sol\u00eds\u201d&nbsp;<\/span><span class=\"jgG6ef C9DxTc \">se encuentra enclavada en pleno Parque Natural de la Sierras Subb\u00e9ticas en la localidad de Cabra (C\u00f3rdoba). Comparte instalaciones con el IES del mismo nombre.. Contamos con aproximadamente 150 plazas y servicios de comedor de gesti\u00f3n directa, biblioteca, aulas de inform\u00e1tica con conexi\u00f3n de fibra \u00f3ptica, pistas polideportivas, gimnasio con m\u00e1quinas de musculaci\u00f3n, huerto escolar, salas de estudio atendidas y tutorizadas por personal docente, habitaciones de tres y cuatro plazas con aseo, WC y duchas dentro de la propia habitaci\u00f3n y \u00faltimamente contamos con un observatorio fotogr\u00e1fico de aves ubicado en las instalaciones del centro educativo.&nbsp;<\/span><\/p>\n<p>&nbsp;<\/p>\n<p class=\"zfr3Q CDt4Ke \" dir=\"ltr\"><span class=\"jgG6ef C9DxTc \">La oferta educativa es amplia y variada. Los IES est\u00e1n todos cercanos a la Residencia. En el IES \u201cAguilar y Eslava\u201d est\u00e1n los bachilleratos de Humanidades y Ciencias Sociales, de Artes y el Cient\u00edfico Tecnol\u00f3gico, adem\u00e1s del C.G.M. de atenci\u00f3n a personas socio dependientes y el C.G.S. de Integraci\u00f3n Social.<\/span><\/p>\n<p class=\"zfr3Q CDt4Ke \" dir=\"ltr\"><span class=\"jgG6ef C9DxTc \">En el IES \u201cDionisio Alcal\u00e1 Galiano\u201d, aparte de la ESO, est\u00e1 la F.P.B. de Servicios Administrativos.<\/span><\/p>\n<p class=\"zfr3Q CDt4Ke \" dir=\"ltr\"><span class=\"jgG6ef C9DxTc \">Y en el IES \u201cFelipe Sol\u00eds\u201d , nuestro centro m\u00e1s referencial, Bachillerato, F.P.B. de electricidad y electr\u00f3nica, C.G.M. de Soldadura, Instalaciones el\u00e9ctricas y autom\u00e1ticas, Telecomunicaciones, Gesti\u00f3n Administrativa y Producci\u00f3n Agroecol\u00f3gica.<\/span><\/p>\n<p class=\"zfr3Q CDt4Ke \" dir=\"ltr\"><span class=\"jgG6ef C9DxTc \">Dentro de los C.G.S., estar\u00edan los de Administraci\u00f3n y Finanzas, Prevenci\u00f3n de Riesgos Laborales, Sistemas de Telecomunicaci\u00f3n e Inform\u00e1ticos, T\u00e9cnico Superior de Educ. Infantil, Paisajismo y Medio Rural (dual) y Mecatr\u00f3nica Industrial (dual).<\/span><\/p>\n<p>&nbsp;<\/p>\n<p class=\"zfr3Q CDt4Ke \" dir=\"ltr\"><strong><span class=\"jgG6ef C9DxTc \">Equipo Directivo<\/span><\/strong><\/p>\n<p class=\"zfr3Q CDt4Ke \" dir=\"ltr\"><span class=\"jgG6ef C9DxTc \">Gema Santisteban Gonz\u00e1lez (Directora) <\/span><\/p>\n<p class=\"zfr3Q CDt4Ke \" dir=\"ltr\"><span class=\"jgG6ef C9DxTc \">Teresa Prieto L\u00f3pez (Jefa de Actividades)&nbsp; <\/span><\/p>\n<p class=\"zfr3Q CDt4Ke \" dir=\"ltr\"><span class=\"jgG6ef C9DxTc \">Carmen Mart\u00ednez Berral (Secretaria)<\/span><\/p>\n<p dir=\"ltr\">&nbsp;<\/p>\n<p dir=\"ltr\"><strong>Contacto<\/strong><\/p>\n<p class=\"zfr3Q CDt4Ke \" dir=\"ltr\"><span class=\"jgG6ef C9DxTc \">Av. Fte. del R\u00edo n\u00ba 13-15 14940 Cabra (C\u00f3rdoba).<\/span><\/p>\n<p class=\"zfr3Q CDt4Ke \" dir=\"ltr\"><span class=\"jgG6ef C9DxTc \">Tlf: 957596519 M\u00f3vil: 677904456<\/span><\/p>\n<p class=\"zfr3Q CDt4Ke \" dir=\"ltr\"><span class=\"jgG6ef C9DxTc \">Email:&nbsp;<\/span><span class=\"jgG6ef C9DxTc \">14700171.edu@juntadeandalucia.es<\/span><\/p>\n<p>&nbsp;<\/p>\n<p><a href=\"https:\/\/www.google.es\/maps\/place\/Residencia+EE+MM+Felipe+Sol%C3%ADs\/@37.4703207,-4.4324513,17z\/data=!4m6!3m5!1s0xd6d772aa84bbc47:0x655dcb3aabef542a!8m2!3d37.4703505!4d-4.4343396!16s%2Fg%2F1z44cfdfs?hl=es&amp;entry=ttu&amp;g_ep=EgoyMDI1MDIxMi4wIKXMDSoASAFQAw%3D%3D\">Ubicaci\u00f3n<\/a><\/p>\n<p><a href=\"https:\/\/www.google.es\/maps\/place\/Residencia+EE+MM+Felipe+Sol%C3%ADs\/@37.4703207,-4.4324513,17z\/data=!4m6!3m5!1s0xd6d772aa84bbc47:0x655dcb3aabef542a!8m2!3d37.4703505!4d-4.4343396!16s%2Fg%2F1z44cfdfs?hl=es&amp;entry=ttu&amp;g_ep=EgoyMDI1MDIxMi4wIKXMDSoASAFQAw%3D%3D\"><img loading=\"lazy\" decoding=\"async\" class=\"alignnone size-medium wp-image-1244\" src=\"https:\/\/blogsaverroes.juntadeandalucia.es\/residenciaescolarfelipesolis\/files\/2025\/02\/Foto-mapa-300x127.jpg\" alt=\"\" width=\"300\" height=\"127\" srcset=\"https:\/\/blogsaverroes.juntadeandalucia.es\/residenciaescolarfelipesolis\/files\/2025\/02\/Foto-mapa-300x127.jpg 300w, https:\/\/blogsaverroes.juntadeandalucia.es\/residenciaescolarfelipesolis\/files\/2025\/02\/Foto-mapa.jpg 685w\" sizes=\"(max-width: 300px) 100vw, 300px\" \/><\/a><\/p>\n","protected":false},"excerpt":{"rendered":"<p>&nbsp; RESIDENCIA ESCOLAR &#8220;FELIPE SOLIS&#8221; &nbsp; \u201cVIVE Y ESTUDIA COMO EN CASA\u201d &nbsp; &nbsp; La&nbsp;Residencia Escolar \u201cFelipe Sol\u00eds\u201d&nbsp;se encuentra enclavada en pleno Parque Natural de la Sierras Subb\u00e9ticas en la localidad de Cabra (C\u00f3rdoba).&#46;&#46;&#46;<\/p>\n","protected":false},"author":7537,"featured_media":0,"parent":0,"menu_order":0,"comment_status":"closed","ping_status":"closed","template":"","meta":{"ngg_post_thumbnail":0,"footnotes":""},"aioseo_notices":[],"_links":{"self":[{"href":"https:\/\/blogsaverroes.juntadeandalucia.es\/residenciaescolarfelipesolis\/wp-json\/wp\/v2\/pages\/1077"}],"collection":[{"href":"https:\/\/blogsaverroes.juntadeandalucia.es\/residenciaescolarfelipesolis\/wp-json\/wp\/v2\/pages"}],"about":[{"href":"https:\/\/blogsaverroes.juntadeandalucia.es\/residenciaescolarfelipesolis\/wp-json\/wp\/v2\/types\/page"}],"author":[{"embeddable":true,"href":"https:\/\/blogsaverroes.juntadeandalucia.es\/residenciaescolarfelipesolis\/wp-json\/wp\/v2\/users\/7537"}],"replies":[{"embeddable":true,"href":"https:\/\/blogsaverroes.juntadeandalucia.es\/residenciaescolarfelipesolis\/wp-json\/wp\/v2\/comments?post=1077"}],"version-history":[{"count":9,"href":"https:\/\/blogsaverroes.juntadeandalucia.es\/residenciaescolarfelipesolis\/wp-json\/wp\/v2\/pages\/1077\/revisions"}],"predecessor-version":[{"id":1317,"href":"https:\/\/blogsaverroes.juntadeandalucia.es\/residenciaescolarfelipesolis\/wp-json\/wp\/v2\/pages\/1077\/revisions\/1317"}],"wp:attachment":[{"href":"https:\/\/blogsaverroes.juntadeandalucia.es\/residenciaescolarfelipesolis\/wp-json\/wp\/v2\/media?parent=1077"}],"curies":[{"name":"wp","href":"https:\/\/api.w.org\/{rel}","templated":true}]}}

<p><img loading="lazy" decoding="async" class=" wp-image-1065 alignleft" src="https://blogsaverroes.juntadeandalucia.es/residenciaescolarfelipesolis/files/2025/01/Logo-reducido-con-fondo-blanco.jpg" alt="" width="260" height="252"></p>
<p>&nbsp;</p>
<p style="text-align: center"><span style="font-size: 36pt"><strong>RESIDENCIA ESCOLAR </strong></span></p>
<p style="text-align: center"><span style="font-size: 36pt"><strong>&#8220;FELIPE SOLIS&#8221;</strong></span></p>
<p>&nbsp;</p>
<p style="text-align: center"><span style="font-size: 18pt"><strong><span class="jgG6ef C9DxTc ">“VIVE Y ESTUDIA COMO EN CASA”</span></strong></span></p>
<p class="zfr3Q CDt4Ke " dir="ltr">&nbsp;</p>
<p>&nbsp;</p>
<p class="zfr3Q CDt4Ke " dir="ltr"><span class="jgG6ef C9DxTc ">La&nbsp;</span><span class="jgG6ef C9DxTc ">Residencia Escolar “Felipe Solís”&nbsp;</span><span class="jgG6ef C9DxTc ">se encuentra enclavada en pleno Parque Natural de la Sierras Subbéticas en la localidad de Cabra (Córdoba). Comparte instalaciones con el IES del mismo nombre.. Contamos con aproximadamente 150 plazas y servicios de comedor de gestión directa, biblioteca, aulas de informática con conexión de fibra óptica, pistas polideportivas, gimnasio con máquinas de musculación, huerto escolar, salas de estudio atendidas y tutorizadas por personal docente, habitaciones de tres y cuatro plazas con aseo, WC y duchas dentro de la propia habitación y últimamente contamos con un observatorio fotográfico de aves ubicado en las instalaciones del centro educativo.&nbsp;</span></p>
<p>&nbsp;</p>
<p class="zfr3Q CDt4Ke " dir="ltr"><span class="jgG6ef C9DxTc ">La oferta educativa es amplia y variada. Los IES están todos cercanos a la Residencia. En el IES “Aguilar y Eslava” están los bachilleratos de Humanidades y Ciencias Sociales, de Artes y el Científico Tecnológico, además del C.G.M. de atención a personas socio dependientes y el C.G.S. de Integración Social.</span></p>
<p class="zfr3Q CDt4Ke " dir="ltr"><span class="jgG6ef C9DxTc ">En el IES “Dionisio Alcalá Galiano”, aparte de la ESO, está la F.P.B. de Servicios Administrativos.</span></p>
<p class="zfr3Q CDt4Ke " dir="ltr"><span class="jgG6ef C9DxTc ">Y en el IES “Felipe Solís” , nuestro centro más referencial, Bachillerato, F.P.B. de electricidad y electrónica, C.G.M. de Soldadura, Instalaciones eléctricas y automáticas, Telecomunicaciones, Gestión Administrativa y Producción Agroecológica.</span></p>
<p class="zfr3Q CDt4Ke " dir="ltr"><span class="jgG6ef C9DxTc ">Dentro de los C.G.S., estarían los de Administración y Finanzas, Prevención de Riesgos Laborales, Sistemas de Telecomunicación e Informáticos, Técnico Superior de Educ. Infantil, Paisajismo y Medio Rural (dual) y Mecatrónica Industrial (dual).</span></p>
<p>&nbsp;</p>
<p class="zfr3Q CDt4Ke " dir="ltr"><strong><span class="jgG6ef C9DxTc ">Equipo Directivo</span></strong></p>
<p class="zfr3Q CDt4Ke " dir="ltr"><span class="jgG6ef C9DxTc ">Gema Santisteban González (Directora) </span></p>
<p class="zfr3Q CDt4Ke " dir="ltr"><span class="jgG6ef C9DxTc ">Teresa Prieto López (Jefa de Actividades)&nbsp; </span></p>
<p class="zfr3Q CDt4Ke " dir="ltr"><span class="jgG6ef C9DxTc ">Carmen Martínez Berral (Secretaria)</span></p>
<p dir="ltr">&nbsp;</p>
<p dir="ltr"><strong>Contacto</strong></p>
<p class="zfr3Q CDt4Ke " dir="ltr"><span class="jgG6ef C9DxTc ">Av. Fte. del Río nº 13-15 14940 Cabra (Córdoba).</span></p>
<p class="zfr3Q CDt4Ke " dir="ltr"><span class="jgG6ef C9DxTc ">Tlf: 957596519 Móvil: 677904456</span></p>
<p class="zfr3Q CDt4Ke " dir="ltr"><span class="jgG6ef C9DxTc ">Email:&nbsp;</span><span class="jgG6ef C9DxTc ">14700171.edu@juntadeandalucia.es</span></p>
<p>&nbsp;</p>
<p><a href="https://www.google.es/maps/place/Residencia+EE+MM+Felipe+Sol%C3%ADs/@37.4703207,-4.4324513,17z/data=!4m6!3m5!1s0xd6d772aa84bbc47:0x655dcb3aabef542a!8m2!3d37.4703505!4d-4.4343396!16s%2Fg%2F1z44cfdfs?hl=es&amp;entry=ttu&amp;g_ep=EgoyMDI1MDIxMi4wIKXMDSoASAFQAw%3D%3D">Ubicación</a></p>
<p><a href="https://www.google.es/maps/place/Residencia+EE+MM+Felipe+Sol%C3%ADs/@37.4703207,-4.4324513,17z/data=!4m6!3m5!1s0xd6d772aa84bbc47:0x655dcb3aabef542a!8m2!3d37.4703505!4d-4.4343396!16s%2Fg%2F1z44cfdfs?hl=es&amp;entry=ttu&amp;g_ep=EgoyMDI1MDIxMi4wIKXMDSoASAFQAw%3D%3D"><img loading="lazy" decoding="async" class="alignnone size-medium wp-image-1244" src="https://blogsaverroes.juntadeandalucia.es/residenciaescolarfelipesolis/files/2025/02/Foto-mapa-300x127.jpg" alt="" width="300" height="127" srcset="https://blogsaverroes.juntadeandalucia.es/residenciaescolarfelipesolis/files/2025/02/Foto-mapa-300x127.jpg 300w, https://blogsaverroes.juntadeandalucia.es/residenciaescolarfelipesolis/files/2025/02/Foto-mapa.jpg 685w" sizes="(max-width: 300px) 100vw, 300px" /></a></p>

<p>&nbsp; RESIDENCIA ESCOLAR &#8220;FELIPE SOLIS&#8221; &nbsp; “VIVE Y ESTUDIA COMO EN CASA” &nbsp; &nbsp; La&nbsp;Residencia Escolar “Felipe Solís”&nbsp;se encuentra enclavada en pleno Parque Natural de la Sierras Subbéticas en la localidad de Cabra (Córdoba).&#46;&#46;&#46;</p>
