{"id":2238,"date":"2018-08-08T11:28:20","date_gmt":"2018-08-08T11:28:20","guid":{"rendered":"https:\/\/themify.me\/demo\/themes\/ultra-education\/?page_id=24"},"modified":"2025-08-19T18:07:23","modified_gmt":"2025-08-19T17:07:23","slug":"about-us","status":"publish","type":"page","link":"https:\/\/blogsaverroes.juntadeandalucia.es\/retamar\/about-us\/","title":{"rendered":"Sobre nosotros"},"content":{"rendered":"<p><!--themify_builder_static--><\/p>\n<p><span style=\"text-decoration: underline\"><em><strong><span style=\"color: #0000ff;text-decoration: underline\">EQUIPO DIRECTIVO CURSO 2025-2026<\/span><\/strong><\/em><\/span><\/p>\n<p><strong><span style=\"color: #0000ff\">Direcci\u00f3n:<\/span> D\u00aa. Isabel Moreno Ruiz<\/strong><\/p>\n<p><strong><span style=\"color: #0000ff\">Jefatura de estudios:<\/span> D\u00ba. Francisco Ra\u00fal Cuadrado Arenas<\/strong><\/p>\n<p><strong><span style=\"color: #0000ff\">Secretar\u00eda:<\/span> D\u00aa. Mar\u00eda de los \u00c1ngeles Morales Porras<\/strong><\/p>\n<p><span style=\"text-decoration: underline\"><em><strong><span style=\"color: #0000ff;text-decoration: underline\">PROFESORADO PARA EL CURSO 2025-2026 POR ORDEN ALFAB\u00c9TICO<\/span><\/strong><\/em><\/span><\/p>\n<ul>\n<li>Algar Navarro, Cynthia &#8211; LENGUA EXTRANJERA FRANC\u00c9S<\/li>\n<li>Baena Torres, Yolanda &#8211; EDUCACI\u00d3N INFANTIL 3 A\u00d1OS<\/li>\n<li>Bioque L\u00f3pez, Francisca Mar\u00eda &#8211; RELIGI\u00d3N PRIMARIA<\/li>\n<li>Cuadrado Arenas, Francisco Ra\u00fal &#8211; EDUCACI\u00d3N PRIMARIA TUTOR 5\u00ba<\/li>\n<li>Fern\u00e1ndez Guerrero, Mar\u00eda T\u00edscar &#8211; LENGUA EXTRANJERA INGL\u00c9S<\/li>\n<li>Gonz\u00e1lez G\u00f3mez, Mar\u00eda Victoria &#8211; M\u00daSICA Y EDUCACI\u00d3N PRIMARIA TUTORA 3\u00ba<\/li>\n<li>Gonz\u00e1lez Lara, Ana Roc\u00edo &#8211; EDUCACI\u00d3N PRIMARIA 2\u00ba<\/li>\n<li>Lara Quero, Leandro &#8211; EDUCACI\u00d3N F\u00cdSICA<\/li>\n<li>Morales Porras, Mar\u00eda \u00c1ngeles &#8211; EDUCACI\u00d3N PRIMARIA 6\u00ba<\/li>\n<li>Moreno Ruiz, Isabel &#8211; EDUCACI\u00d3N INFANTIL 4 A\u00d1OS<\/li>\n<li>Naranjo Corpas, Raquel &#8211; PEDAGAG\u00cdA TERAP\u00c9UTICA AULA ESPEC\u00cdFICA<\/li>\n<li>P\u00e9rez Garc\u00eda, Mar\u00eda &#8211; EDUCACI\u00d3N INFANTIL 5 A\u00d1OS<\/li>\n<li>Porras Castro, M.Isabel &#8211; EDUCACI\u00d3N PRIMARIA APOYO EDUCATIVO<\/li>\n<li>Rela\u00f1o Hidalgo, Mar\u00eda Inmaculada &#8211; EDUCACI\u00d3N PRIMARIA TUTORA 1\u00ba<\/li>\n<li>Salces Castillero, Francisca &#8211; PEDAGAG\u00cdA TERAP\u00c9UTICA<\/li>\n<li>Torres Carde\u00f1osa, Elena &#8211; EDUCACI\u00d3N PRIMARIA TUTORA 4\u00ba<\/li>\n<\/ul>\n<p><span style=\"text-decoration: underline\"><em><strong><span style=\"color: #0000ff;text-decoration: underline\">PERSONAL LABORAL PARA EL CURSO 2025-2026 POR ORDEN ALFAB\u00c9TICO<\/span><\/strong><\/em><\/span><\/p>\n<p>&nbsp;<\/p>\n<p>&nbsp;<\/p>\n<p>&nbsp;<\/p>\n<p>&nbsp;<\/p>\n<p>&nbsp;<\/p>\n<p>&nbsp;<\/p>\n<p style=\"text-align: justify\">&nbsp;<\/p>\n<p><!--\/themify_builder_static--><\/p>\n","protected":false},"excerpt":{"rendered":"<p>EQUIPO DIRECTIVO CURSO 2025-2026 Direcci\u00f3n: D\u00aa. Isabel Moreno Ruiz Jefatura de estudios: D\u00ba. Francisco Ra\u00fal Cuadrado Arenas Secretar\u00eda: D\u00aa. Mar\u00eda de los \u00c1ngeles Morales Porras PROFESORADO PARA EL CURSO 2025-2026 POR ORDEN ALFAB\u00c9TICO Algar Navarro, Cynthia &#8211; LENGUA EXTRANJERA FRANC\u00c9S&#46;&#46;&#46;<\/p>\n","protected":false},"author":11132,"featured_media":0,"parent":0,"menu_order":0,"comment_status":"closed","ping_status":"closed","template":"","meta":{"ngg_post_thumbnail":0,"footnotes":"","_mc_calendar":[]},"aioseo_notices":[],"post_mailing_queue_ids":[],"_links":{"self":[{"href":"https:\/\/blogsaverroes.juntadeandalucia.es\/retamar\/wp-json\/wp\/v2\/pages\/2238"}],"collection":[{"href":"https:\/\/blogsaverroes.juntadeandalucia.es\/retamar\/wp-json\/wp\/v2\/pages"}],"about":[{"href":"https:\/\/blogsaverroes.juntadeandalucia.es\/retamar\/wp-json\/wp\/v2\/types\/page"}],"author":[{"embeddable":true,"href":"https:\/\/blogsaverroes.juntadeandalucia.es\/retamar\/wp-json\/wp\/v2\/users\/11132"}],"replies":[{"embeddable":true,"href":"https:\/\/blogsaverroes.juntadeandalucia.es\/retamar\/wp-json\/wp\/v2\/comments?post=2238"}],"version-history":[{"count":8,"href":"https:\/\/blogsaverroes.juntadeandalucia.es\/retamar\/wp-json\/wp\/v2\/pages\/2238\/revisions"}],"predecessor-version":[{"id":4165,"href":"https:\/\/blogsaverroes.juntadeandalucia.es\/retamar\/wp-json\/wp\/v2\/pages\/2238\/revisions\/4165"}],"wp:attachment":[{"href":"https:\/\/blogsaverroes.juntadeandalucia.es\/retamar\/wp-json\/wp\/v2\/media?parent=2238"}],"curies":[{"name":"wp","href":"https:\/\/api.w.org\/{rel}","templated":true}]}}