{"id":2747,"date":"2020-11-10T10:56:24","date_gmt":"2020-11-10T09:56:24","guid":{"rendered":"https:\/\/blogsaverroes.juntadeandalucia.es\/retamar\/?page_id=2747"},"modified":"2025-03-16T09:34:30","modified_gmt":"2025-03-16T08:34:30","slug":"pale","status":"publish","type":"page","link":"https:\/\/blogsaverroes.juntadeandalucia.es\/retamar\/pale\/","title":{"rendered":"Programa de Refuerzo de Lengua Extranjera (PREX)"},"content":{"rendered":"<div class=\"entry-content\">\n<p><a href=\"https:\/\/blogsaverroes.juntadeandalucia.es\/retamar\/files\/2020\/10\/E4ACEF97-DFCA-47D8-87D9-97C5ADA2D221-scaled.jpeg\"><img loading=\"lazy\" decoding=\"async\" class=\"size-medium wp-image-2304 alignleft\" src=\"https:\/\/blogsaverroes.juntadeandalucia.es\/retamar\/files\/2020\/10\/E4ACEF97-DFCA-47D8-87D9-97C5ADA2D221-300x225.jpeg\" alt=\"\" width=\"300\" height=\"225\" srcset=\"https:\/\/blogsaverroes.juntadeandalucia.es\/retamar\/files\/2020\/10\/E4ACEF97-DFCA-47D8-87D9-97C5ADA2D221-300x225.jpeg 300w, https:\/\/blogsaverroes.juntadeandalucia.es\/retamar\/files\/2020\/10\/E4ACEF97-DFCA-47D8-87D9-97C5ADA2D221-1024x768.jpeg 1024w, https:\/\/blogsaverroes.juntadeandalucia.es\/retamar\/files\/2020\/10\/E4ACEF97-DFCA-47D8-87D9-97C5ADA2D221-768x576.jpeg 768w, https:\/\/blogsaverroes.juntadeandalucia.es\/retamar\/files\/2020\/10\/E4ACEF97-DFCA-47D8-87D9-97C5ADA2D221-1536x1152.jpeg 1536w, https:\/\/blogsaverroes.juntadeandalucia.es\/retamar\/files\/2020\/10\/E4ACEF97-DFCA-47D8-87D9-97C5ADA2D221-2048x1536.jpeg 2048w, https:\/\/blogsaverroes.juntadeandalucia.es\/retamar\/files\/2020\/10\/E4ACEF97-DFCA-47D8-87D9-97C5ADA2D221-24x18.jpeg 24w, https:\/\/blogsaverroes.juntadeandalucia.es\/retamar\/files\/2020\/10\/E4ACEF97-DFCA-47D8-87D9-97C5ADA2D221-36x27.jpeg 36w, https:\/\/blogsaverroes.juntadeandalucia.es\/retamar\/files\/2020\/10\/E4ACEF97-DFCA-47D8-87D9-97C5ADA2D221-48x36.jpeg 48w, https:\/\/blogsaverroes.juntadeandalucia.es\/retamar\/files\/2020\/10\/E4ACEF97-DFCA-47D8-87D9-97C5ADA2D221-scaled.jpeg 1600w\" sizes=\"(max-width: 300px) 100vw, 300px\" \/><\/a>El PREX es un Proyecto de Refuerzo de Lengua Extranjera (Programas Europeos), para desarrollar las competencias ling\u00fc\u00edsticas del alumnado.<\/p>\n<p>Lo que se pretende con este proyecto es dar notoriedad al ingl\u00e9s a lo largo del curso escolar, en todos los niveles. Se busca un sentimiento global de la importancia del ingl\u00e9s como lengua universal de comunicaci\u00f3n, m\u00e1s all\u00e1 de los l\u00edmites del horario escolar.<\/p>\n<p>Como punto de partida hay que tener en cuenta que los alumnos y alumnas solo utilizan la lengua inglesa dentro del aula y esta no est\u00e1 presente en ninguna otra situaci\u00f3n comunicativa.<\/p>\n<p>Se trata de incrementar y potenciar las actividades en ingl\u00e9s con el fin de que este forme parte de sus vidas, se valore como veh\u00edculo de comunicaci\u00f3n, como modo de entender otra cultura, conocer gente, formarse para un futuro profesional\u2026<\/p>\n<p>Este programa tiene unos objetivos muy definidos:<\/p>\n<ul>\n<li>Que los alumnos y alumnas se sientan motivados por el uso del ingl\u00e9s.<\/li>\n<li>Que pierdan los \u201cmiedos\u201d a expresarse en ingl\u00e9s, al margen de los errores que se puedan cometer.<\/li>\n<li>Que la presencia del ingl\u00e9s se haga evidente de manera homog\u00e9nea a lo largo del curso escolar.<\/li>\n<\/ul>\n<p>Este programa implica el dise\u00f1o de actividades:<\/p>\n<ul>\n<li>Promoviendo metodolog\u00edas activas para facilitar el aprendizaje de las lenguas extranjeras en el alumnado.<\/li>\n<li>Ampliando el uso de la lengua extranjera integrandola en las diferentes \u00e1reas de conocimiento y realizando actividades complementarias de los diferentes curr\u00edculos.<\/li>\n<\/ul>\n<table style=\"border-collapse: collapse;width: 100%\">\n<tbody>\n<tr>\n<td style=\"width: 33.3333%\"><a href=\"https:\/\/blogsaverroes.juntadeandalucia.es\/retamar\/files\/2020\/11\/Unio\u0301n-europeo-fondo-social-europeo.png\"><img loading=\"lazy\" decoding=\"async\" class=\"wp-image-2820 aligncenter\" src=\"https:\/\/blogsaverroes.juntadeandalucia.es\/retamar\/files\/2020\/11\/Unio\u0301n-europeo-fondo-social-europeo.png\" alt=\"\" width=\"164\" height=\"157\"><\/a><\/td>\n<td style=\"width: 33.3333%\"><a href=\"https:\/\/blogsaverroes.juntadeandalucia.es\/retamar\/files\/2020\/11\/de884e6caec47c1f73b0495f77e23472.png\"><img loading=\"lazy\" decoding=\"async\" class=\"wp-image-2822 aligncenter\" src=\"https:\/\/blogsaverroes.juntadeandalucia.es\/retamar\/files\/2020\/11\/de884e6caec47c1f73b0495f77e23472-300x149.png\" alt=\"\" width=\"214\" height=\"106\"><\/a><\/td>\n<td style=\"width: 33.3333%\"><a href=\"https:\/\/blogsaverroes.juntadeandalucia.es\/retamar\/files\/2020\/11\/6d55f7f46d0405b9de5e616a315a47c4.png\"><img loading=\"lazy\" decoding=\"async\" class=\"size-medium wp-image-2821 aligncenter\" src=\"https:\/\/blogsaverroes.juntadeandalucia.es\/retamar\/files\/2020\/11\/6d55f7f46d0405b9de5e616a315a47c4-300x300.png\" alt=\"\" width=\"300\" height=\"300\"><\/a><\/td>\n<\/tr>\n<\/tbody>\n<\/table>\n<\/div>\n","protected":false},"excerpt":{"rendered":"<p>El PREX es un Proyecto de Refuerzo de Lengua Extranjera (Programas Europeos), para desarrollar las competencias ling\u00fc\u00edsticas del alumnado. Lo que se pretende con este proyecto es dar notoriedad al ingl\u00e9s a lo largo del curso escolar, en todos los&#46;&#46;&#46;<\/p>\n","protected":false},"author":8537,"featured_media":0,"parent":0,"menu_order":0,"comment_status":"closed","ping_status":"closed","template":"","meta":{"ngg_post_thumbnail":0,"footnotes":"","_mc_calendar":[]},"aioseo_notices":[],"post_mailing_queue_ids":[],"_links":{"self":[{"href":"https:\/\/blogsaverroes.juntadeandalucia.es\/retamar\/wp-json\/wp\/v2\/pages\/2747"}],"collection":[{"href":"https:\/\/blogsaverroes.juntadeandalucia.es\/retamar\/wp-json\/wp\/v2\/pages"}],"about":[{"href":"https:\/\/blogsaverroes.juntadeandalucia.es\/retamar\/wp-json\/wp\/v2\/types\/page"}],"author":[{"embeddable":true,"href":"https:\/\/blogsaverroes.juntadeandalucia.es\/retamar\/wp-json\/wp\/v2\/users\/8537"}],"replies":[{"embeddable":true,"href":"https:\/\/blogsaverroes.juntadeandalucia.es\/retamar\/wp-json\/wp\/v2\/comments?post=2747"}],"version-history":[{"count":8,"href":"https:\/\/blogsaverroes.juntadeandalucia.es\/retamar\/wp-json\/wp\/v2\/pages\/2747\/revisions"}],"predecessor-version":[{"id":3760,"href":"https:\/\/blogsaverroes.juntadeandalucia.es\/retamar\/wp-json\/wp\/v2\/pages\/2747\/revisions\/3760"}],"wp:attachment":[{"href":"https:\/\/blogsaverroes.juntadeandalucia.es\/retamar\/wp-json\/wp\/v2\/media?parent=2747"}],"curies":[{"name":"wp","href":"https:\/\/api.w.org\/{rel}","templated":true}]}}