{"id":77,"date":"2015-03-16T06:54:56","date_gmt":"2015-03-16T06:54:56","guid":{"rendered":"http:\/\/blogsaverroes.juntadeandalucia.es\/pre\/ceip\/?page_id=77"},"modified":"2025-02-06T17:39:39","modified_gmt":"2025-02-06T16:39:39","slug":"secretaria","status":"publish","type":"page","link":"https:\/\/blogsaverroes.juntadeandalucia.es\/retamar\/secretaria\/","title":{"rendered":"Secretar\u00eda"},"content":{"rendered":"<p><a href=\"https:\/\/blogsaverroes.juntadeandalucia.es\/retamar\/files\/2020\/11\/47BAB1A6-DE7D-440E-88C1-CD0F37C924BB-scaled.jpeg\"><img loading=\"lazy\" decoding=\"async\" class=\"alignleft wp-image-2888 size-medium\" src=\"https:\/\/blogsaverroes.juntadeandalucia.es\/retamar\/files\/2020\/11\/47BAB1A6-DE7D-440E-88C1-CD0F37C924BB-300x225.jpeg\" alt=\"\" width=\"300\" height=\"225\" srcset=\"https:\/\/blogsaverroes.juntadeandalucia.es\/retamar\/files\/2020\/11\/47BAB1A6-DE7D-440E-88C1-CD0F37C924BB-300x225.jpeg 300w, https:\/\/blogsaverroes.juntadeandalucia.es\/retamar\/files\/2020\/11\/47BAB1A6-DE7D-440E-88C1-CD0F37C924BB-1024x768.jpeg 1024w, https:\/\/blogsaverroes.juntadeandalucia.es\/retamar\/files\/2020\/11\/47BAB1A6-DE7D-440E-88C1-CD0F37C924BB-768x576.jpeg 768w, https:\/\/blogsaverroes.juntadeandalucia.es\/retamar\/files\/2020\/11\/47BAB1A6-DE7D-440E-88C1-CD0F37C924BB-1536x1152.jpeg 1536w, https:\/\/blogsaverroes.juntadeandalucia.es\/retamar\/files\/2020\/11\/47BAB1A6-DE7D-440E-88C1-CD0F37C924BB-2048x1536.jpeg 2048w, https:\/\/blogsaverroes.juntadeandalucia.es\/retamar\/files\/2020\/11\/47BAB1A6-DE7D-440E-88C1-CD0F37C924BB-24x18.jpeg 24w, https:\/\/blogsaverroes.juntadeandalucia.es\/retamar\/files\/2020\/11\/47BAB1A6-DE7D-440E-88C1-CD0F37C924BB-36x27.jpeg 36w, https:\/\/blogsaverroes.juntadeandalucia.es\/retamar\/files\/2020\/11\/47BAB1A6-DE7D-440E-88C1-CD0F37C924BB-48x36.jpeg 48w, https:\/\/blogsaverroes.juntadeandalucia.es\/retamar\/files\/2020\/11\/47BAB1A6-DE7D-440E-88C1-CD0F37C924BB-scaled.jpeg 1600w\" sizes=\"(max-width: 300px) 100vw, 300px\" \/><\/a>La <strong>Secretar\u00eda<\/strong> desarrolla muchas funciones importantes en la vida de un centro, especialmente en la relaci\u00f3n que mantiene con las familias en los diferentes tr\u00e1mites administrativos a lo largo de la escolarizaci\u00f3n: admisi\u00f3n, matr\u00edcula, comedor escolar, becas, etc.<\/p>\n<h3><span style=\"vertical-align: inherit\"><span style=\"vertical-align: inherit\">Tiempo<\/span><\/span><\/h3>\n<p>De lunes a viernes de 9:30 a 11:30<\/p>\n<p>&nbsp;<\/p>\n<h3><span style=\"vertical-align: inherit\"><span style=\"vertical-align: inherit\">Documentos<\/span><\/span><strong><br \/>\n<\/strong><\/h3>\n<table style=\"border-collapse: collapse;width: 100%;height: 120px\">\n<tbody>\n<tr style=\"height: 24px\">\n<td style=\"width: 91.4044%;text-align: left;height: 24px\">&nbsp;<\/td>\n<td style=\"width: 8.59563%;height: 24px;text-align: center\">&nbsp;<\/td>\n<\/tr>\n<tr style=\"height: 24px\">\n<td style=\"width: 91.4044%;text-align: left;height: 24px\">\n<h4>Impreso de solicitud de admisi\u00f3n. (Se presenta durante el mes de marzo)<\/h4>\n<\/td>\n<td style=\"width: 8.59563%;height: 24px\"><a href=\"https:\/\/blogsaverroes.juntadeandalucia.es\/retamar\/files\/2021\/03\/ANEXO-III-Solicitud-admision-21-22.pdf\" target=\"_blank\" rel=\"noopener noreferrer\"><img loading=\"lazy\" decoding=\"async\" class=\"alignnone wp-image-2891\" src=\"https:\/\/blogsaverroes.juntadeandalucia.es\/retamar\/files\/2020\/11\/icono-pdf-150x150.png\" alt=\"\" width=\"75\" height=\"75\" srcset=\"https:\/\/blogsaverroes.juntadeandalucia.es\/retamar\/files\/2020\/11\/icono-pdf-150x150.png 150w, https:\/\/blogsaverroes.juntadeandalucia.es\/retamar\/files\/2020\/11\/icono-pdf-300x300.png 300w, https:\/\/blogsaverroes.juntadeandalucia.es\/retamar\/files\/2020\/11\/icono-pdf-100x100.png 100w, https:\/\/blogsaverroes.juntadeandalucia.es\/retamar\/files\/2020\/11\/icono-pdf-24x24.png 24w, https:\/\/blogsaverroes.juntadeandalucia.es\/retamar\/files\/2020\/11\/icono-pdf-36x36.png 36w, https:\/\/blogsaverroes.juntadeandalucia.es\/retamar\/files\/2020\/11\/icono-pdf-48x48.png 48w, https:\/\/blogsaverroes.juntadeandalucia.es\/retamar\/files\/2020\/11\/icono-pdf.png 512w\" sizes=\"(max-width: 75px) 100vw, 75px\" \/><\/a><\/td>\n<\/tr>\n<tr>\n<td style=\"width: 91.4044%;text-align: left\">\n<h4>Impreso ANEXO I SOLICITUD PARA CURSAR LA ENSE\u00d1ANZA DE RELIGI\u00d3N<\/h4>\n<\/td>\n<td style=\"width: 8.59563%\"><a href=\"https:\/\/blogsaverroes.juntadeandalucia.es\/retamar\/files\/2021\/03\/Anexo-Religi\u00f3n20212022.pdf\" target=\"_blank\" rel=\"noopener noreferrer\"><img loading=\"lazy\" decoding=\"async\" class=\"wp-image-2891 alignnone\" src=\"https:\/\/blogsaverroes.juntadeandalucia.es\/retamar\/files\/2020\/11\/icono-pdf-150x150.png\" alt=\"\" width=\"75\" height=\"75\" srcset=\"https:\/\/blogsaverroes.juntadeandalucia.es\/retamar\/files\/2020\/11\/icono-pdf-150x150.png 150w, https:\/\/blogsaverroes.juntadeandalucia.es\/retamar\/files\/2020\/11\/icono-pdf-300x300.png 300w, https:\/\/blogsaverroes.juntadeandalucia.es\/retamar\/files\/2020\/11\/icono-pdf-100x100.png 100w, https:\/\/blogsaverroes.juntadeandalucia.es\/retamar\/files\/2020\/11\/icono-pdf-24x24.png 24w, https:\/\/blogsaverroes.juntadeandalucia.es\/retamar\/files\/2020\/11\/icono-pdf-36x36.png 36w, https:\/\/blogsaverroes.juntadeandalucia.es\/retamar\/files\/2020\/11\/icono-pdf-48x48.png 48w, https:\/\/blogsaverroes.juntadeandalucia.es\/retamar\/files\/2020\/11\/icono-pdf.png 512w\" sizes=\"(max-width: 75px) 100vw, 75px\" \/><\/a><\/td>\n<\/tr>\n<tr style=\"height: 24px\">\n<td style=\"width: 91.4044%;text-align: left;height: 24px\">\n<h4>Impreso de solicitud de admisi\u00f3n. (En caso de solicitar el traslado de centro)<\/h4>\n<\/td>\n<td style=\"width: 8.59563%;height: 24px\"><a href=\"https:\/\/blogsaverroes.juntadeandalucia.es\/retamar\/files\/2020\/11\/ANEXO-IX-SOLICITUD-PROCEDIMIENTO-EXTRAORDINARIO-DE-ADMISI\u00d3N.pdf\" target=\"_blank\" rel=\"noopener noreferrer\"><img loading=\"lazy\" decoding=\"async\" class=\"wp-image-2891 alignnone\" src=\"https:\/\/blogsaverroes.juntadeandalucia.es\/retamar\/files\/2020\/11\/icono-pdf-150x150.png\" alt=\"\" width=\"75\" height=\"75\" srcset=\"https:\/\/blogsaverroes.juntadeandalucia.es\/retamar\/files\/2020\/11\/icono-pdf-150x150.png 150w, https:\/\/blogsaverroes.juntadeandalucia.es\/retamar\/files\/2020\/11\/icono-pdf-300x300.png 300w, https:\/\/blogsaverroes.juntadeandalucia.es\/retamar\/files\/2020\/11\/icono-pdf-100x100.png 100w, https:\/\/blogsaverroes.juntadeandalucia.es\/retamar\/files\/2020\/11\/icono-pdf-24x24.png 24w, https:\/\/blogsaverroes.juntadeandalucia.es\/retamar\/files\/2020\/11\/icono-pdf-36x36.png 36w, https:\/\/blogsaverroes.juntadeandalucia.es\/retamar\/files\/2020\/11\/icono-pdf-48x48.png 48w, https:\/\/blogsaverroes.juntadeandalucia.es\/retamar\/files\/2020\/11\/icono-pdf.png 512w\" sizes=\"(max-width: 75px) 100vw, 75px\" \/><\/a><\/td>\n<\/tr>\n<tr>\n<td style=\"width: 91.4044%;text-align: left\">\n<h4>Impreso de matr\u00edcula de alumnado de INFANTIL<\/h4>\n<\/td>\n<td style=\"width: 8.59563%\"><a href=\"https:\/\/blogsaverroes.juntadeandalucia.es\/retamar\/files\/2020\/12\/ANEXO-IV-MATR\u00cdCULA-EN-SEGUNDO-CICLO-DE-EDUCACI\u00d3N-INFANTIL.pdf\" target=\"_blank\" rel=\"noopener noreferrer\"><img loading=\"lazy\" decoding=\"async\" class=\"alignnone wp-image-2891\" src=\"https:\/\/blogsaverroes.juntadeandalucia.es\/retamar\/files\/2020\/11\/icono-pdf-150x150.png\" alt=\"\" width=\"75\" height=\"75\" srcset=\"https:\/\/blogsaverroes.juntadeandalucia.es\/retamar\/files\/2020\/11\/icono-pdf-150x150.png 150w, https:\/\/blogsaverroes.juntadeandalucia.es\/retamar\/files\/2020\/11\/icono-pdf-300x300.png 300w, https:\/\/blogsaverroes.juntadeandalucia.es\/retamar\/files\/2020\/11\/icono-pdf-100x100.png 100w, https:\/\/blogsaverroes.juntadeandalucia.es\/retamar\/files\/2020\/11\/icono-pdf-24x24.png 24w, https:\/\/blogsaverroes.juntadeandalucia.es\/retamar\/files\/2020\/11\/icono-pdf-36x36.png 36w, https:\/\/blogsaverroes.juntadeandalucia.es\/retamar\/files\/2020\/11\/icono-pdf-48x48.png 48w, https:\/\/blogsaverroes.juntadeandalucia.es\/retamar\/files\/2020\/11\/icono-pdf.png 512w\" sizes=\"(max-width: 75px) 100vw, 75px\" \/><\/a><\/td>\n<\/tr>\n<tr>\n<td style=\"width: 91.4044%;text-align: left\">\n<h4>Impreso de matr\u00edcula de alumnado de PRIMARIA<\/h4>\n<\/td>\n<td style=\"width: 8.59563%\"><a href=\"https:\/\/blogsaverroes.juntadeandalucia.es\/retamar\/files\/2020\/11\/ANEXO-V-MATR\u00cdCULA-EN-EDUCACI\u00d3N-PRIMARIA.pdf\" target=\"_blank\" rel=\"noopener noreferrer\"><img loading=\"lazy\" decoding=\"async\" class=\"alignnone wp-image-2891\" src=\"https:\/\/blogsaverroes.juntadeandalucia.es\/retamar\/files\/2020\/11\/icono-pdf-150x150.png\" alt=\"\" width=\"75\" height=\"75\" srcset=\"https:\/\/blogsaverroes.juntadeandalucia.es\/retamar\/files\/2020\/11\/icono-pdf-150x150.png 150w, https:\/\/blogsaverroes.juntadeandalucia.es\/retamar\/files\/2020\/11\/icono-pdf-300x300.png 300w, https:\/\/blogsaverroes.juntadeandalucia.es\/retamar\/files\/2020\/11\/icono-pdf-100x100.png 100w, https:\/\/blogsaverroes.juntadeandalucia.es\/retamar\/files\/2020\/11\/icono-pdf-24x24.png 24w, https:\/\/blogsaverroes.juntadeandalucia.es\/retamar\/files\/2020\/11\/icono-pdf-36x36.png 36w, https:\/\/blogsaverroes.juntadeandalucia.es\/retamar\/files\/2020\/11\/icono-pdf-48x48.png 48w, https:\/\/blogsaverroes.juntadeandalucia.es\/retamar\/files\/2020\/11\/icono-pdf.png 512w\" sizes=\"(max-width: 75px) 100vw, 75px\" \/><\/a><\/td>\n<\/tr>\n<tr style=\"height: 24px\">\n<td style=\"width: 91.4044%;text-align: left;height: 24px\">\n<h4>Impreso de solicitud de Aula Matinal, Comedor Escolar y Actividades Extraescolares<\/h4>\n<\/td>\n<td style=\"width: 8.59563%;height: 24px\"><a href=\"https:\/\/blogsaverroes.juntadeandalucia.es\/retamar\/files\/2020\/11\/ANEXO-II-INSCRIPCI\u00d3N-EN-LOS-SERVICIOS-DE-AM_CE_Y_AAEX-2.pdf\" target=\"_blank\" rel=\"noopener noreferrer\"><img loading=\"lazy\" decoding=\"async\" class=\"alignnone wp-image-2891\" src=\"https:\/\/blogsaverroes.juntadeandalucia.es\/retamar\/files\/2020\/11\/icono-pdf-150x150.png\" alt=\"\" width=\"75\" height=\"75\" srcset=\"https:\/\/blogsaverroes.juntadeandalucia.es\/retamar\/files\/2020\/11\/icono-pdf-150x150.png 150w, https:\/\/blogsaverroes.juntadeandalucia.es\/retamar\/files\/2020\/11\/icono-pdf-300x300.png 300w, https:\/\/blogsaverroes.juntadeandalucia.es\/retamar\/files\/2020\/11\/icono-pdf-100x100.png 100w, https:\/\/blogsaverroes.juntadeandalucia.es\/retamar\/files\/2020\/11\/icono-pdf-24x24.png 24w, https:\/\/blogsaverroes.juntadeandalucia.es\/retamar\/files\/2020\/11\/icono-pdf-36x36.png 36w, https:\/\/blogsaverroes.juntadeandalucia.es\/retamar\/files\/2020\/11\/icono-pdf-48x48.png 48w, https:\/\/blogsaverroes.juntadeandalucia.es\/retamar\/files\/2020\/11\/icono-pdf.png 512w\" sizes=\"(max-width: 75px) 100vw, 75px\" \/><\/a><\/td>\n<\/tr>\n<tr style=\"height: 24px\">\n<td style=\"width: 91.4044%;text-align: left;height: 24px\">\n<h4>Solicitud de bonificaci\u00f3n de Aula Matinal, Comedor Escolar y Actividades Extraescolares<\/h4>\n<\/td>\n<td style=\"width: 8.59563%;height: 24px\"><a href=\"https:\/\/blogsaverroes.juntadeandalucia.es\/retamar\/files\/2020\/11\/ANEXO-V-SOLICITUD-DE-BONIFICACI\u00d3N-1.pdf\" target=\"_blank\" rel=\"noopener noreferrer\"><img loading=\"lazy\" decoding=\"async\" class=\"alignnone wp-image-2891\" src=\"https:\/\/blogsaverroes.juntadeandalucia.es\/retamar\/files\/2020\/11\/icono-pdf-150x150.png\" alt=\"\" width=\"75\" height=\"75\" srcset=\"https:\/\/blogsaverroes.juntadeandalucia.es\/retamar\/files\/2020\/11\/icono-pdf-150x150.png 150w, https:\/\/blogsaverroes.juntadeandalucia.es\/retamar\/files\/2020\/11\/icono-pdf-300x300.png 300w, https:\/\/blogsaverroes.juntadeandalucia.es\/retamar\/files\/2020\/11\/icono-pdf-100x100.png 100w, https:\/\/blogsaverroes.juntadeandalucia.es\/retamar\/files\/2020\/11\/icono-pdf-24x24.png 24w, https:\/\/blogsaverroes.juntadeandalucia.es\/retamar\/files\/2020\/11\/icono-pdf-36x36.png 36w, https:\/\/blogsaverroes.juntadeandalucia.es\/retamar\/files\/2020\/11\/icono-pdf-48x48.png 48w, https:\/\/blogsaverroes.juntadeandalucia.es\/retamar\/files\/2020\/11\/icono-pdf.png 512w\" sizes=\"(max-width: 75px) 100vw, 75px\" \/><\/a><\/td>\n<\/tr>\n<tr>\n<td style=\"width: 91.4044%;text-align: left\">\n<h4>Solicitud de Acompa\u00f1amiento Escolar y Acompa\u00f1amiento Ling\u00fc\u00edstico para alumnado inmigrante<\/h4>\n<\/td>\n<td style=\"width: 8.59563%\"><a href=\"https:\/\/blogsaverroes.juntadeandalucia.es\/retamar\/files\/2021\/02\/Autorizacio\u0301n-familiar-PROA.pdf\" target=\"_blank\" rel=\"noopener noreferrer\"><img loading=\"lazy\" decoding=\"async\" class=\"alignnone wp-image-2891\" src=\"https:\/\/blogsaverroes.juntadeandalucia.es\/retamar\/files\/2020\/11\/icono-pdf-150x150.png\" alt=\"\" width=\"75\" height=\"75\" srcset=\"https:\/\/blogsaverroes.juntadeandalucia.es\/retamar\/files\/2020\/11\/icono-pdf-150x150.png 150w, https:\/\/blogsaverroes.juntadeandalucia.es\/retamar\/files\/2020\/11\/icono-pdf-300x300.png 300w, https:\/\/blogsaverroes.juntadeandalucia.es\/retamar\/files\/2020\/11\/icono-pdf-100x100.png 100w, https:\/\/blogsaverroes.juntadeandalucia.es\/retamar\/files\/2020\/11\/icono-pdf-24x24.png 24w, https:\/\/blogsaverroes.juntadeandalucia.es\/retamar\/files\/2020\/11\/icono-pdf-36x36.png 36w, https:\/\/blogsaverroes.juntadeandalucia.es\/retamar\/files\/2020\/11\/icono-pdf-48x48.png 48w, https:\/\/blogsaverroes.juntadeandalucia.es\/retamar\/files\/2020\/11\/icono-pdf.png 512w\" sizes=\"(max-width: 75px) 100vw, 75px\" \/><\/a><\/td>\n<\/tr>\n<\/tbody>\n<\/table>\n<p>&nbsp;<\/p>\n","protected":false},"excerpt":{"rendered":"<p>La Secretar\u00eda desarrolla muchas funciones importantes en la vida de un centro, especialmente en la relaci\u00f3n que mantiene con las familias en los diferentes tr\u00e1mites administrativos a lo largo de la escolarizaci\u00f3n: admisi\u00f3n, matr\u00edcula, comedor escolar, becas, etc. Tiempo De&#46;&#46;&#46;<\/p>\n","protected":false},"author":1,"featured_media":0,"parent":0,"menu_order":0,"comment_status":"closed","ping_status":"open","template":"","meta":{"ngg_post_thumbnail":0,"footnotes":"","_mc_calendar":[]},"aioseo_notices":[],"post_mailing_queue_ids":[],"_links":{"self":[{"href":"https:\/\/blogsaverroes.juntadeandalucia.es\/retamar\/wp-json\/wp\/v2\/pages\/77"}],"collection":[{"href":"https:\/\/blogsaverroes.juntadeandalucia.es\/retamar\/wp-json\/wp\/v2\/pages"}],"about":[{"href":"https:\/\/blogsaverroes.juntadeandalucia.es\/retamar\/wp-json\/wp\/v2\/types\/page"}],"author":[{"embeddable":true,"href":"https:\/\/blogsaverroes.juntadeandalucia.es\/retamar\/wp-json\/wp\/v2\/users\/1"}],"replies":[{"embeddable":true,"href":"https:\/\/blogsaverroes.juntadeandalucia.es\/retamar\/wp-json\/wp\/v2\/comments?post=77"}],"version-history":[{"count":26,"href":"https:\/\/blogsaverroes.juntadeandalucia.es\/retamar\/wp-json\/wp\/v2\/pages\/77\/revisions"}],"predecessor-version":[{"id":3337,"href":"https:\/\/blogsaverroes.juntadeandalucia.es\/retamar\/wp-json\/wp\/v2\/pages\/77\/revisions\/3337"}],"wp:attachment":[{"href":"https:\/\/blogsaverroes.juntadeandalucia.es\/retamar\/wp-json\/wp\/v2\/media?parent=77"}],"curies":[{"name":"wp","href":"https:\/\/api.w.org\/{rel}","templated":true}]}}