{"id":200,"date":"2015-03-17T10:04:24","date_gmt":"2015-03-17T10:04:24","guid":{"rendered":"http:\/\/blogsaverroes.juntadeandalucia.es\/pre\/ceip\/?page_id=200"},"modified":"2021-09-29T21:48:08","modified_gmt":"2021-09-29T19:48:08","slug":"quienes-formamos-el-ampa","status":"publish","type":"page","link":"https:\/\/blogsaverroes.juntadeandalucia.es\/reyescatolicospuertoreal\/quienes-formamos-el-ampa\/","title":{"rendered":"\u00bfQui\u00e9nes formamos el AMPA?"},"content":{"rendered":"<header>\n<h1>&nbsp;<\/h1>\n<h1>&nbsp; &nbsp; &nbsp; &nbsp; &nbsp; &nbsp; &nbsp; &nbsp; &nbsp; &nbsp; &nbsp; &nbsp; &nbsp; &nbsp; &nbsp; &nbsp; &nbsp; &nbsp; &nbsp; &nbsp;<a href=\"https:\/\/blogsaverroes.juntadeandalucia.es\/reyescatolicospuertoreal\/files\/2021\/09\/logo-ampa.png\"><img loading=\"lazy\" decoding=\"async\" class=\"alignnone wp-image-3374\" src=\"https:\/\/blogsaverroes.juntadeandalucia.es\/reyescatolicospuertoreal\/files\/2021\/09\/logo-ampa-150x150.png\" alt=\"\" width=\"262\" height=\"262\" srcset=\"https:\/\/blogsaverroes.juntadeandalucia.es\/reyescatolicospuertoreal\/files\/2021\/09\/logo-ampa-150x150.png 150w, https:\/\/blogsaverroes.juntadeandalucia.es\/reyescatolicospuertoreal\/files\/2021\/09\/logo-ampa-268x268.png 268w\" sizes=\"(max-width: 262px) 100vw, 262px\" \/><\/a><\/h1>\n<h1><span style=\"color: #800080\"><strong>Bienvenidos a la Asociaci\u00f3n de Madres y Padres del Alumnado del CEIP Reyes Cat\u00f3licos de Puerto Real.<\/strong><\/span><\/h1>\n<h1><span style=\"color: #3366ff\">Nuestra Misi\u00f3n &nbsp;&nbsp; &nbsp;&nbsp; &nbsp;&nbsp; &nbsp;&nbsp; &nbsp;&nbsp; &nbsp;&nbsp; &nbsp;&nbsp; &nbsp;&nbsp; &nbsp;&nbsp;<\/span><\/h1>\n<h4>El aprendizaje de los ni\u00f1os y adolescentes se centra en tres pilares fundamentales: El entorno cercano, la escuela, y su propio desarrollo personal.<br \/>\nLa conciliaci\u00f3n entre estos tres puntos tan alejados entre si no siempre es f\u00e1cil, y esta es exactamente la funci\u00f3n de las Asociaciones de Madres y Padres del Alumnado, acercar el colegio a la familia, y la familia al colegio, para poner la educaci\u00f3n al servicio de los estudiantes.<\/h4>\n<h1><span style=\"color: #3366ff\">Que hacemos<\/span><\/h1>\n<div>\n<div>\n<div>Buscamos conseguir una AMPA que cumpla con el objetivo de canalizar la representatividad de la opini\u00f3n de las madres y padres de los ni\u00f1os\/as del cole, intentando ser un verdadero foro de opini\u00f3n y transmitiendo esa opini\u00f3n de las madres y padres sobre el cole, su marcha y su problem\u00e1tica.<\/div>\n<\/div>\n<\/div>\n<h4>&nbsp;<\/h4>\n<h4>Cooperar<\/h4>\n<div>\n<div>\n<div>con la marcha del centro; la soluci\u00f3n de los problemas y la mejora continua del mismo a trav\u00e9s de los siguientes medios: Edici\u00f3n de hojas informativas, promoci\u00f3n del uso del Buz\u00f3n de Sugerencias y Preguntas, formaci\u00f3n de grupos de trabajo de cooperantes de la AMPA (fiestas, actividades extraescolares&#8230;).<\/div>\n<\/div>\n<\/div>\n<h4>&nbsp;<\/h4>\n<h4>Colaborar<\/h4>\n<div>\n<div>\n<div>en las actividades educativas y extraescolares del cole, cooperando con el equipo directivo en el estudio de procedimientos que sirvan para aumentar el nivel educativo.<\/div>\n<\/div>\n<\/div>\n<h4>Promover<\/h4>\n<h4>actividades formativas y culturales, como charlas o seminarios, as\u00ed como fomentar las relaciones de cooperaci\u00f3n del cole con los sectores sociales y culturales del entorno.<\/h4>\n<h4>Participar<\/h4>\n<div>\n<div>\n<div>con la direcci\u00f3n del cole en la gesti\u00f3n de los recursos disponibles y la movilizaci\u00f3n de las instituciones responsables para la obtenci\u00f3n de medios materiales o recursos humanos que faciliten el ejercicio de las actividades diarias del centro.<\/div>\n<\/div>\n<\/div>\n<h1><span style=\"color: #3366ff\">COMO PUEDES AYUDARNOS<\/span><\/h1>\n<div>\n<div>\n<div>\n<div>Hay miles de formas de ayudarnos y colaborar con nosotros, desde participar en el huerto, preparar una obra de teatro, contribuir con la fiesta de fin de curso e incluso bailar para todo el cole si eso te hace feliz, pero obviamente la principal forma de ayudarnos es asociarte y es tan f\u00e1cil como abonar la cuota de tan&nbsp;<u>SOLO 10\u20ac POR FAMILIA AL A\u00d1O<\/u>.<\/div>\n<div>VALE, ME HABEIS CONVENCIDO, \u00bfCOMO PUEDO PAGAR EL AMPA?<\/div>\n<\/div>\n<\/div>\n<\/div>\n<div>\n<div>\n<div>\n<div>Visita nuestra pagina web:&nbsp;<a href=\"http:\/\/ampareyescatolicos.com\/\" target=\"_blank\" rel=\"noopener noreferrer\" data-saferedirecturl=\"https:\/\/www.google.com\/url?q=http:\/\/ampareyescatolicos.com&amp;source=gmail&amp;ust=1633030228685000&amp;usg=AFQjCNFsZmsO-o_VFvpQ4K-pLZl5K0T8pA\">ampareyescatolicos.com<\/a><\/div>\n<div>&nbsp;<\/div>\n<\/div>\n<\/div>\n<\/div>\n<h2>Cont\u00e1ctanos<\/h2>\n<div>\n<div>\n<div>\n<div>\n<div>\n<div>\n<div>\n<h4>\u00bfQuieres decirnos hola? \u00bfQuieres saber m\u00e1s sobre nosotros? \u00bfTienes alguna pregunta que nadie sabe contestar? Ponte en contacto con nosotros y te prometemos responder tan pronto como podamos.<\/h4>\n<\/div>\n<\/div>\n<div>\n<div>\n<div>\n<div>\n<div>\n<div>\n<div><a href=\"mailto:info@ampareyescatolicos.com\" target=\"_blank\" rel=\"noopener noreferrer\">info@ampareyescatolicos.com<\/a><\/div>\n<div>&nbsp;<\/div>\n<\/div>\n<\/div>\n<\/div>\n<\/div>\n<\/div>\n<\/div>\n<\/div>\n<\/div>\n<\/div>\n<\/div>\n<\/div>\n<\/header>\n<div>\n<div>&nbsp;<\/div>\n<\/div>\n","protected":false},"excerpt":{"rendered":"<p>&nbsp; &nbsp; &nbsp; &nbsp; &nbsp; &nbsp; &nbsp; &nbsp; &nbsp; &nbsp; &nbsp; &nbsp; &nbsp; &nbsp; &nbsp; &nbsp; &nbsp; &nbsp; &nbsp; &nbsp; &nbsp; Bienvenidos a la Asociaci\u00f3n de Madres y Padres del Alumnado del CEIP Reyes&#46;&#46;&#46;<\/p>\n","protected":false},"author":1,"featured_media":0,"parent":0,"menu_order":0,"comment_status":"closed","ping_status":"open","template":"","meta":{"ngg_post_thumbnail":0,"footnotes":"","_mc_calendar":[]},"aioseo_notices":[],"_links":{"self":[{"href":"https:\/\/blogsaverroes.juntadeandalucia.es\/reyescatolicospuertoreal\/wp-json\/wp\/v2\/pages\/200"}],"collection":[{"href":"https:\/\/blogsaverroes.juntadeandalucia.es\/reyescatolicospuertoreal\/wp-json\/wp\/v2\/pages"}],"about":[{"href":"https:\/\/blogsaverroes.juntadeandalucia.es\/reyescatolicospuertoreal\/wp-json\/wp\/v2\/types\/page"}],"author":[{"embeddable":true,"href":"https:\/\/blogsaverroes.juntadeandalucia.es\/reyescatolicospuertoreal\/wp-json\/wp\/v2\/users\/1"}],"replies":[{"embeddable":true,"href":"https:\/\/blogsaverroes.juntadeandalucia.es\/reyescatolicospuertoreal\/wp-json\/wp\/v2\/comments?post=200"}],"version-history":[{"count":6,"href":"https:\/\/blogsaverroes.juntadeandalucia.es\/reyescatolicospuertoreal\/wp-json\/wp\/v2\/pages\/200\/revisions"}],"predecessor-version":[{"id":3378,"href":"https:\/\/blogsaverroes.juntadeandalucia.es\/reyescatolicospuertoreal\/wp-json\/wp\/v2\/pages\/200\/revisions\/3378"}],"wp:attachment":[{"href":"https:\/\/blogsaverroes.juntadeandalucia.es\/reyescatolicospuertoreal\/wp-json\/wp\/v2\/media?parent=200"}],"curies":[{"name":"wp","href":"https:\/\/api.w.org\/{rel}","templated":true}]}}