{"id":35,"date":"2015-03-13T08:21:43","date_gmt":"2015-03-13T08:21:43","guid":{"rendered":"http:\/\/blogsaverroes.juntadeandalucia.es\/pre\/ceip\/?page_id=35"},"modified":"2023-11-02T12:26:37","modified_gmt":"2023-11-02T11:26:37","slug":"el-centro-2","status":"publish","type":"page","link":"https:\/\/blogsaverroes.juntadeandalucia.es\/reyescatolicospuertoreal\/el-centro-2\/","title":{"rendered":"Datos del centro"},"content":{"rendered":"<h4><strong>Datos de contacto<\/strong><\/h4>\n<p>C.E.I.P. REYES CAT\u00d3LICOS<\/p>\n<p><strong>Direcci\u00f3n:<\/strong> &nbsp;Calle Abeto, 9.- 11510 &#8211; Puerto Real &nbsp;(C\u00e1diz)<\/p>\n<p><strong>Tel\u00e9fono: 956 243 734 \/ 671595703<\/strong><\/p>\n<p><strong>Email:<\/strong>&nbsp;11004660.edu@juntadeandalucia.es<\/p>\n<p>CORREO SECRETAR\u00cdA: secretaria@reyescatolicospuertoreal.com<\/p>\n<h4><strong>Horarios<\/strong><\/h4>\n<p>HORARIO LECTIVO: DE 9:00 A 14:00 HORAS<\/p>\n<p>AULA MATINAL: DE 7:30 A 9:00 HORAS<\/p>\n<p>COMEDOR ESCOLAR (GESTI\u00d3N PROPIA): DE 14:00 A 16:00 HORAS<\/p>\n<p>&nbsp;<\/p>\n<h4><strong>Oferta educativa<\/strong><\/h4>\n<p>NUESTRO COLEGIO&nbsp; ES UN CENTRO&nbsp; P\u00daBLICO DE INFANTIL Y PRIMARIA QUE CUENTA CON AULA TEA (ESPECTRO AUTISTA)<\/p>\n<h4>&nbsp;<\/h4>\n<p>&nbsp;<\/p>\n","protected":false},"excerpt":{"rendered":"<p>Datos de contacto C.E.I.P. REYES CAT\u00d3LICOS Direcci\u00f3n: &nbsp;Calle Abeto, 9.- 11510 &#8211; Puerto Real &nbsp;(C\u00e1diz) Tel\u00e9fono: 956 243 734 \/ 671595703 Email:&nbsp;11004660.edu@juntadeandalucia.es CORREO SECRETAR\u00cdA: secretaria@reyescatolicospuertoreal.com Horarios HORARIO LECTIVO: DE 9:00 A 14:00 HORAS AULA&#46;&#46;&#46;<\/p>\n","protected":false},"author":1,"featured_media":0,"parent":0,"menu_order":0,"comment_status":"closed","ping_status":"open","template":"","meta":{"ngg_post_thumbnail":0,"footnotes":"","_mc_calendar":[]},"aioseo_notices":[],"_links":{"self":[{"href":"https:\/\/blogsaverroes.juntadeandalucia.es\/reyescatolicospuertoreal\/wp-json\/wp\/v2\/pages\/35"}],"collection":[{"href":"https:\/\/blogsaverroes.juntadeandalucia.es\/reyescatolicospuertoreal\/wp-json\/wp\/v2\/pages"}],"about":[{"href":"https:\/\/blogsaverroes.juntadeandalucia.es\/reyescatolicospuertoreal\/wp-json\/wp\/v2\/types\/page"}],"author":[{"embeddable":true,"href":"https:\/\/blogsaverroes.juntadeandalucia.es\/reyescatolicospuertoreal\/wp-json\/wp\/v2\/users\/1"}],"replies":[{"embeddable":true,"href":"https:\/\/blogsaverroes.juntadeandalucia.es\/reyescatolicospuertoreal\/wp-json\/wp\/v2\/comments?post=35"}],"version-history":[{"count":9,"href":"https:\/\/blogsaverroes.juntadeandalucia.es\/reyescatolicospuertoreal\/wp-json\/wp\/v2\/pages\/35\/revisions"}],"predecessor-version":[{"id":3660,"href":"https:\/\/blogsaverroes.juntadeandalucia.es\/reyescatolicospuertoreal\/wp-json\/wp\/v2\/pages\/35\/revisions\/3660"}],"wp:attachment":[{"href":"https:\/\/blogsaverroes.juntadeandalucia.es\/reyescatolicospuertoreal\/wp-json\/wp\/v2\/media?parent=35"}],"curies":[{"name":"wp","href":"https:\/\/api.w.org\/{rel}","templated":true}]}}

<h4><strong>Datos de contacto</strong></h4>
<p>C.E.I.P. REYES CATÓLICOS</p>
<p><strong>Dirección:</strong> &nbsp;Calle Abeto, 9.- 11510 &#8211; Puerto Real &nbsp;(Cádiz)</p>
<p><strong>Teléfono: 956 243 734 / 671595703</strong></p>
<p><strong>Email:</strong>&nbsp;11004660.edu@juntadeandalucia.es</p>
<p>CORREO SECRETARÍA: secretaria@reyescatolicospuertoreal.com</p>
<h4><strong>Horarios</strong></h4>
<p>HORARIO LECTIVO: DE 9:00 A 14:00 HORAS</p>
<p>AULA MATINAL: DE 7:30 A 9:00 HORAS</p>
<p>COMEDOR ESCOLAR (GESTIÓN PROPIA): DE 14:00 A 16:00 HORAS</p>
<p>&nbsp;</p>
<h4><strong>Oferta educativa</strong></h4>
<p>NUESTRO COLEGIO&nbsp; ES UN CENTRO&nbsp; PÚBLICO DE INFANTIL Y PRIMARIA QUE CUENTA CON AULA TEA (ESPECTRO AUTISTA)</p>
<h4>&nbsp;</h4>
<p>&nbsp;</p>

<p>Datos de contacto C.E.I.P. REYES CATÓLICOS Dirección: &nbsp;Calle Abeto, 9.- 11510 &#8211; Puerto Real &nbsp;(Cádiz) Teléfono: 956 243 734 / 671595703 Email:&nbsp;11004660.edu@juntadeandalucia.es CORREO SECRETARÍA: secretaria@reyescatolicospuertoreal.com Horarios HORARIO LECTIVO: DE 9:00 A 14:00 HORAS AULA&#46;&#46;&#46;</p>
