{"id":2,"date":"2021-01-01T12:51:37","date_gmt":"2021-01-01T12:51:37","guid":{"rendered":"https:\/\/blogsaverroes.juntadeandalucia.es\/robotea2020\/?page_id=2"},"modified":"2022-05-12T17:22:58","modified_gmt":"2022-05-12T17:22:58","slug":"pagina-ejemplo","status":"publish","type":"page","link":"https:\/\/blogsaverroes.juntadeandalucia.es\/robotea2020\/pagina-ejemplo\/","title":{"rendered":"NUESTRO PROYECTO"},"content":{"rendered":"\t\t<div data-elementor-type=\"wp-page\" data-elementor-id=\"2\" class=\"elementor elementor-2\">\n\t\t\t\t\t\t<section class=\"elementor-section elementor-top-section elementor-element elementor-element-0081543 elementor-section-boxed elementor-section-height-default elementor-section-height-default\" data-id=\"0081543\" data-element_type=\"section\">\n\t\t\t\t\t\t<div class=\"elementor-container elementor-column-gap-default\">\n\t\t\t\t\t<div class=\"elementor-column elementor-col-100 elementor-top-column elementor-element elementor-element-e9767e7\" data-id=\"e9767e7\" data-element_type=\"column\">\n\t\t\t<div class=\"elementor-widget-wrap elementor-element-populated\">\n\t\t\t\t\t\t<div class=\"elementor-element elementor-element-ef91f80 elementor-widget elementor-widget-heading\" data-id=\"ef91f80\" data-element_type=\"widget\" data-widget_type=\"heading.default\">\n\t\t\t\t<div class=\"elementor-widget-container\">\n\t\t\t\t\t<h3 class=\"elementor-heading-title elementor-size-small\">Elaboraci\u00f3n de tapetes aumentados para la intervenci\u00f3n con alumnado TEA<\/h3>\t\t\t\t<\/div>\n\t\t\t\t<\/div>\n\t\t\t\t\t<\/div>\n\t\t<\/div>\n\t\t\t\t\t<\/div>\n\t\t<\/section>\n\t\t\t\t<section class=\"elementor-section elementor-top-section elementor-element elementor-element-1cddbb4 elementor-section-boxed elementor-section-height-default elementor-section-height-default\" data-id=\"1cddbb4\" data-element_type=\"section\">\n\t\t\t\t\t\t<div class=\"elementor-container elementor-column-gap-default\">\n\t\t\t\t\t<div class=\"elementor-column elementor-col-100 elementor-top-column elementor-element elementor-element-1842750\" data-id=\"1842750\" data-element_type=\"column\">\n\t\t\t<div class=\"elementor-widget-wrap elementor-element-populated\">\n\t\t\t\t\t\t<div class=\"elementor-element elementor-element-4cd14a9 elementor-widget elementor-widget-image\" data-id=\"4cd14a9\" data-element_type=\"widget\" data-widget_type=\"image.default\">\n\t\t\t\t<div class=\"elementor-widget-container\">\n\t\t\t\t\t\t\t\t\t\t\t\t\t\t\t<img fetchpriority=\"high\" decoding=\"async\" width=\"225\" height=\"225\" src=\"https:\/\/blogsaverroes.juntadeandalucia.es\/robotea2020\/files\/2021\/01\/descarga-3.jpg\" class=\"attachment-2048x2048 size-2048x2048 wp-image-30\" alt=\"\" srcset=\"https:\/\/blogsaverroes.juntadeandalucia.es\/robotea2020\/files\/2021\/01\/descarga-3.jpg 225w, https:\/\/blogsaverroes.juntadeandalucia.es\/robotea2020\/files\/2021\/01\/descarga-3-150x150.jpg 150w, https:\/\/blogsaverroes.juntadeandalucia.es\/robotea2020\/files\/2021\/01\/descarga-3-100x100.jpg 100w, https:\/\/blogsaverroes.juntadeandalucia.es\/robotea2020\/files\/2021\/01\/descarga-3-185x185.jpg 185w, https:\/\/blogsaverroes.juntadeandalucia.es\/robotea2020\/files\/2021\/01\/descarga-3-220x220.jpg 220w, https:\/\/blogsaverroes.juntadeandalucia.es\/robotea2020\/files\/2021\/01\/descarga-3-60x60.jpg 60w, https:\/\/blogsaverroes.juntadeandalucia.es\/robotea2020\/files\/2021\/01\/descarga-3-24x24.jpg 24w, https:\/\/blogsaverroes.juntadeandalucia.es\/robotea2020\/files\/2021\/01\/descarga-3-36x36.jpg 36w, https:\/\/blogsaverroes.juntadeandalucia.es\/robotea2020\/files\/2021\/01\/descarga-3-48x48.jpg 48w\" sizes=\"(max-width: 225px) 100vw, 225px\" \/>\t\t\t\t\t\t\t\t\t\t\t\t\t\t\t<\/div>\n\t\t\t\t<\/div>\n\t\t\t\t\t<\/div>\n\t\t<\/div>\n\t\t\t\t\t<\/div>\n\t\t<\/section>\n\t\t\t\t<section class=\"elementor-section elementor-top-section elementor-element elementor-element-5adb1b9b elementor-section-boxed elementor-section-height-default elementor-section-height-default\" data-id=\"5adb1b9b\" data-element_type=\"section\">\n\t\t\t\t\t\t<div class=\"elementor-container elementor-column-gap-default\">\n\t\t\t\t\t<div class=\"elementor-column elementor-col-100 elementor-top-column elementor-element elementor-element-4f395788\" data-id=\"4f395788\" data-element_type=\"column\">\n\t\t\t<div class=\"elementor-widget-wrap elementor-element-populated\">\n\t\t\t\t\t\t<div class=\"elementor-element elementor-element-1f78f019 elementor-widget elementor-widget-text-editor\" data-id=\"1f78f019\" data-element_type=\"widget\" data-widget_type=\"text-editor.default\">\n\t\t\t\t<div class=\"elementor-widget-container\">\n\t\t\t\t\t\t\t\t\t<p>Bienvenidos a Robotea.<\/p><p>Hoy en d\u00eda, la relaci\u00f3n entre las personas es la esencia de la educaci\u00f3n, y como maestras pretendemos mejorar la interacci\u00f3n entre docentes y estudiantes, centr\u00e1ndonos especialmente en el alumnado con Trastorno del Espectro Autista (TEA) al que va dirigido este proyecto. As\u00ed mismo, consideramos que este aspecto constituye la base de los procesos de ense\u00f1anza aprendizaje, proceso en el que existe un continuo intercambio de informaci\u00f3n, adaptaci\u00f3n y aprendizaje mutuo. Para la construcci\u00f3n de estos procesos, los estudiantes con TEA, han de adquirir competencias para desarrollar las relaciones con su entorno.\u00a0<\/p><p>Por todo ello, el alumnado con Trastorno del Espectro Autista, con su peculiar estilo de procesar la informaci\u00f3n y original manera de percibir e interpretar el mundo, supone un reto para todos los profesionales que intervenimos en su educaci\u00f3n, quienes debemos adaptar el estilo de ense\u00f1anza y las estrategias pedag\u00f3gicas a su perfil de funcionamiento cognitivo y de interacci\u00f3n interpersonal. La poblaci\u00f3n creciente de ni\u00f1os con TEA requiere, por tanto, intervenciones educativas basadas en las evidencias, que traten sus variadas necesidades al tiempo que maximicen su potencial.<\/p><p>En este sentido, la alianza de las nuevas tecnolog\u00edas y las pedagog\u00edas emergentes est\u00e1n desplazando lentamente los m\u00e9todos tradicionales de ense\u00f1anza-aprendizaje, y est\u00e1n respondiendo con acierto a las necesidades educativas especiales presentes en las aulas del Siglo XXI.<\/p><p><br \/>Para hacer frente a esta situaci\u00f3n surge \u201cElaboraci\u00f3n de tapetes aumentados para la intervenci\u00f3n con el alumnado con TEA\u201d, como un intento de dise\u00f1o y desarrollo de recursos educativos innovadores como apoyo a los procesos educativos de los alumnos y alumnas con TEA.<\/p><p><br \/>Este proyecto pretende apoyarse en la uni\u00f3n de la tecnolog\u00eda de la Realidad Aumentada y la Rob\u00f3tica educativa, y explotar sus caracter\u00edsticas poni\u00e9ndolas al servicio de la educaci\u00f3n de este colectivo.<\/p><p>\u00a0<\/p>\t\t\t\t\t\t\t\t<\/div>\n\t\t\t\t<\/div>\n\t\t\t\t\t<\/div>\n\t\t<\/div>\n\t\t\t\t\t<\/div>\n\t\t<\/section>\n\t\t\t\t<\/div>\n\t\t","protected":false},"excerpt":{"rendered":"<p>Elaboraci\u00f3n de tapetes aumentados para la intervenci\u00f3n con alumnado TEA Bienvenidos a Robotea. Hoy en d\u00eda, la relaci\u00f3n entre las personas es la esencia de la educaci\u00f3n, y como maestras pretendemos mejorar la interacci\u00f3n entre docentes y estudiantes, centr\u00e1ndonos especialmente en el alumnado con Trastorno del Espectro Autista (TEA) al que va dirigido este proyecto. &hellip; <\/p>\n<p><a class=\"more-link btn\" href=\"https:\/\/blogsaverroes.juntadeandalucia.es\/robotea2020\/pagina-ejemplo\/\">Seguir leyendo<\/a><\/p>\n","protected":false},"author":9463,"featured_media":0,"parent":0,"menu_order":0,"comment_status":"closed","ping_status":"open","template":"","meta":{"ngg_post_thumbnail":0,"footnotes":""},"aioseo_notices":[],"_links":{"self":[{"href":"https:\/\/blogsaverroes.juntadeandalucia.es\/robotea2020\/wp-json\/wp\/v2\/pages\/2"}],"collection":[{"href":"https:\/\/blogsaverroes.juntadeandalucia.es\/robotea2020\/wp-json\/wp\/v2\/pages"}],"about":[{"href":"https:\/\/blogsaverroes.juntadeandalucia.es\/robotea2020\/wp-json\/wp\/v2\/types\/page"}],"author":[{"embeddable":true,"href":"https:\/\/blogsaverroes.juntadeandalucia.es\/robotea2020\/wp-json\/wp\/v2\/users\/9463"}],"replies":[{"embeddable":true,"href":"https:\/\/blogsaverroes.juntadeandalucia.es\/robotea2020\/wp-json\/wp\/v2\/comments?post=2"}],"version-history":[{"count":19,"href":"https:\/\/blogsaverroes.juntadeandalucia.es\/robotea2020\/wp-json\/wp\/v2\/pages\/2\/revisions"}],"predecessor-version":[{"id":388,"href":"https:\/\/blogsaverroes.juntadeandalucia.es\/robotea2020\/wp-json\/wp\/v2\/pages\/2\/revisions\/388"}],"wp:attachment":[{"href":"https:\/\/blogsaverroes.juntadeandalucia.es\/robotea2020\/wp-json\/wp\/v2\/media?parent=2"}],"curies":[{"name":"wp","href":"https:\/\/api.w.org\/{rel}","templated":true}]}}