{"id":24,"date":"2021-01-05T17:17:38","date_gmt":"2021-01-05T17:17:38","guid":{"rendered":"https:\/\/blogsaverroes.juntadeandalucia.es\/robotea2020\/about-us\/"},"modified":"2021-02-23T19:28:12","modified_gmt":"2021-02-23T19:28:12","slug":"about-us","status":"publish","type":"page","link":"https:\/\/blogsaverroes.juntadeandalucia.es\/robotea2020\/about-us\/","title":{"rendered":"NOS PRESENTAMOS"},"content":{"rendered":"\t\t<div data-elementor-type=\"wp-page\" data-elementor-id=\"24\" class=\"elementor elementor-24\">\n\t\t\t\t\t\t<section class=\"elementor-section elementor-top-section elementor-element elementor-element-663cb88 elementor-section-boxed elementor-section-height-default elementor-section-height-default\" data-id=\"663cb88\" data-element_type=\"section\">\n\t\t\t\t\t\t<div class=\"elementor-container elementor-column-gap-default\">\n\t\t\t\t\t<div class=\"elementor-column elementor-col-25 elementor-top-column elementor-element elementor-element-58447d2\" data-id=\"58447d2\" data-element_type=\"column\">\n\t\t\t<div class=\"elementor-widget-wrap elementor-element-populated\">\n\t\t\t\t\t\t<div class=\"elementor-element elementor-element-d4669f5 elementor-widget elementor-widget-image\" data-id=\"d4669f5\" data-element_type=\"widget\" data-widget_type=\"image.default\">\n\t\t\t\t<div class=\"elementor-widget-container\">\n\t\t\t\t\t\t\t\t\t\t\t\t\t\t\t<img fetchpriority=\"high\" decoding=\"async\" width=\"750\" height=\"747\" src=\"https:\/\/blogsaverroes.juntadeandalucia.es\/robotea2020\/files\/2021\/02\/Rocio-768x765.jpeg\" class=\"attachment-medium_large size-medium_large wp-image-152\" alt=\"\" srcset=\"https:\/\/blogsaverroes.juntadeandalucia.es\/robotea2020\/files\/2021\/02\/Rocio-768x765.jpeg 768w, https:\/\/blogsaverroes.juntadeandalucia.es\/robotea2020\/files\/2021\/02\/Rocio-300x300.jpeg 300w, https:\/\/blogsaverroes.juntadeandalucia.es\/robotea2020\/files\/2021\/02\/Rocio-1024x1021.jpeg 1024w, https:\/\/blogsaverroes.juntadeandalucia.es\/robotea2020\/files\/2021\/02\/Rocio-150x150.jpeg 150w, https:\/\/blogsaverroes.juntadeandalucia.es\/robotea2020\/files\/2021\/02\/Rocio-100x100.jpeg 100w, https:\/\/blogsaverroes.juntadeandalucia.es\/robotea2020\/files\/2021\/02\/Rocio-246x246.jpeg 246w, https:\/\/blogsaverroes.juntadeandalucia.es\/robotea2020\/files\/2021\/02\/Rocio-185x185.jpeg 185w, https:\/\/blogsaverroes.juntadeandalucia.es\/robotea2020\/files\/2021\/02\/Rocio-220x220.jpeg 220w, https:\/\/blogsaverroes.juntadeandalucia.es\/robotea2020\/files\/2021\/02\/Rocio-60x60.jpeg 60w, https:\/\/blogsaverroes.juntadeandalucia.es\/robotea2020\/files\/2021\/02\/Rocio-24x24.jpeg 24w, https:\/\/blogsaverroes.juntadeandalucia.es\/robotea2020\/files\/2021\/02\/Rocio-36x36.jpeg 36w, https:\/\/blogsaverroes.juntadeandalucia.es\/robotea2020\/files\/2021\/02\/Rocio-48x48.jpeg 48w, https:\/\/blogsaverroes.juntadeandalucia.es\/robotea2020\/files\/2021\/02\/Rocio.jpeg 1183w\" sizes=\"(max-width: 750px) 100vw, 750px\" \/>\t\t\t\t\t\t\t\t\t\t\t\t\t\t\t<\/div>\n\t\t\t\t<\/div>\n\t\t\t\t<div class=\"elementor-element elementor-element-2c2d175 elementor-widget elementor-widget-text-editor\" data-id=\"2c2d175\" data-element_type=\"widget\" data-widget_type=\"text-editor.default\">\n\t\t\t\t<div class=\"elementor-widget-container\">\n\t\t\t\t\t\t\t\t\t<p style=\"text-align: center\"><span style=\"font-size: 13.3333px\">Roc\u00edo Molina Gallardo<\/span><\/p><p style=\"text-align: center\"><span style=\"font-size: 10pt\">Maestra en CEIP Posidonia (Roquetas de Mar).<\/span><\/p><p style=\"text-align: center\"><span style=\"font-size: 10pt\">Soy una fan de las nuevas tecnolog\u00edas, me encanta viajar, escuchar m\u00fasica, la playa&#8230;.<\/span><\/p>\t\t\t\t\t\t\t\t<\/div>\n\t\t\t\t<\/div>\n\t\t\t\t\t<\/div>\n\t\t<\/div>\n\t\t\t\t<div class=\"elementor-column elementor-col-25 elementor-top-column elementor-element elementor-element-1db2664\" data-id=\"1db2664\" data-element_type=\"column\">\n\t\t\t<div class=\"elementor-widget-wrap elementor-element-populated\">\n\t\t\t\t\t\t<div class=\"elementor-element elementor-element-e95dc9f elementor-widget elementor-widget-image\" data-id=\"e95dc9f\" data-element_type=\"widget\" data-widget_type=\"image.default\">\n\t\t\t\t<div class=\"elementor-widget-container\">\n\t\t\t\t\t\t\t\t\t\t\t\t\t\t\t<img decoding=\"async\" src=\"https:\/\/blogsaverroes.juntadeandalucia.es\/robotea2020\/files\/2021\/02\/TVGA4623-384x384.jpg\" title=\"TVGA4623\" alt=\"TVGA4623\" loading=\"lazy\" \/>\t\t\t\t\t\t\t\t\t\t\t\t\t\t\t<\/div>\n\t\t\t\t<\/div>\n\t\t\t\t<div class=\"elementor-element elementor-element-c920234 elementor-widget elementor-widget-text-editor\" data-id=\"c920234\" data-element_type=\"widget\" data-widget_type=\"text-editor.default\">\n\t\t\t\t<div class=\"elementor-widget-container\">\n\t\t\t\t\t\t\t\t\t<p style=\"text-align: center\"><span style=\"font-size: 10pt\">Almudena Villegas Castro<\/span><\/p><p style=\"text-align: center\"><span style=\"font-size: 10pt\">Tutora de aula TEA infantil en\u00a0<\/span><span style=\"font-size: 10pt\">CEIP Posidonia (Roquetas de Mar).<\/span><\/p><p style=\"text-align: center\"><span style=\"font-size: 13.3333px\">Apasionada por los viajes y descubrir nuevos lugares, amante de todo tipo de m\u00fasica, fan de las playas de Almer\u00eda, impaciente por aprender un poco de todo y positiva al m\u00e1ximo. Y sin lugar a dudas, enamorada de mi alumnado del aula TEA y de sus maravillosas cualidades.<\/span><\/p>\t\t\t\t\t\t\t\t<\/div>\n\t\t\t\t<\/div>\n\t\t\t\t\t<\/div>\n\t\t<\/div>\n\t\t\t\t<div class=\"elementor-column elementor-col-25 elementor-top-column elementor-element elementor-element-0e21929\" data-id=\"0e21929\" data-element_type=\"column\">\n\t\t\t<div class=\"elementor-widget-wrap elementor-element-populated\">\n\t\t\t\t\t\t<div class=\"elementor-element elementor-element-f84a04f elementor-widget elementor-widget-image\" data-id=\"f84a04f\" data-element_type=\"widget\" data-widget_type=\"image.default\">\n\t\t\t\t<div class=\"elementor-widget-container\">\n\t\t\t\t\t\t\t\t\t\t\t\t\t\t\t<img decoding=\"async\" src=\"https:\/\/blogsaverroes.juntadeandalucia.es\/robotea2020\/files\/2021\/02\/b4dd63d8-2a32-429a-bfc0-059f4c74eb05-1-384x384.jpg\" title=\"b4dd63d8-2a32-429a-bfc0-059f4c74eb05\" alt=\"b4dd63d8-2a32-429a-bfc0-059f4c74eb05\" loading=\"lazy\" \/>\t\t\t\t\t\t\t\t\t\t\t\t\t\t\t<\/div>\n\t\t\t\t<\/div>\n\t\t\t\t<div class=\"elementor-element elementor-element-b817b3e elementor-widget elementor-widget-text-editor\" data-id=\"b817b3e\" data-element_type=\"widget\" data-widget_type=\"text-editor.default\">\n\t\t\t\t<div class=\"elementor-widget-container\">\n\t\t\t\t\t\t\t\t\t<p style=\"text-align: center\"><span style=\"font-size: 10pt\">Carolina Albalat Mart\u00edn<\/span><\/p>\n<p style=\"text-align: center\"><span style=\"font-size: 10pt\">Maestra especialista en&nbsp;<\/span><span style=\"font-size: 10pt\">&nbsp;Pedagog\u00eda Terap\u00e9utica&nbsp;<\/span><span style=\"font-size: 10pt\">y tutora aula TEA 1 en CEIP Europa (Almer\u00eda)&nbsp;<\/span><\/p>\n<p style=\"text-align: center\"><span style=\"font-size: 10pt\"> Amante de las nuevas tecnolog\u00edas, me gustan los retos y no me rindo f\u00e1cilmente. Muy detallista y autodidacta&#8230;, nunca dejo de aprender.<\/span><\/p>\t\t\t\t\t\t\t\t<\/div>\n\t\t\t\t<\/div>\n\t\t\t\t\t<\/div>\n\t\t<\/div>\n\t\t\t\t<div class=\"elementor-column elementor-col-25 elementor-top-column elementor-element elementor-element-1c839e1\" data-id=\"1c839e1\" data-element_type=\"column\">\n\t\t\t<div class=\"elementor-widget-wrap elementor-element-populated\">\n\t\t\t\t\t\t<div class=\"elementor-element elementor-element-9672cc9 elementor-widget elementor-widget-image\" data-id=\"9672cc9\" data-element_type=\"widget\" data-widget_type=\"image.default\">\n\t\t\t\t<div class=\"elementor-widget-container\">\n\t\t\t\t\t\t\t\t\t\t\t\t\t\t\t<img decoding=\"async\" src=\"https:\/\/blogsaverroes.juntadeandalucia.es\/robotea2020\/files\/2021\/02\/r-384x384.jpeg\" title=\"r\" alt=\"r\" loading=\"lazy\" \/>\t\t\t\t\t\t\t\t\t\t\t\t\t\t\t<\/div>\n\t\t\t\t<\/div>\n\t\t\t\t<div class=\"elementor-element elementor-element-30762b3 elementor-widget elementor-widget-text-editor\" data-id=\"30762b3\" data-element_type=\"widget\" data-widget_type=\"text-editor.default\">\n\t\t\t\t<div class=\"elementor-widget-container\">\n\t\t\t\t\t\t\t\t\t<p style=\"text-align: center\"><span style=\"font-size: 10pt\">Roc\u00edo Fern\u00e1ndez Mar\u00edn<\/span><\/p><p style=\"text-align: center\"><span style=\"font-size: 10pt\">Maestra especialista en Audici\u00f3n y Lenguaje itinerante en el Campo de N\u00edjar<\/span><span style=\"font-size: 10pt\">\u00a0(Almer\u00eda).<\/span><\/p><p style=\"text-align: center\"><span style=\"font-size: 10pt\">Tras la realizaci\u00f3n de un master en neuropsicolog\u00eda mi percepci\u00f3n en la intervenci\u00f3n cambi\u00f3, ampli\u00e1ndose a otros par\u00e1metros base. Junto a ello, hace unos a\u00f1os, gracias al trabajo realizado con las compa\u00f1eras de aulas TEA, tuve la oportunidad de ver lo que las nuevas tecnolog\u00edas ofrecian en mi intervenci\u00f3n. Desde entonces, intento profundizar cada vez m\u00e1s en su aprendizaje.<\/span><\/p>\t\t\t\t\t\t\t\t<\/div>\n\t\t\t\t<\/div>\n\t\t\t\t\t<\/div>\n\t\t<\/div>\n\t\t\t\t\t<\/div>\n\t\t<\/section>\n\t\t\t\t<section class=\"elementor-section elementor-top-section elementor-element elementor-element-c25af8c elementor-section-boxed elementor-section-height-default elementor-section-height-default\" data-id=\"c25af8c\" data-element_type=\"section\">\n\t\t\t\t\t\t<div class=\"elementor-container elementor-column-gap-default\">\n\t\t\t\t\t<div class=\"elementor-column elementor-col-25 elementor-top-column elementor-element elementor-element-247dc15\" data-id=\"247dc15\" data-element_type=\"column\">\n\t\t\t<div class=\"elementor-widget-wrap elementor-element-populated\">\n\t\t\t\t\t\t<div class=\"elementor-element elementor-element-e288349 elementor-widget elementor-widget-image\" data-id=\"e288349\" data-element_type=\"widget\" data-widget_type=\"image.default\">\n\t\t\t\t<div class=\"elementor-widget-container\">\n\t\t\t\t\t\t\t\t\t\t\t\t\t\t\t<img decoding=\"async\" src=\"https:\/\/blogsaverroes.juntadeandalucia.es\/robotea2020\/files\/2021\/02\/73be7eb6-237e-4ae7-9f94-3200553c6062-384x384.jpg\" title=\"73be7eb6-237e-4ae7-9f94-3200553c6062\" alt=\"73be7eb6-237e-4ae7-9f94-3200553c6062\" loading=\"lazy\" \/>\t\t\t\t\t\t\t\t\t\t\t\t\t\t\t<\/div>\n\t\t\t\t<\/div>\n\t\t\t\t<div class=\"elementor-element elementor-element-9c8914c elementor-widget elementor-widget-text-editor\" data-id=\"9c8914c\" data-element_type=\"widget\" data-widget_type=\"text-editor.default\">\n\t\t\t\t<div class=\"elementor-widget-container\">\n\t\t\t\t\t\t\t\t\t<p style=\"text-align: center\"><span style=\"font-size: 10pt\">Mar\u00eda del Mar Garc\u00eda Mart\u00edn<\/span><\/p><p style=\"text-align: center\"><span style=\"font-size: 10pt\">Maestra especialista en\u00a0<\/span><span style=\"font-size: 10pt\">\u00a0Pedagog\u00eda Terap\u00e9utica adscrita al aula de apoyo a la integraci\u00f3n<\/span><span style=\"font-size: 10pt\">\u00a0en CEIP Europa (Almer\u00eda).<\/span><\/p><p style=\"text-align: center\"><span style=\"font-size: 10pt\">Me llamo Mar\u00eda del Mar Garc\u00eda Mart\u00edn y llevo trabajando como especialista de pedagog\u00eda terapeutica desde el a\u00f1o 2008. Durante todo este tiempo he desarrollado mi labor en distintos centros educativos lo que me ha permitido aprender distintas metodolog\u00edas y ser conocedora de que carencias existen dentro del \u00e1mbito de la educaci\u00f3n especial. Es por ello, que actualmente, mi aprendizaje se enfoca a la aplicaci\u00f3n de las nuevas tecnolog\u00edas como instrumento de formaci\u00f3n y desarrollo del alumnado TEA.<\/span><\/p>\t\t\t\t\t\t\t\t<\/div>\n\t\t\t\t<\/div>\n\t\t\t\t\t<\/div>\n\t\t<\/div>\n\t\t\t\t<div class=\"elementor-column elementor-col-25 elementor-top-column elementor-element elementor-element-aeb61a5\" data-id=\"aeb61a5\" data-element_type=\"column\">\n\t\t\t<div class=\"elementor-widget-wrap elementor-element-populated\">\n\t\t\t\t\t\t<div class=\"elementor-element elementor-element-63a41c6 elementor-widget elementor-widget-image\" data-id=\"63a41c6\" data-element_type=\"widget\" data-widget_type=\"image.default\">\n\t\t\t\t<div class=\"elementor-widget-container\">\n\t\t\t\t\t\t\t\t\t\t\t\t\t\t\t<img decoding=\"async\" width=\"182\" height=\"220\" src=\"https:\/\/blogsaverroes.juntadeandalucia.es\/robotea2020\/files\/2021\/02\/Vicky-182x220.jpeg\" class=\"attachment-advps-thumb-one size-advps-thumb-one wp-image-189\" alt=\"\" \/>\t\t\t\t\t\t\t\t\t\t\t\t\t\t\t<\/div>\n\t\t\t\t<\/div>\n\t\t\t\t<div class=\"elementor-element elementor-element-278c31b elementor-widget elementor-widget-text-editor\" data-id=\"278c31b\" data-element_type=\"widget\" data-widget_type=\"text-editor.default\">\n\t\t\t\t<div class=\"elementor-widget-container\">\n\t\t\t\t\t\t\t\t\t<p style=\"text-align: center\"><span style=\"font-size: 10pt\">Victoria Garc\u00eda Padilla<\/span><\/p><p style=\"text-align: center\"><span style=\"font-size: 10pt\">Maestra especialista en\u00a0<\/span><span style=\"font-size: 10pt\">\u00a0Pedagog\u00eda Terap\u00e9utica\u00a0<\/span><span style=\"font-size: 10pt\">y tutora aula TEA\u00a0 en CEIP Posidonia (Roquetas de Mar).\u00a0<\/span><\/p><p style=\"text-align: center\"><span style=\"font-size: 10pt\">Psicopedagoga y m\u00e1ster en dise\u00f1o tecnopedag\u00f3gico en educaci\u00f3n. Me gusta la cultura gastron\u00f3mica, el bricolaje y pasear por mercadillos de segunda mano mientras busco vinilos antiguos.<\/span><\/p>\t\t\t\t\t\t\t\t<\/div>\n\t\t\t\t<\/div>\n\t\t\t\t\t<\/div>\n\t\t<\/div>\n\t\t\t\t<div class=\"elementor-column elementor-col-25 elementor-top-column elementor-element elementor-element-7e04c1d\" data-id=\"7e04c1d\" data-element_type=\"column\">\n\t\t\t<div class=\"elementor-widget-wrap elementor-element-populated\">\n\t\t\t\t\t\t<div class=\"elementor-element elementor-element-c21a9d9 elementor-widget elementor-widget-image\" data-id=\"c21a9d9\" data-element_type=\"widget\" data-widget_type=\"image.default\">\n\t\t\t\t<div class=\"elementor-widget-container\">\n\t\t\t\t\t\t\t\t\t\t\t\t\t\t\t<img decoding=\"async\" src=\"https:\/\/blogsaverroes.juntadeandalucia.es\/robotea2020\/files\/2021\/02\/928c7998-423c-49d7-8ce1-af13f70e0e41-384x384.jpg\" title=\"928c7998-423c-49d7-8ce1-af13f70e0e41\" alt=\"928c7998-423c-49d7-8ce1-af13f70e0e41\" loading=\"lazy\" \/>\t\t\t\t\t\t\t\t\t\t\t\t\t\t\t<\/div>\n\t\t\t\t<\/div>\n\t\t\t\t<div class=\"elementor-element elementor-element-a126524 elementor-widget elementor-widget-text-editor\" data-id=\"a126524\" data-element_type=\"widget\" data-widget_type=\"text-editor.default\">\n\t\t\t\t<div class=\"elementor-widget-container\">\n\t\t\t\t\t\t\t\t\t<p style=\"text-align: center\"><span style=\"font-size: 10pt\">M\u00f3nica Medina Manzano<\/span><\/p><p style=\"text-align: center\"><span style=\"font-size: 10pt\">Maestra especialista en\u00a0<\/span><span style=\"font-size: 10pt\">\u00a0Pedagog\u00eda Terap\u00e9utica\u00a0<\/span><span style=\"font-size: 10pt\">y tutora aula TEA 2 en CEIP Europa (Almer\u00eda)\u00a0<\/span><\/p><p style=\"text-align: center\"><span style=\"font-size: 10pt\">He experimentado un recorrido por las distintas variantes de mi especialidad intentando enriquecerme de cada una de ellas. Hace unos a\u00f1os comenc\u00e9 mi aventura con el autismo en el CEIP Europa (Almer\u00eda), amante de la ense\u00f1anza y sobre todo del aprendizaje en el dia a dia con \u00abmis ni\u00f1os\u00bb.<\/span><\/p>\t\t\t\t\t\t\t\t<\/div>\n\t\t\t\t<\/div>\n\t\t\t\t\t<\/div>\n\t\t<\/div>\n\t\t\t\t<div class=\"elementor-column elementor-col-25 elementor-top-column elementor-element elementor-element-2be6c24\" data-id=\"2be6c24\" data-element_type=\"column\">\n\t\t\t<div class=\"elementor-widget-wrap elementor-element-populated\">\n\t\t\t\t\t\t<div class=\"elementor-element elementor-element-ad4be38 elementor-widget elementor-widget-image\" data-id=\"ad4be38\" data-element_type=\"widget\" data-widget_type=\"image.default\">\n\t\t\t\t<div class=\"elementor-widget-container\">\n\t\t\t\t\t\t\t\t\t\t\t\t\t\t\t<img decoding=\"async\" src=\"https:\/\/blogsaverroes.juntadeandalucia.es\/robotea2020\/files\/2021\/02\/foto-_Roc\u00edo-morata-1-e1614093846623-246x246.jpg\" title=\"foto _Roc\u00edo morata (1)\" alt=\"foto _Roc\u00edo morata (1)\" loading=\"lazy\" \/>\t\t\t\t\t\t\t\t\t\t\t\t\t\t\t<\/div>\n\t\t\t\t<\/div>\n\t\t\t\t<div class=\"elementor-element elementor-element-11855f0 elementor-widget elementor-widget-text-editor\" data-id=\"11855f0\" data-element_type=\"widget\" data-widget_type=\"text-editor.default\">\n\t\t\t\t<div class=\"elementor-widget-container\">\n\t\t\t\t\t\t\t\t\t<p style=\"text-align: center\"><span style=\"font-size: 10pt\">Roc\u00edo Morata Castillo<\/span><\/p><p style=\"text-align: center\"><span style=\"font-size: 10pt\">Maestra especialista en Audici\u00f3n y\u00a0 Lenguaje en\u00a0<\/span><span style=\"font-size: 10pt\">CEIP Europa (Almer\u00eda).<\/span><\/p><p style=\"text-align: center\"><span style=\"font-size: 10pt\">Recientemente comenc\u00e9 a trabajar en el CEIP Europa, donde por primera vez, tengo contacto con una gran diversidad de ni\u00f1os y ni\u00f1as con TEA. Me gusta que participen activamente en todas las actividades. Por ello creo que este proyecto puede servirles de gran ayuda y disfrute. Siempre, por y para ellos.\u00a0<\/span><\/p><p>\u00a0<\/p>\t\t\t\t\t\t\t\t<\/div>\n\t\t\t\t<\/div>\n\t\t\t\t\t<\/div>\n\t\t<\/div>\n\t\t\t\t\t<\/div>\n\t\t<\/section>\n\t\t\t\t<\/div>\n\t\t","protected":false},"excerpt":{"rendered":"<p>Roc\u00edo Molina Gallardo Maestra en CEIP Posidonia (Roquetas de Mar). Soy una fan de las nuevas tecnolog\u00edas, me encanta viajar, escuchar m\u00fasica, la playa&#8230;. Almudena Villegas Castro Tutora de aula TEA infantil en\u00a0CEIP Posidonia (Roquetas de Mar). Apasionada por los viajes y descubrir nuevos lugares, amante de todo tipo de m\u00fasica, fan de las playas &hellip; <\/p>\n<p><a class=\"more-link btn\" href=\"https:\/\/blogsaverroes.juntadeandalucia.es\/robotea2020\/about-us\/\">Seguir leyendo<\/a><\/p>\n","protected":false},"author":1,"featured_media":0,"parent":0,"menu_order":0,"comment_status":"closed","ping_status":"closed","template":"templates\/template-about.php","meta":{"ngg_post_thumbnail":0,"footnotes":""},"aioseo_notices":[],"_links":{"self":[{"href":"https:\/\/blogsaverroes.juntadeandalucia.es\/robotea2020\/wp-json\/wp\/v2\/pages\/24"}],"collection":[{"href":"https:\/\/blogsaverroes.juntadeandalucia.es\/robotea2020\/wp-json\/wp\/v2\/pages"}],"about":[{"href":"https:\/\/blogsaverroes.juntadeandalucia.es\/robotea2020\/wp-json\/wp\/v2\/types\/page"}],"author":[{"embeddable":true,"href":"https:\/\/blogsaverroes.juntadeandalucia.es\/robotea2020\/wp-json\/wp\/v2\/users\/1"}],"replies":[{"embeddable":true,"href":"https:\/\/blogsaverroes.juntadeandalucia.es\/robotea2020\/wp-json\/wp\/v2\/comments?post=24"}],"version-history":[{"count":40,"href":"https:\/\/blogsaverroes.juntadeandalucia.es\/robotea2020\/wp-json\/wp\/v2\/pages\/24\/revisions"}],"predecessor-version":[{"id":247,"href":"https:\/\/blogsaverroes.juntadeandalucia.es\/robotea2020\/wp-json\/wp\/v2\/pages\/24\/revisions\/247"}],"wp:attachment":[{"href":"https:\/\/blogsaverroes.juntadeandalucia.es\/robotea2020\/wp-json\/wp\/v2\/media?parent=24"}],"curies":[{"name":"wp","href":"https:\/\/api.w.org\/{rel}","templated":true}]}}