{"id":31,"date":"2020-09-13T12:30:31","date_gmt":"2020-09-13T10:30:31","guid":{"rendered":"https:\/\/blogsaverroes.juntadeandalucia.es\/rociof\/?page_id=31"},"modified":"2022-05-28T20:48:50","modified_gmt":"2022-05-28T18:48:50","slug":"a-cerca-de","status":"publish","type":"page","link":"https:\/\/blogsaverroes.juntadeandalucia.es\/rociof\/a-cerca-de\/","title":{"rendered":"A cerca de m\u00ed&#8230;"},"content":{"rendered":"<p><strong><span style=\"font-family: 'courier new', courier, monospace\">Bienvenidos a mi peque\u00f1a ventana.<\/span><\/strong><\/p>\n<p><strong><span style=\"font-family: 'courier new', courier, monospace\">Me llamo Roc\u00edo y soy maestra&nbsp; de un colegio situado en un pueblecito cercano al Guadalquivir&#8230;<\/span><\/strong><\/p>\n<p><strong><span style=\"font-family: 'courier new', courier, monospace\"> Me apasionan las matem\u00e1ticas, las ciencias y su did\u00e1ctica. Intento aprender cada d\u00eda aprendo algo nuevo.<\/span><\/strong><\/p>\n<p><strong><span style=\"font-family: 'courier new', courier, monospace\"> Muestro el camino del saber a mis peque\u00f1os padawans. Por ellos surge este blog.<\/span><\/strong><\/p>\n<p>&nbsp;<\/p>\n","protected":false},"excerpt":{"rendered":"<p>Bienvenidos a mi peque\u00f1a ventana. Me llamo Roc\u00edo y soy maestra&nbsp; de un colegio situado en un pueblecito cercano al Guadalquivir&#8230; Me apasionan las matem\u00e1ticas, las ciencias y su did\u00e1ctica. Intento aprender cada d\u00eda aprendo algo nuevo. Muestro el camino&#46;&#46;&#46;<\/p>\n","protected":false},"author":7890,"featured_media":0,"parent":0,"menu_order":0,"comment_status":"closed","ping_status":"closed","template":"","meta":{"ngg_post_thumbnail":0,"footnotes":""},"aioseo_notices":[],"_links":{"self":[{"href":"https:\/\/blogsaverroes.juntadeandalucia.es\/rociof\/wp-json\/wp\/v2\/pages\/31"}],"collection":[{"href":"https:\/\/blogsaverroes.juntadeandalucia.es\/rociof\/wp-json\/wp\/v2\/pages"}],"about":[{"href":"https:\/\/blogsaverroes.juntadeandalucia.es\/rociof\/wp-json\/wp\/v2\/types\/page"}],"author":[{"embeddable":true,"href":"https:\/\/blogsaverroes.juntadeandalucia.es\/rociof\/wp-json\/wp\/v2\/users\/7890"}],"replies":[{"embeddable":true,"href":"https:\/\/blogsaverroes.juntadeandalucia.es\/rociof\/wp-json\/wp\/v2\/comments?post=31"}],"version-history":[{"count":5,"href":"https:\/\/blogsaverroes.juntadeandalucia.es\/rociof\/wp-json\/wp\/v2\/pages\/31\/revisions"}],"predecessor-version":[{"id":363,"href":"https:\/\/blogsaverroes.juntadeandalucia.es\/rociof\/wp-json\/wp\/v2\/pages\/31\/revisions\/363"}],"wp:attachment":[{"href":"https:\/\/blogsaverroes.juntadeandalucia.es\/rociof\/wp-json\/wp\/v2\/media?parent=31"}],"curies":[{"name":"wp","href":"https:\/\/api.w.org\/{rel}","templated":true}]}}