{"id":387,"date":"2022-05-31T16:34:48","date_gmt":"2022-05-31T14:34:48","guid":{"rendered":"https:\/\/blogsaverroes.juntadeandalucia.es\/rociof\/?page_id=387"},"modified":"2022-05-31T16:41:43","modified_gmt":"2022-05-31T14:41:43","slug":"pensamiento-comptacional","status":"publish","type":"page","link":"https:\/\/blogsaverroes.juntadeandalucia.es\/rociof\/pensamiento-comptacional\/","title":{"rendered":"PENSAMIENTO COMPUTACIONAL"},"content":{"rendered":"<p>En esta secci\u00f3n os dejo los enlaces directos para trabajar el Pensamiento Computacional.<\/p>\n<p>Si entras en CODE.org tendr\u00e1s que buscar tu avatar y seguir con tu plan de trabajo.&nbsp;<\/p>\n<p>BEEBOT es un juego de programaci\u00f3n.<\/p>\n<p>&nbsp;<\/p>\n<p style=\"text-align: center\"><span style=\"font-size: 24pt\"><a href=\"https:\/\/studio.code.org\/sections\/SDTCWG\" target=\"_blank\" rel=\"noopener noreferrer\">CODE<\/a><\/span><\/p>\n<p style=\"text-align: center\"><span style=\"font-size: 24pt\"><a href=\"https:\/\/beebot.terrapinlogo.com\/\" target=\"_blank\" rel=\"noopener noreferrer\">BEEBOT<\/a><\/span><\/p>\n<p>&nbsp;<\/p>\n","protected":false},"excerpt":{"rendered":"<p>En esta secci\u00f3n os dejo los enlaces directos para trabajar el Pensamiento Computacional. Si entras en CODE.org tendr\u00e1s que buscar tu avatar y seguir con tu plan de trabajo.&nbsp; BEEBOT es un juego de programaci\u00f3n. &nbsp; CODE BEEBOT &nbsp;<\/p>\n","protected":false},"author":7890,"featured_media":0,"parent":0,"menu_order":0,"comment_status":"closed","ping_status":"closed","template":"","meta":{"ngg_post_thumbnail":0,"footnotes":""},"aioseo_notices":[],"_links":{"self":[{"href":"https:\/\/blogsaverroes.juntadeandalucia.es\/rociof\/wp-json\/wp\/v2\/pages\/387"}],"collection":[{"href":"https:\/\/blogsaverroes.juntadeandalucia.es\/rociof\/wp-json\/wp\/v2\/pages"}],"about":[{"href":"https:\/\/blogsaverroes.juntadeandalucia.es\/rociof\/wp-json\/wp\/v2\/types\/page"}],"author":[{"embeddable":true,"href":"https:\/\/blogsaverroes.juntadeandalucia.es\/rociof\/wp-json\/wp\/v2\/users\/7890"}],"replies":[{"embeddable":true,"href":"https:\/\/blogsaverroes.juntadeandalucia.es\/rociof\/wp-json\/wp\/v2\/comments?post=387"}],"version-history":[{"count":3,"href":"https:\/\/blogsaverroes.juntadeandalucia.es\/rociof\/wp-json\/wp\/v2\/pages\/387\/revisions"}],"predecessor-version":[{"id":390,"href":"https:\/\/blogsaverroes.juntadeandalucia.es\/rociof\/wp-json\/wp\/v2\/pages\/387\/revisions\/390"}],"wp:attachment":[{"href":"https:\/\/blogsaverroes.juntadeandalucia.es\/rociof\/wp-json\/wp\/v2\/media?parent=387"}],"curies":[{"name":"wp","href":"https:\/\/api.w.org\/{rel}","templated":true}]}}