{"id":1095,"date":"2021-03-04T00:14:31","date_gmt":"2021-03-03T23:14:31","guid":{"rendered":"https:\/\/blogsaverroes.juntadeandalucia.es\/ruizdelperal\/?page_id=1095"},"modified":"2021-04-19T22:22:52","modified_gmt":"2021-04-19T21:22:52","slug":"oferta-educativa-servicios-instalaciones","status":"publish","type":"page","link":"https:\/\/blogsaverroes.juntadeandalucia.es\/ruizdelperal\/oferta-educativa-servicios-instalaciones\/","title":{"rendered":"Oferta educativa\/servicios\/instalaciones"},"content":{"rendered":"<p><span style=\"font-family: arial, helvetica, sans-serif;font-size: 12pt;color: #000080\">El C.E.I.P. \u201cRuiz del Peral\u201d tiene 10 unidades: 3 de Infantil y&nbsp; las siguientes unidades de Primaria: una de primero, una de segundo, una de tercero, una de cuarto, una de quinto y una de sexto, apoyo a la Integraci\u00f3n, audici\u00f3n y lenguaje, adem\u00e1s de ser desde el curso 2009-10 centro biling\u00fce.<br \/>\n<\/span><\/p>\n<p><span style=\"font-size: 12pt;color: #000080;font-family: arial, helvetica, sans-serif\">&nbsp;&nbsp;&nbsp;&nbsp;&nbsp;&nbsp;&nbsp; Ofrece a la comunidad la posibilidad de cursar en el mismo la etapa de E. Infantil y E. Primaria, adem\u00e1s de los servicios derivados del Plan de Apertura de Centros y Apoyo a las Familias que oferta la Consejer\u00eda de Educaci\u00f3n como son: Aula Matinal desde las 7.30 de la ma\u00f1ana, comedor diario con servicio prestado por el catering \u00abMediterr\u00e1nea\u00bb, y actividades extraescolares de ingl\u00e9s y acompa\u00f1amiento escolar.&nbsp;<\/span><\/p>\n<p><span style=\"font-family: arial, helvetica, sans-serif;font-size: 12pt;color: #000080\">&nbsp;&nbsp;&nbsp; Adem\u00e1s de la sala de biblioteca, cuenta con una importante dotaci\u00f3n de medios TIC,&nbsp; aula de inform\u00e1tica,&nbsp; aula de recursos dotada con equipo audiovisual y pizarra digital, ordenador y pantalla plana en todas las clases de E. infantil, as\u00ed como pizarra digital en todas las clase de E. primaria.&nbsp;<\/span><\/p>\n<p><span style=\"font-family: arial, helvetica, sans-serif;font-size: 12pt;color: #000080\">Dispone de un amplio patio de recreo con pista de f\u00fatbol sala, m\u00e1s un edificio dedicado a gimnasio.<\/span><\/p>\n","protected":false},"excerpt":{"rendered":"<p>El C.E.I.P. \u201cRuiz del Peral\u201d tiene 10 unidades: 3 de Infantil y&nbsp; las siguientes unidades de Primaria: una de primero, una de segundo, una de tercero, una de cuarto, una de quinto y una de sexto, apoyo a la Integraci\u00f3n, audici\u00f3n y lenguaje, adem\u00e1s de ser desde el curso 2009-10 centro biling\u00fce. &nbsp;&nbsp;&nbsp;&nbsp;&nbsp;&nbsp;&nbsp; Ofrece a [&hellip;]<\/p>\n","protected":false},"author":10196,"featured_media":0,"parent":0,"menu_order":0,"comment_status":"closed","ping_status":"closed","template":"","meta":{"_et_pb_use_builder":"","_et_pb_old_content":"","_et_gb_content_width":"","ngg_post_thumbnail":0,"footnotes":""},"aioseo_notices":[],"_links":{"self":[{"href":"https:\/\/blogsaverroes.juntadeandalucia.es\/ruizdelperal\/wp-json\/wp\/v2\/pages\/1095"}],"collection":[{"href":"https:\/\/blogsaverroes.juntadeandalucia.es\/ruizdelperal\/wp-json\/wp\/v2\/pages"}],"about":[{"href":"https:\/\/blogsaverroes.juntadeandalucia.es\/ruizdelperal\/wp-json\/wp\/v2\/types\/page"}],"author":[{"embeddable":true,"href":"https:\/\/blogsaverroes.juntadeandalucia.es\/ruizdelperal\/wp-json\/wp\/v2\/users\/10196"}],"replies":[{"embeddable":true,"href":"https:\/\/blogsaverroes.juntadeandalucia.es\/ruizdelperal\/wp-json\/wp\/v2\/comments?post=1095"}],"version-history":[{"count":8,"href":"https:\/\/blogsaverroes.juntadeandalucia.es\/ruizdelperal\/wp-json\/wp\/v2\/pages\/1095\/revisions"}],"predecessor-version":[{"id":2057,"href":"https:\/\/blogsaverroes.juntadeandalucia.es\/ruizdelperal\/wp-json\/wp\/v2\/pages\/1095\/revisions\/2057"}],"wp:attachment":[{"href":"https:\/\/blogsaverroes.juntadeandalucia.es\/ruizdelperal\/wp-json\/wp\/v2\/media?parent=1095"}],"curies":[{"name":"wp","href":"https:\/\/api.w.org\/{rel}","templated":true}]}}