{"id":1146,"date":"2021-03-10T16:33:30","date_gmt":"2021-03-10T15:33:30","guid":{"rendered":"https:\/\/blogsaverroes.juntadeandalucia.es\/ruizdelperal\/?page_id=1146"},"modified":"2021-06-01T13:21:55","modified_gmt":"2021-06-01T12:21:55","slug":"bilinguismo","status":"publish","type":"page","link":"https:\/\/blogsaverroes.juntadeandalucia.es\/ruizdelperal\/bilinguismo\/","title":{"rendered":"Biling\u00fc\u00edsmo"},"content":{"rendered":"<p>Hoy despedimos a Sumedha, auxiliar de conversaci\u00f3n, tras su paso por nuestro centro. Le agradecemos su trabajo y calidez.<\/p>\n<p><iframe title=\"Despedida Sumedha. Ceip Ruiz del Peral. 2021\" width=\"1080\" height=\"608\" src=\"https:\/\/www.youtube.com\/embed\/mvQ-c0GUBGQ?feature=oembed\" frameborder=\"0\" allow=\"accelerometer; autoplay; clipboard-write; encrypted-media; gyroscope; picture-in-picture\" allowfullscreen><\/iframe><\/p>\n<p>&nbsp;<\/p>\n<p>Empezamos nuestra tradicional&nbsp;&nbsp;SCIENCE WEEK ( SEMANA DE LA CIENCIA) del 12 al 16 de abril<\/p>\n<p><a href=\"http:\/\/www.ruizdelperal.es\/wp\/wp-content\/imagenes\/2021\/04\/12-16-abril-2021.pdf\">12-16 abril 2021<\/a><\/p>\n<p><a href=\"http:\/\/www.ruizdelperal.es\/wp\/wp-content\/imagenes\/2021\/04\/Science-week.pdf\">Science week<\/a><\/p>\n<p>&nbsp;<\/p>\n<div class=\"padlet-embed\" style=\"border-radius: 2px;overflow: hidden;width: 100%;background: #F4F4F4\">\n<p style=\"padding: 0;margin: 0\"><iframe src=\"https:\/\/padlet.com\/embed\/m4768oit9w1cg0ya\" frameborder=\"0\"><\/iframe><\/p>\n<div style=\"padding: 8px;text-align: right;margin: 0\"><a style=\"padding: 0;margin: 0;border: none;line-height: 1;height: 16px\" href=\"https:\/\/padlet.com?ref=embed\" target=\"_blank\" rel=\"noopener noreferrer\"><img decoding=\"async\" style=\"padding: 0;margin: 0;background: none;border: none\" src=\"https:\/\/padlet.net\/embeds\/made_with_padlet.png\" alt=\"Hecho con Padlet\" width=\"86\" height=\"16\"><\/a><\/div>\n<\/div>\n","protected":false},"excerpt":{"rendered":"<p>Hoy despedimos a Sumedha, auxiliar de conversaci\u00f3n, tras su paso por nuestro centro. Le agradecemos su trabajo y calidez. &nbsp; Empezamos nuestra tradicional&nbsp;&nbsp;SCIENCE WEEK ( SEMANA DE LA CIENCIA) del 12 al 16 de abril 12-16 abril 2021 Science week &nbsp;<\/p>\n","protected":false},"author":10196,"featured_media":0,"parent":0,"menu_order":0,"comment_status":"closed","ping_status":"closed","template":"","meta":{"_et_pb_use_builder":"","_et_pb_old_content":"","_et_gb_content_width":"","ngg_post_thumbnail":0,"footnotes":""},"aioseo_notices":[],"_links":{"self":[{"href":"https:\/\/blogsaverroes.juntadeandalucia.es\/ruizdelperal\/wp-json\/wp\/v2\/pages\/1146"}],"collection":[{"href":"https:\/\/blogsaverroes.juntadeandalucia.es\/ruizdelperal\/wp-json\/wp\/v2\/pages"}],"about":[{"href":"https:\/\/blogsaverroes.juntadeandalucia.es\/ruizdelperal\/wp-json\/wp\/v2\/types\/page"}],"author":[{"embeddable":true,"href":"https:\/\/blogsaverroes.juntadeandalucia.es\/ruizdelperal\/wp-json\/wp\/v2\/users\/10196"}],"replies":[{"embeddable":true,"href":"https:\/\/blogsaverroes.juntadeandalucia.es\/ruizdelperal\/wp-json\/wp\/v2\/comments?post=1146"}],"version-history":[{"count":4,"href":"https:\/\/blogsaverroes.juntadeandalucia.es\/ruizdelperal\/wp-json\/wp\/v2\/pages\/1146\/revisions"}],"predecessor-version":[{"id":2544,"href":"https:\/\/blogsaverroes.juntadeandalucia.es\/ruizdelperal\/wp-json\/wp\/v2\/pages\/1146\/revisions\/2544"}],"wp:attachment":[{"href":"https:\/\/blogsaverroes.juntadeandalucia.es\/ruizdelperal\/wp-json\/wp\/v2\/media?parent=1146"}],"curies":[{"name":"wp","href":"https:\/\/api.w.org\/{rel}","templated":true}]}}