{"id":2404,"date":"2021-05-15T23:52:56","date_gmt":"2021-05-15T22:52:56","guid":{"rendered":"https:\/\/blogsaverroes.juntadeandalucia.es\/ruizdelperal\/?page_id=2404"},"modified":"2021-05-15T23:52:56","modified_gmt":"2021-05-15T22:52:56","slug":"reto-4-jueves-acertijos","status":"publish","type":"page","link":"https:\/\/blogsaverroes.juntadeandalucia.es\/ruizdelperal\/reto-4-jueves-acertijos\/","title":{"rendered":"Reto 4. Jueves. Acertijos"},"content":{"rendered":"<p><b>EL RETO DEL D\u00cdA:<\/b><\/p>\n<p><i>ACERTIJOS<\/i><\/p>\n<p>El alumnado escribir\u00e1 la respuesta al acertijo.<\/p>\n<p>Ganadores y ganadoras del reto del d\u00eda:<\/p>\n<ul>\n<li>Primero A: Equipo Osos Pardos<\/li>\n<li>Primero B:&nbsp;<\/li>\n<li>Segundo A:<\/li>\n<li>Segundo B: Equipo Los Mejores Matem\u00e1ticos.<\/li>\n<li>Tercero: Equipo Arcoiris.<\/li>\n<li>Cuarto A: Equipo Los Campeones<\/li>\n<li>Cuarto B: Carmen, Yaiza e Irene<\/li>\n<li>Quinto:<\/li>\n<li>Sexto:<\/li>\n<\/ul>\n<p><img fetchpriority=\"high\" fetchpriority=\"high\" decoding=\"async\" class=\"aligncenter  wp-image-2349\" src=\"https:\/\/blogsaverroes.juntadeandalucia.es\/ruizdelperal\/files\/2021\/05\/IMG-20210513-WA0003-300x224.jpg\" alt=\"\" width=\"742\" height=\"553\"><\/p>\n<p>&nbsp;<\/p>\n<p>&nbsp;<\/p>\n<p><img decoding=\"async\" class=\"aligncenter  wp-image-2350\" src=\"https:\/\/blogsaverroes.juntadeandalucia.es\/ruizdelperal\/files\/2021\/05\/IMG-20210513-WA0004-300x224.jpg\" alt=\"\" width=\"757\" height=\"565\"><\/p>\n<p>&nbsp;<\/p>\n<p><img decoding=\"async\" class=\"aligncenter  wp-image-2356\" src=\"https:\/\/blogsaverroes.juntadeandalucia.es\/ruizdelperal\/files\/2021\/05\/IMG-20210513-WA0005-1-300x225.jpg\" alt=\"\" width=\"760\" height=\"569\"><\/p>\n<p><img loading=\"lazy\" loading=\"lazy\" decoding=\"async\" class=\"aligncenter  wp-image-2354\" src=\"https:\/\/blogsaverroes.juntadeandalucia.es\/ruizdelperal\/files\/2021\/05\/IMG-20210513-WA0006-300x225.jpg\" alt=\"\" width=\"764\" height=\"572\"><\/p>\n<p><img loading=\"lazy\" loading=\"lazy\" decoding=\"async\" class=\"aligncenter  wp-image-2357\" src=\"https:\/\/blogsaverroes.juntadeandalucia.es\/ruizdelperal\/files\/2021\/05\/IMG-20210513-WA0007-300x224.jpg\" alt=\"\" width=\"743\" height=\"555\"><\/p>\n<p style=\"text-align: center\"><strong>Ganadores y ganadoras de la b\u00fasqueda del tesoro<\/strong><\/p>\n<p><img loading=\"lazy\" loading=\"lazy\" decoding=\"async\" class=\"aligncenter  wp-image-2359\" src=\"https:\/\/blogsaverroes.juntadeandalucia.es\/ruizdelperal\/files\/2021\/05\/ganadores-busqueda-del-tesoro-300x138.jpg\" alt=\"\" width=\"806\" height=\"370\"><\/p>\n<p><img loading=\"lazy\" loading=\"lazy\" decoding=\"async\" class=\"aligncenter  wp-image-2360\" src=\"https:\/\/blogsaverroes.juntadeandalucia.es\/ruizdelperal\/files\/2021\/05\/ganadores-busqueda-300x139.jpg\" alt=\"\" width=\"803\" height=\"371\"><\/p>\n","protected":false},"excerpt":{"rendered":"<p>EL RETO DEL D\u00cdA: ACERTIJOS El alumnado escribir\u00e1 la respuesta al acertijo. Ganadores y ganadoras del reto del d\u00eda: Primero A: Equipo Osos Pardos Primero B:&nbsp; Segundo A: Segundo B: Equipo Los Mejores Matem\u00e1ticos. Tercero: Equipo Arcoiris. Cuarto A: Equipo Los Campeones Cuarto B: Carmen, Yaiza e Irene Quinto: Sexto: &nbsp; &nbsp; &nbsp; Ganadores y [&hellip;]<\/p>\n","protected":false},"author":10196,"featured_media":0,"parent":0,"menu_order":0,"comment_status":"closed","ping_status":"closed","template":"","meta":{"_et_pb_use_builder":"","_et_pb_old_content":"","_et_gb_content_width":"","ngg_post_thumbnail":0,"footnotes":""},"aioseo_notices":[],"_links":{"self":[{"href":"https:\/\/blogsaverroes.juntadeandalucia.es\/ruizdelperal\/wp-json\/wp\/v2\/pages\/2404"}],"collection":[{"href":"https:\/\/blogsaverroes.juntadeandalucia.es\/ruizdelperal\/wp-json\/wp\/v2\/pages"}],"about":[{"href":"https:\/\/blogsaverroes.juntadeandalucia.es\/ruizdelperal\/wp-json\/wp\/v2\/types\/page"}],"author":[{"embeddable":true,"href":"https:\/\/blogsaverroes.juntadeandalucia.es\/ruizdelperal\/wp-json\/wp\/v2\/users\/10196"}],"replies":[{"embeddable":true,"href":"https:\/\/blogsaverroes.juntadeandalucia.es\/ruizdelperal\/wp-json\/wp\/v2\/comments?post=2404"}],"version-history":[{"count":1,"href":"https:\/\/blogsaverroes.juntadeandalucia.es\/ruizdelperal\/wp-json\/wp\/v2\/pages\/2404\/revisions"}],"predecessor-version":[{"id":2406,"href":"https:\/\/blogsaverroes.juntadeandalucia.es\/ruizdelperal\/wp-json\/wp\/v2\/pages\/2404\/revisions\/2406"}],"wp:attachment":[{"href":"https:\/\/blogsaverroes.juntadeandalucia.es\/ruizdelperal\/wp-json\/wp\/v2\/media?parent=2404"}],"curies":[{"name":"wp","href":"https:\/\/api.w.org\/{rel}","templated":true}]}}