{"id":347,"date":"2022-02-28T14:45:55","date_gmt":"2022-02-28T14:45:55","guid":{"rendered":"https:\/\/blogsaverroes.juntadeandalucia.es\/rutapoesia\/?page_id=347"},"modified":"2022-02-28T14:45:55","modified_gmt":"2022-02-28T14:45:55","slug":"primer-ciclo","status":"publish","type":"page","link":"https:\/\/blogsaverroes.juntadeandalucia.es\/rutapoesia\/programacion\/primer-ciclo\/","title":{"rendered":"Primer Ciclo"},"content":{"rendered":"<p><b>PRIMER CICLO&nbsp;<\/b><\/p>\n<p><b>Criterios de evaluaci\u00f3n&nbsp;<\/b><\/p>\n<p><b><i>Competencia espec\u00edfica 1&nbsp;<\/i><\/b><\/p>\n<p><span style=\"font-weight: 400\">1.1.Mostrar inter\u00e9s y respeto por las distintas lenguas y variedades dialectales&nbsp; de su entorno, incluidas las lenguas de signos.&nbsp;<\/span><\/p>\n<p><span style=\"font-weight: 400\">1.2.Reconocer, de manera acompa\u00f1ada y en contextos pr\u00f3ximos, algunos&nbsp; prejuicios y estereotipos ling\u00fc\u00edsticos y culturales muy frecuentes, a partir de&nbsp; la observaci\u00f3n del entorno.&nbsp;<\/span><\/p>\n<p><b><i>Competencia espec\u00edfica 2&nbsp;<\/i><\/b><\/p>\n<p><span style=\"font-weight: 400\">2.1.Comprender el sentido de textos orales y multimodales sencillos,&nbsp; reconociendo las ideas principales y los mensajes expl\u00edcitos e iniciando, de&nbsp; manera acompa\u00f1ada, la valoraci\u00f3n del contenido y de los elementos no&nbsp; verbales m\u00e1s elementales.&nbsp;<\/span><\/p>\n<p><b><i>Competencia espec\u00edfica 3&nbsp;<\/i><\/b><\/p>\n<p><span style=\"font-weight: 400\">3.1.Producir textos orales y multimodales coherentes, con planificaci\u00f3n&nbsp; acompa\u00f1ada y utilizando recursos no verbales elementales.&nbsp;<\/span><\/p>\n<p><span style=\"font-weight: 400\">3.2.Participar en interacciones orales espont\u00e1neas, respetando las normas&nbsp; b\u00e1sicas de la cortes\u00eda ling\u00fc\u00edstica.&nbsp;<\/span><\/p>\n<p><b><i>Competencia espec\u00edfica 4&nbsp;<\/i><\/b><\/p>\n<p><span style=\"font-weight: 400\">4.1.Leer de manera silenciosa y en voz alta textos escritos y multimodales&nbsp; adecuados a su desarrollo cognitivo, identificando el sentido global y la&nbsp; informaci\u00f3n relevante y movilizando de forma acompa\u00f1ada estrategias&nbsp; b\u00e1sicas de comprensi\u00f3n.&nbsp;<\/span><\/p>\n<p><span style=\"font-weight: 400\">4.2.Analizar, de manera acompa\u00f1ada, el contenido y aspectos formales y no&nbsp; verbales elementales de textos escritos y multimodales sencillos, valorando&nbsp; su contenido y estructura.&nbsp;<\/span><\/p>\n<p><b><i>Competencia espec\u00edfica 5&nbsp;<\/i><\/b><\/p>\n<p><span style=\"font-weight: 400\">5.1.Producir textos escritos y multimodales sencillos y coherentes en distintos&nbsp; soportes, desde las diferentes etapas del proceso evolutivo de la escritura,&nbsp; ajust\u00e1ndose a modelos dados y movilizando, de manera acompa\u00f1ada,&nbsp; estrategias elementales, individuales o grupales, de planificaci\u00f3n, redacci\u00f3n,&nbsp; revisi\u00f3n y edici\u00f3n.&nbsp;<\/span><\/p>\n<p><b><i>Competencia espec\u00edfica 6&nbsp;<\/i><\/b><\/p>\n<p><span style=\"font-weight: 400\">6.1.Compartir los resultados de un proceso de investigaci\u00f3n sencillo, individual&nbsp; o grupal, sobre alg\u00fan tema de inter\u00e9s personal, realizado de manera&nbsp; acompa\u00f1ada, que implique la localizaci\u00f3n, selecci\u00f3n y contraste de&nbsp; informaci\u00f3n de distintas fuentes, incluidas las digitales, cit\u00e1ndolas y&nbsp; recre\u00e1ndolas mediante la adaptaci\u00f3n creativa de modelos dados.&nbsp;<\/span><\/p>\n<p><b><i>Competencia espec\u00edfica 7<\/i><\/b><\/p>\n<p><span style=\"font-weight: 400\">7.1. Leer de manera aut\u00f3noma textos de distintos autores y autoras acordes con&nbsp; sus gustos e intereses, seleccionados de manera acompa\u00f1ada, desde las&nbsp; diferentes etapas del proceso evolutivo de la lectura.&nbsp;<\/span><\/p>\n<p><span style=\"font-weight: 400\">7.2. Compartir oralmente la experiencia de lectura participando en comunidades&nbsp; lectoras de \u00e1mbito escolar.&nbsp;<\/span><\/p>\n<p><b><i>Competencia espec\u00edfica 8&nbsp;<\/i><\/b><\/p>\n<p><span style=\"font-weight: 400\">8.1. Escuchar y leer textos orales y escritos de la literatura infantil, que recojan&nbsp; diversidad de autores y autoras, estableciendo de manera acompa\u00f1ada&nbsp; relaciones elementales entre ellos y con otras manifestaciones art\u00edsticas o&nbsp; culturales.&nbsp;&nbsp;<\/span><\/p>\n<p><span style=\"font-weight: 400\">8.2. Producir, de manera acompa\u00f1ada, textos sencillos individuales o colectivos&nbsp; con intenci\u00f3n literaria, adaptados a las diferentes etapas del proceso&nbsp; evolutivo de la escritura, ajust\u00e1ndose a modelos dados, en distintos soportes&nbsp; y complement\u00e1ndolos con otros lenguajes art\u00edsticos.&nbsp;<\/span><\/p>\n<p><b><i>Competencia espec\u00edfica 9&nbsp;<\/i><\/b><\/p>\n<p><span style=\"font-weight: 400\">9.1. Formular conclusiones elementales sobre el funcionamiento de la lengua,&nbsp; prestando especial atenci\u00f3n a la concordancia y a las relaciones de&nbsp; significado entre las palabras, a partir de la observaci\u00f3n, comparaci\u00f3n y&nbsp; manipulaci\u00f3n de palabras y enunciados, en un proceso acompa\u00f1ado de&nbsp; producci\u00f3n o comprensi\u00f3n de textos en contextos significativos.&nbsp;<\/span><\/p>\n<p><span style=\"font-weight: 400\">9.2. Revisar y mejorar los textos propios y subsanar algunos problemas de&nbsp; comprensi\u00f3n lectora, de manera acompa\u00f1ada, a partir de la reflexi\u00f3n&nbsp; metaling\u00fc\u00edstica y usando la terminolog\u00eda ling\u00fc\u00edstica b\u00e1sica adecuada.&nbsp;<\/span><\/p>\n<p><b><i>Competencia espec\u00edfica 10&nbsp;<\/i><\/b><\/p>\n<p><span style=\"font-weight: 400\">10.1.Rechazar los usos ling\u00fc\u00edsticos discriminatorios identificados a partir de la&nbsp; reflexi\u00f3n grupal acompa\u00f1ada sobre los aspectos elementales, verbales y&nbsp; no verbales, de la comunicaci\u00f3n, teniendo en cuenta una perspectiva de&nbsp; g\u00e9nero.&nbsp;<\/span><\/p>\n<p><span style=\"font-weight: 400\">10.2. Movilizar, con la planificaci\u00f3n y el acompa\u00f1amiento necesarios,&nbsp; estrategias elementales para la escucha activa y el consenso, inici\u00e1ndose&nbsp; en la gesti\u00f3n dialogada de conflictos.&nbsp;<\/span><\/p>\n<p><b>Saberes b\u00e1sicos&nbsp;<\/b><\/p>\n<ol>\n<li><span style=\"font-weight: 400\"> Las lenguas y sus hablantes.&nbsp;<\/span><\/li>\n<\/ol>\n<p><span style=\"font-weight: 400\">\u2212 <\/span><span style=\"font-weight: 400\">Biograf\u00eda ling\u00fc\u00edstica personal y mapa ling\u00fc\u00edstico del aula.&nbsp; <\/span><\/p>\n<p><span style=\"font-weight: 400\">\u2212 <\/span><span style=\"font-weight: 400\">La diversidad etno-cultural y ling\u00fc\u00edstica como riqueza y herramienta de&nbsp; reflexi\u00f3n interling\u00fc\u00edstica.&nbsp;<\/span><\/p>\n<p><span style=\"font-weight: 400\">\u2212 <\/span><span style=\"font-weight: 400\">Identificaci\u00f3n, con acompa\u00f1amiento, de prejuicios y estereotipos&nbsp; ling\u00fc\u00edsticos.&nbsp;&nbsp;<\/span><\/p>\n<p><span style=\"font-weight: 400\">\u2212 <\/span><span style=\"font-weight: 400\">Uso de un lenguaje no discriminatorio y respetuoso con las diferencias. <\/span><\/p>\n<p><span style=\"font-weight: 400\">B. Comunicaci\u00f3n&nbsp;<\/span><\/p>\n<ol>\n<li><span style=\"font-weight: 400\"> Saberes comunes:&nbsp;<\/span><\/li>\n<\/ol>\n<p><span style=\"font-weight: 400\">\u2212 <\/span><span style=\"font-weight: 400\">Incidencia de los componentes (situaci\u00f3n, participantes o intenci\u00f3n) en el&nbsp; acto comunicativo.&nbsp;&nbsp;<\/span><\/p>\n<p><span style=\"font-weight: 400\">\u2212 <\/span><span style=\"font-weight: 400\">Estrategias para la coherencia textual.&nbsp;<\/span><\/p>\n<p><span style=\"font-weight: 400\">\u2212 <\/span><span style=\"font-weight: 400\">Elementos b\u00e1sicos de contenido (tema, f\u00f3rmulas fijas, l\u00e9xico) y forma&nbsp; (estructura, formato, im\u00e1genes).&nbsp;&nbsp;<\/span><\/p>\n<p><span style=\"font-weight: 400\">\u2212 <\/span><span style=\"font-weight: 400\">Intenci\u00f3n comunicativa y claves de la tipolog\u00eda textual b\u00e1sica: narraci\u00f3n,&nbsp; descripci\u00f3n, di\u00e1logo.&nbsp;<\/span><\/p>\n<ol start=\"2\">\n<li><span style=\"font-weight: 400\"> Comunicaci\u00f3n e interacci\u00f3n oral:&nbsp;<\/span><\/li>\n<\/ol>\n<p><span style=\"font-weight: 400\">\u2212 <\/span><span style=\"font-weight: 400\">Inter\u00e9s por expresarse oralmente con pronunciaci\u00f3n y entonaci\u00f3n&nbsp; adecuadas.&nbsp;<\/span><\/p>\n<p><span style=\"font-weight: 400\">\u2212 <\/span><span style=\"font-weight: 400\">Interacci\u00f3n oral adecuada en situaciones de aula. Reconocimiento y&nbsp; utilizaci\u00f3n de estrategias b\u00e1sicas de cortes\u00eda ling\u00fc\u00edstica.&nbsp;<\/span><\/p>\n<p><span style=\"font-weight: 400\">\u2212 <\/span><span style=\"font-weight: 400\">Estrategias de escucha activa en la resoluci\u00f3n dialogada de los conflictos,&nbsp; teniendo en cuenta la perspectiva de g\u00e9nero.&nbsp;<\/span><\/p>\n<p><span style=\"font-weight: 400\">\u2212 <\/span><span style=\"font-weight: 400\">Detecci\u00f3n de usos claramente discriminatorios del lenguaje verbal y no&nbsp; verbal.&nbsp;<\/span><\/p>\n<p><span style=\"font-weight: 400\">\u2212 <\/span><span style=\"font-weight: 400\">Construcci\u00f3n y comunicaci\u00f3n de conocimiento mediante la planificaci\u00f3n y&nbsp; producci\u00f3n acompa\u00f1ada de textos orales y multimodales sencillos. <\/span><\/p>\n<p><span style=\"font-weight: 400\">\u2212 <\/span><span style=\"font-weight: 400\">Estrategias de reconocimiento, selecci\u00f3n e interpretaci\u00f3n de la&nbsp; informaci\u00f3n general y del sentido global del texto.&nbsp;&nbsp;<\/span><\/p>\n<p><span style=\"font-weight: 400\">\u2212 <\/span><span style=\"font-weight: 400\">Identificaci\u00f3n de elementos b\u00e1sicos de la comunicaci\u00f3n no verbal. <\/span><\/p>\n<p><span style=\"font-weight: 400\">3. Comprensi\u00f3n lectora&nbsp;<\/span><\/p>\n<p><span style=\"font-weight: 400\">\u2212 <\/span><span style=\"font-weight: 400\">Lectura compartida y expresiva con entonaci\u00f3n y ritmo progresivamente&nbsp; adecuados al nivel cognitivo.&nbsp;&nbsp;<\/span><\/p>\n<p><span style=\"font-weight: 400\">\u2212 <\/span><span style=\"font-weight: 400\">Elementos gr\u00e1ficos y paratextuales b\u00e1sicos que favorecen la comprensi\u00f3n&nbsp; antes, durante y despu\u00e9s de la experiencia lectora.&nbsp;&nbsp;<\/span><\/p>\n<p><span style=\"font-weight: 400\">\u2212 <\/span><span style=\"font-weight: 400\">Estrategias b\u00e1sicas de comprensi\u00f3n lectora de textos de fuentes&nbsp; documentales diversas en procesos de comprensi\u00f3n y producci\u00f3n de&nbsp; textos escritos.&nbsp;<\/span><\/p>\n<p><span style=\"font-weight: 400\">\u2212 <\/span><span style=\"font-weight: 400\">Detecci\u00f3n de usos claramente discriminatorios del lenguaje verbal e&nbsp; ic\u00f3nico.&nbsp;<\/span><\/p>\n<ol start=\"4\">\n<li><span style=\"font-weight: 400\"> Producci\u00f3n escrita:&nbsp;&nbsp;<\/span><\/li>\n<\/ol>\n<p><span style=\"font-weight: 400\">\u2212 <\/span><span style=\"font-weight: 400\">Convenciones del c\u00f3digo escrito en el marco de propuestas de&nbsp; comprensi\u00f3n o producci\u00f3n de textos de uso social.&nbsp;&nbsp;<\/span><\/p>\n<p><span style=\"font-weight: 400\">\u2212 <\/span><span style=\"font-weight: 400\">Cuidado en la presentaci\u00f3n de las producciones escritas.&nbsp; <\/span><\/p>\n<p><span style=\"font-weight: 400\">\u2212 <\/span><span style=\"font-weight: 400\">Estrategias elementales, individuales o grupales, de planificaci\u00f3n,&nbsp; redacci\u00f3n, revisi\u00f3n y edici\u00f3n de textos escritos y multimodales sencillos,&nbsp;<\/span><span style=\"font-weight: 400\">en diferentes soportes, pr\u00f3ximos a su experiencia personal, y con&nbsp; diferentes prop\u00f3sitos.&nbsp;<\/span><\/p>\n<p><span style=\"font-weight: 400\">\u2212 <\/span><span style=\"font-weight: 400\">Elementos gr\u00e1ficos y paratextuales sencillos que facilitan la organizaci\u00f3n&nbsp; y a comprensi\u00f3n del texto.&nbsp;<\/span><\/p>\n<ol start=\"5\">\n<li><span style=\"font-weight: 400\"> Alfabetizaci\u00f3n informacional&nbsp;<\/span><\/li>\n<\/ol>\n<p><span style=\"font-weight: 400\">\u2212 <\/span><span style=\"font-weight: 400\">Estrategias b\u00e1sicas para la b\u00fasqueda guiada de informaci\u00f3n sencilla en&nbsp; fuentes documentales variadas y con distintos soportes y formatos. <\/span><\/p>\n<p><span style=\"font-weight: 400\">\u2212 <\/span><span style=\"font-weight: 400\">Estrategias b\u00e1sicas para comparar informaci\u00f3n de distintas fuentes. <\/span><\/p>\n<p><span style=\"font-weight: 400\">\u2212 <\/span><span style=\"font-weight: 400\">Modelos expl\u00edcitos para reelaborar y comunicar la informaci\u00f3n.&nbsp; <\/span><\/p>\n<p><span style=\"font-weight: 400\">\u2212 <\/span><span style=\"font-weight: 400\">Reconocimiento de la autor\u00eda.&nbsp;<\/span><\/p>\n<p><span style=\"font-weight: 400\">\u2212 <\/span><span style=\"font-weight: 400\">Utilizaci\u00f3n de la biblioteca y de los recursos digitales del aula o del centro. <\/span><\/p>\n<p><span style=\"font-weight: 400\">C. Educaci\u00f3n literaria&nbsp;<\/span><\/p>\n<p><span style=\"font-weight: 400\">\u2212 <\/span><span style=\"font-weight: 400\">Lectura acompa\u00f1ada de obras o fragmentos variados y diversos de la&nbsp; literatura infantil adecuados a sus intereses y organizados en itinerarios&nbsp; lectores.&nbsp;<\/span><\/p>\n<p><span style=\"font-weight: 400\">\u2212 <\/span><span style=\"font-weight: 400\">Estrategias para la interpretaci\u00f3n acompa\u00f1ada y compartida de las obras&nbsp; a trav\u00e9s de conversaciones literarias.&nbsp;<\/span><\/p>\n<p><span style=\"font-weight: 400\">\u2212 <\/span><span style=\"font-weight: 400\">Los elementos constitutivos esenciales de la obra literaria (tema,&nbsp; personajes, trama, escenario) en la construcci\u00f3n acompa\u00f1ada del sentido&nbsp; de la obra.&nbsp;<\/span><\/p>\n<p><span style=\"font-weight: 400\">\u2212 <\/span><span style=\"font-weight: 400\">Relaci\u00f3n de los textos le\u00eddos y otras manifestaciones art\u00edsticas y&nbsp; culturales.&nbsp;<\/span><\/p>\n<p><span style=\"font-weight: 400\">\u2212 <\/span><span style=\"font-weight: 400\">Inicio de la construcci\u00f3n de la identidad lectora. Estrategias para la&nbsp; expresi\u00f3n de gustos e intereses.&nbsp;&nbsp;<\/span><\/p>\n<p><span style=\"font-weight: 400\">\u2212 <\/span><span style=\"font-weight: 400\">Lectura expresiva, dramatizaci\u00f3n o interpretaci\u00f3n de fragmentos&nbsp; atendiendo a los procesos de comprensi\u00f3n y al nivel de desarrollo. <\/span><span style=\"font-weight: 400\">\u2212 <\/span><span style=\"font-weight: 400\">Creaci\u00f3n de textos literarios a partir de modelos dados.&nbsp;&nbsp;<\/span><\/p>\n<p><span style=\"font-weight: 400\">\u2212 <\/span><span style=\"font-weight: 400\">Funcionamiento elemental de la biblioteca de aula o de centro como&nbsp; escenario de actividades literarias compartidas. Comunidades lectoras.&nbsp;<\/span><\/p>\n<ol>\n<li><span style=\"font-weight: 400\"> Reflexi\u00f3n sobre la lengua y sus usos en el marco de propuestas la producci\u00f3n&nbsp; y comprensi\u00f3n de textos orales, escritos o multimodales:&nbsp;<\/span><\/li>\n<\/ol>\n<p><span style=\"font-weight: 400\">\u2212 <\/span><span style=\"font-weight: 400\">Diferencias elementales entre lengua oral y lengua escrita.&nbsp; <\/span><\/p>\n<p><span style=\"font-weight: 400\">\u2212 <\/span><span style=\"font-weight: 400\">Estrategias para la construcci\u00f3n guiada de conclusiones elementales&nbsp; propias sobre el sistema ling\u00fc\u00edstico. Observaci\u00f3n, transformaci\u00f3n de&nbsp; palabras o enunciados (sustituci\u00f3n, cambio de orden, manipulaci\u00f3n),&nbsp; formulaci\u00f3n y comprobaci\u00f3n de hip\u00f3tesis y contrastes entre distintas&nbsp; lenguas. Establecimiento de generalizaciones sobre aspectos ling\u00fc\u00edsticos&nbsp; elementales, prestando especial atenci\u00f3n a la existencia de distintos tipos&nbsp;<\/span><span style=\"font-weight: 400\">de palabras y a las relaciones de concordancia que se establecen entre&nbsp; algunas de ellas, utilizando el metalenguaje espec\u00edfico b\u00e1sico. <\/span><\/p>\n<p><span style=\"font-weight: 400\">\u2212 <\/span><span style=\"font-weight: 400\">Signos b\u00e1sicos de puntuaci\u00f3n como mecanismo para organizar el texto&nbsp; escrito.&nbsp;<\/span><\/p>\n<p><span style=\"font-weight: 400\">\u2212 <\/span><span style=\"font-weight: 400\">Procedimientos elementales de adquisici\u00f3n de vocabulario. Reflexi\u00f3n&nbsp; contextualizada sobre la relaci\u00f3n de significado entre unas palabras y&nbsp; otras.&nbsp;&nbsp;<\/span><\/p>\n<p><span style=\"font-weight: 400\">\u2212 <\/span><span style=\"font-weight: 400\">Estrategias y t\u00e9cnicas b\u00e1sicas de reconocimiento de la intenci\u00f3n&nbsp; comunicativa de las distintas modalidades oracionales.&nbsp;&nbsp;<\/span><\/p>\n<p><span style=\"font-weight: 400\">\u2212 <\/span><span style=\"font-weight: 400\">Mecanismos b\u00e1sicos de cohesi\u00f3n textual, con especial atenci\u00f3n a los&nbsp; conectores temporales y explicativos.<\/span><\/p>\n","protected":false},"excerpt":{"rendered":"<p>PRIMER CICLO&nbsp; Criterios de evaluaci\u00f3n&nbsp; Competencia espec\u00edfica 1&nbsp; 1.1.Mostrar inter\u00e9s y respeto por las distintas lenguas y variedades dialectales&nbsp; de su entorno, incluidas las lenguas&hellip;<\/p>\n","protected":false},"author":8383,"featured_media":0,"parent":331,"menu_order":1,"comment_status":"closed","ping_status":"closed","template":"","meta":{"ngg_post_thumbnail":0,"footnotes":""},"aioseo_notices":[],"_links":{"self":[{"href":"https:\/\/blogsaverroes.juntadeandalucia.es\/rutapoesia\/wp-json\/wp\/v2\/pages\/347"}],"collection":[{"href":"https:\/\/blogsaverroes.juntadeandalucia.es\/rutapoesia\/wp-json\/wp\/v2\/pages"}],"about":[{"href":"https:\/\/blogsaverroes.juntadeandalucia.es\/rutapoesia\/wp-json\/wp\/v2\/types\/page"}],"author":[{"embeddable":true,"href":"https:\/\/blogsaverroes.juntadeandalucia.es\/rutapoesia\/wp-json\/wp\/v2\/users\/8383"}],"replies":[{"embeddable":true,"href":"https:\/\/blogsaverroes.juntadeandalucia.es\/rutapoesia\/wp-json\/wp\/v2\/comments?post=347"}],"version-history":[{"count":1,"href":"https:\/\/blogsaverroes.juntadeandalucia.es\/rutapoesia\/wp-json\/wp\/v2\/pages\/347\/revisions"}],"predecessor-version":[{"id":348,"href":"https:\/\/blogsaverroes.juntadeandalucia.es\/rutapoesia\/wp-json\/wp\/v2\/pages\/347\/revisions\/348"}],"up":[{"embeddable":true,"href":"https:\/\/blogsaverroes.juntadeandalucia.es\/rutapoesia\/wp-json\/wp\/v2\/pages\/331"}],"wp:attachment":[{"href":"https:\/\/blogsaverroes.juntadeandalucia.es\/rutapoesia\/wp-json\/wp\/v2\/media?parent=347"}],"curies":[{"name":"wp","href":"https:\/\/api.w.org\/{rel}","templated":true}]}}