{"id":353,"date":"2022-03-01T00:39:08","date_gmt":"2022-03-01T00:39:08","guid":{"rendered":"https:\/\/blogsaverroes.juntadeandalucia.es\/rutapoesia\/?page_id=353"},"modified":"2022-03-01T01:18:27","modified_gmt":"2022-03-01T01:18:27","slug":"contacto","status":"publish","type":"page","link":"https:\/\/blogsaverroes.juntadeandalucia.es\/rutapoesia\/contacto\/","title":{"rendered":"Contacto"},"content":{"rendered":"<p>Bienvenidos a la WEB \u00abRuta de poes\u00edas\u00bb<\/p>\n<p>Mi nombre es Mar Ser\u00f3n (<a href=\"https:\/\/twitter.com\/marseron?lang=gu\">@marseron<\/a>) y soy maestra de m\u00fasica y primaria, actualmente ejerzo como docente de primaria en el <a href=\"https:\/\/blogsaverroes.juntadeandalucia.es\/ceipvalerianolopez\/\">CEIP Valeriano L\u00f3pez de Estepona.<\/a><\/p>\n<p>Esta web, es un proyecto educativo con el que trabajar con el alumnado de Educaci\u00f3n Primaria, el \u00e1rea de lengua y literatura; o bien, de forma interdisciplinar o transversal desde otra \u00e1rea o asignatura. Para ello, se puede consultar la programaci\u00f3n y la <a title=\"Programaci\u00f3n\" href=\"https:\/\/blogsaverroes.juntadeandalucia.es\/rutapoesia\/programacion\/\">relaci\u00f3n con el curr\u00edculum<\/a> de toda la etapa de Educaci\u00f3n Primaria a la que la hemos dedicado. A\u00fan as\u00ed, el trabajo se puede abordar desde cualquier etapa educativa o simplemente disfrutar de la poes\u00eda.<\/p>\n<p>Inicialmente, se ha enfocado&nbsp; el trabajo en digitalizar y recoger toda la informaci\u00f3n sobre la \u00ab<a href=\"https:\/\/turismo.estepona.es\/descarga\/ruta-poesia\/\">Ruta de las Poes\u00edas de Estepona<\/a>\u00bb que ha creado la <a href=\"https:\/\/turismo.estepona.es\/\">Delegaci\u00f3n de Turismo<\/a> del Ayuntamiento de Estepona, y a la que agradezco personalmente la disposici\u00f3n y el permiso por usar sus materiales en nuestro trabajo de aula.&nbsp;<\/p>\n<p>Nuestro agradecimiento nos lleva a poner a disposici\u00f3n de toda la ciudadan\u00eda y de todos los visitantes, de nuestra bonita ciudad, de todo el trabajo de investigaci\u00f3n que hemos realizado en clase.<\/p>\n<p>A continuaci\u00f3n, a\u00f1adimos un formulario para que nos puedan hacer llegar sus dudas y consultas. De igual forma, agradecemos cualquier aporte, sugerencia o rectificaci\u00f3n del trabajo presentado.<\/p>\n<p><a href=\"https:\/\/blogsaverroes.juntadeandalucia.es\/rutapoesia\/contacto\/img_4338\/\" rel=\"attachment wp-att-357\"><img loading=\"lazy\" decoding=\"async\" class=\"wp-image-357 aligncenter\" src=\"https:\/\/blogsaverroes.juntadeandalucia.es\/rutapoesia\/files\/2022\/03\/IMG_4338-300x93.jpg\" alt=\"\" width=\"894\" height=\"277\" srcset=\"https:\/\/blogsaverroes.juntadeandalucia.es\/rutapoesia\/files\/2022\/03\/IMG_4338-300x93.jpg 300w, https:\/\/blogsaverroes.juntadeandalucia.es\/rutapoesia\/files\/2022\/03\/IMG_4338-1024x317.jpg 1024w, https:\/\/blogsaverroes.juntadeandalucia.es\/rutapoesia\/files\/2022\/03\/IMG_4338-768x238.jpg 768w, https:\/\/blogsaverroes.juntadeandalucia.es\/rutapoesia\/files\/2022\/03\/IMG_4338-1536x475.jpg 1536w, https:\/\/blogsaverroes.juntadeandalucia.es\/rutapoesia\/files\/2022\/03\/IMG_4338-2048x634.jpg 2048w\" sizes=\"(max-width: 894px) 100vw, 894px\" \/><\/a><\/p>\n<p>&nbsp;<\/p>\n<h1>Formulario de consulta<\/h1>\n<p>&nbsp;<\/p>\n\n<div class=\"wpcf7 no-js\" id=\"wpcf7-f189-o1\" lang=\"es-ES\" dir=\"ltr\">\n<div class=\"screen-reader-response\"><p role=\"status\" aria-live=\"polite\" aria-atomic=\"true\"><\/p> <ul><\/ul><\/div>\n<form action=\"\/rutapoesia\/wp-json\/wp\/v2\/pages\/353#wpcf7-f189-o1\" method=\"post\" class=\"wpcf7-form init\" aria-label=\"Formulario de contacto\" novalidate=\"novalidate\" data-status=\"init\">\n<div style=\"display: none;\">\n<input type=\"hidden\" name=\"_wpcf7\" value=\"189\" \/>\n<input type=\"hidden\" name=\"_wpcf7_version\" value=\"5.9.8\" \/>\n<input type=\"hidden\" name=\"_wpcf7_locale\" value=\"es_ES\" \/>\n<input type=\"hidden\" name=\"_wpcf7_unit_tag\" value=\"wpcf7-f189-o1\" \/>\n<input type=\"hidden\" name=\"_wpcf7_container_post\" value=\"0\" \/>\n<input type=\"hidden\" name=\"_wpcf7_posted_data_hash\" value=\"\" \/>\n<\/div>\n<p><label> Nombre (requerido)<br \/>\n<span class=\"wpcf7-form-control-wrap\" data-name=\"your-name\"><input size=\"40\" maxlength=\"400\" class=\"wpcf7-form-control wpcf7-text wpcf7-validates-as-required\" aria-required=\"true\" aria-invalid=\"false\" value=\"\" type=\"text\" name=\"your-name\" \/><\/span> <\/label>\n<\/p>\n<p><label> Tu correo electr\u00f3nico (requerido)<br \/>\n<span class=\"wpcf7-form-control-wrap\" data-name=\"your-email\"><input size=\"40\" maxlength=\"400\" class=\"wpcf7-form-control wpcf7-email wpcf7-validates-as-required wpcf7-text wpcf7-validates-as-email\" aria-required=\"true\" aria-invalid=\"false\" value=\"\" type=\"email\" name=\"your-email\" \/><\/span> <\/label>\n<\/p>\n<p><label> Asunto<br \/>\n<span class=\"wpcf7-form-control-wrap\" data-name=\"your-subject\"><input size=\"40\" maxlength=\"400\" class=\"wpcf7-form-control wpcf7-text\" aria-invalid=\"false\" value=\"\" type=\"text\" name=\"your-subject\" \/><\/span> <\/label>\n<\/p>\n<p><label> Mensaje<br \/>\n<span class=\"wpcf7-form-control-wrap\" data-name=\"your-message\"><textarea cols=\"40\" rows=\"10\" maxlength=\"2000\" class=\"wpcf7-form-control wpcf7-textarea\" aria-invalid=\"false\" name=\"your-message\"><\/textarea><\/span> <\/label>\n<\/p>\n<p><input class=\"wpcf7-form-control wpcf7-submit has-spinner\" type=\"submit\" value=\"Enviar\" \/>\n<\/p><div class=\"wpcf7-response-output\" aria-hidden=\"true\"><\/div>\n<\/form>\n<\/div>\n\n","protected":false},"excerpt":{"rendered":"<p>Bienvenidos a la WEB \u00abRuta de poes\u00edas\u00bb Mi nombre es Mar Ser\u00f3n (@marseron) y soy maestra de m\u00fasica y primaria, actualmente ejerzo como docente de&hellip;<\/p>\n","protected":false},"author":8383,"featured_media":0,"parent":0,"menu_order":0,"comment_status":"closed","ping_status":"closed","template":"","meta":{"ngg_post_thumbnail":0,"footnotes":""},"aioseo_notices":[],"_links":{"self":[{"href":"https:\/\/blogsaverroes.juntadeandalucia.es\/rutapoesia\/wp-json\/wp\/v2\/pages\/353"}],"collection":[{"href":"https:\/\/blogsaverroes.juntadeandalucia.es\/rutapoesia\/wp-json\/wp\/v2\/pages"}],"about":[{"href":"https:\/\/blogsaverroes.juntadeandalucia.es\/rutapoesia\/wp-json\/wp\/v2\/types\/page"}],"author":[{"embeddable":true,"href":"https:\/\/blogsaverroes.juntadeandalucia.es\/rutapoesia\/wp-json\/wp\/v2\/users\/8383"}],"replies":[{"embeddable":true,"href":"https:\/\/blogsaverroes.juntadeandalucia.es\/rutapoesia\/wp-json\/wp\/v2\/comments?post=353"}],"version-history":[{"count":9,"href":"https:\/\/blogsaverroes.juntadeandalucia.es\/rutapoesia\/wp-json\/wp\/v2\/pages\/353\/revisions"}],"predecessor-version":[{"id":366,"href":"https:\/\/blogsaverroes.juntadeandalucia.es\/rutapoesia\/wp-json\/wp\/v2\/pages\/353\/revisions\/366"}],"wp:attachment":[{"href":"https:\/\/blogsaverroes.juntadeandalucia.es\/rutapoesia\/wp-json\/wp\/v2\/media?parent=353"}],"curies":[{"name":"wp","href":"https:\/\/api.w.org\/{rel}","templated":true}]}}