{"id":68,"date":"2023-12-11T12:47:54","date_gmt":"2023-12-11T12:47:54","guid":{"rendered":"https:\/\/blogsaverroes.juntadeandalucia.es\/rycerasmuscrecemoseuropa\/?page_id=68"},"modified":"2025-01-22T17:48:25","modified_gmt":"2025-01-22T17:48:25","slug":"proyecto","status":"publish","type":"page","link":"https:\/\/blogsaverroes.juntadeandalucia.es\/rycerasmuscrecemoseuropa\/proyecto\/","title":{"rendered":"Proyecto"},"content":{"rendered":"<!--themify_builder_content-->\n<div id=\"themify_builder_content-68\" data-postid=\"68\" class=\"themify_builder_content themify_builder_content-68 themify_builder tf_clear\">\n                    <div  data-css_id=\"z0th130\" data-lazy=\"1\" class=\"module_row themify_builder_row fullwidth_row_container tb_z0th130 tb_first tf_w\">\n                        <div class=\"row_inner col_auto_height gutter-none direction_rtl col_align_bottom tb_col_count_1 tf_box tf_rel\">\n                        <div  data-lazy=\"1\" class=\"module_column tb-column col-full tb_jgrn131 first\">\n                            <div  data-lazy=\"1\" class=\"module_subrow themify_builder_sub_row tf_w gutter-none col_align_middle tb_col_count_2 tb_yd3h132\">\n                <div  data-lazy=\"1\" class=\"module_column sub_column col2-1 tb_hjzs134 first\">\n                    <!-- module image -->\n<div  class=\"module module-image tb_vbnp135 image-center   tf_mw\" data-lazy=\"1\" data-lax-translate-y=\"(vh*0.7) 0,(vh*0) -70\" data-lax=\"true\">\n        <div class=\"image-wrap tf_rel tf_mw\">\n            <img loading=\"lazy\" decoding=\"async\" src=\"https:\/\/blogsaverroes.juntadeandalucia.es\/rycerasmuscrecemoseuropa\/files\/2024\/01\/IMG-20231206-WA0009-1-600x532.jpg\" width=\"600\" height=\"532\" class=\"wp-post-image wp-image-207\" title=\"IMG-20231206-WA0009\" alt=\"IMG-20231206-WA0009\" srcset=\"https:\/\/blogsaverroes.juntadeandalucia.es\/rycerasmuscrecemoseuropa\/files\/2024\/01\/IMG-20231206-WA0009-1-600x532.jpg 600w, https:\/\/blogsaverroes.juntadeandalucia.es\/rycerasmuscrecemoseuropa\/files\/2024\/01\/IMG-20231206-WA0009-1-300x266.jpg 300w, https:\/\/blogsaverroes.juntadeandalucia.es\/rycerasmuscrecemoseuropa\/files\/2024\/01\/IMG-20231206-WA0009-1.jpg 526w\" sizes=\"(max-width: 600px) 100vw, 600px\" \/>    \n        <\/div>\n    <!-- \/image-wrap -->\n    \n        <\/div>\n<!-- \/module image -->        <\/div>\n                    <div  data-lazy=\"1\" class=\"module_column sub_column col2-1 tb_myfc136 last\">\n                    <!-- module text -->\n<div  class=\"module module-text tb_5s06136  repeat \" data-lazy=\"1\">\n        <div  class=\"tb_text_wrap\">\n        <p style=\"text-align: center;\">Nuestro proyecto<\/p>\n<p style=\"text-align: center;\"><strong> \u00abCrecemos con Europa\u00bb <\/strong><\/p>\n<p style=\"text-align: center;\">es un proyecto de mejora de la educaci\u00f3n en nuestro centro. Se enfoca en la mejora de la competencia ling\u00fc\u00edstica y refuerza nuestro Plan de Transformaci\u00f3n Digital educativa. Adem\u00e1s de ofrecer oportunidades de aprendizaje internacional al alumnado, el personal del centro realiza visitas de trabajo (observaci\u00f3n educativa) en centros hom\u00f3logos o recibe formaci\u00f3n espec\u00edfica para enfrentar desaf\u00edos educativos.<\/p>\n<p style=\"text-align: center;\">Todo ello contribuye a la internacionalizaci\u00f3n del centro y la homologaci\u00f3n europea de nuestra pr\u00e1ctica educativa.<\/p>    <\/div>\n<\/div>\n<!-- \/module text -->        <\/div>\n                    <\/div>\n                <div  data-lazy=\"1\" class=\"module_subrow themify_builder_sub_row tf_w gutter-none col_align_middle tb_col_count_2 tb_nwn7137\">\n                <div  data-lazy=\"1\" class=\"module_column sub_column col2-1 tb_4hte138 first\">\n                            <\/div>\n                    <div  data-lazy=\"1\" class=\"module_column sub_column col2-1 tb_viwy139 last\">\n                            <\/div>\n                    <\/div>\n                <\/div>\n                        <\/div>\n        <\/div>\n        <\/div>\n<!--\/themify_builder_content-->","protected":false},"excerpt":{"rendered":"<p>Nuestro proyecto \u00abCrecemos con Europa\u00bb es un proyecto de mejora de la educaci\u00f3n en nuestro centro. Se enfoca en la mejora de la competencia ling\u00fc\u00edstica y refuerza nuestro Plan de Transformaci\u00f3n Digital educativa. Adem\u00e1s de ofrecer oportunidades de aprendizaje internacional al alumnado, el personal del centro realiza visitas de trabajo (observaci\u00f3n educativa) en centros hom\u00f3logos [&hellip;]<\/p>\n","protected":false},"author":2391,"featured_media":0,"parent":0,"menu_order":0,"comment_status":"closed","ping_status":"closed","template":"","meta":{"ngg_post_thumbnail":0,"footnotes":""},"aioseo_notices":[],"_links":{"self":[{"href":"https:\/\/blogsaverroes.juntadeandalucia.es\/rycerasmuscrecemoseuropa\/wp-json\/wp\/v2\/pages\/68"}],"collection":[{"href":"https:\/\/blogsaverroes.juntadeandalucia.es\/rycerasmuscrecemoseuropa\/wp-json\/wp\/v2\/pages"}],"about":[{"href":"https:\/\/blogsaverroes.juntadeandalucia.es\/rycerasmuscrecemoseuropa\/wp-json\/wp\/v2\/types\/page"}],"author":[{"embeddable":true,"href":"https:\/\/blogsaverroes.juntadeandalucia.es\/rycerasmuscrecemoseuropa\/wp-json\/wp\/v2\/users\/2391"}],"replies":[{"embeddable":true,"href":"https:\/\/blogsaverroes.juntadeandalucia.es\/rycerasmuscrecemoseuropa\/wp-json\/wp\/v2\/comments?post=68"}],"version-history":[{"count":3,"href":"https:\/\/blogsaverroes.juntadeandalucia.es\/rycerasmuscrecemoseuropa\/wp-json\/wp\/v2\/pages\/68\/revisions"}],"predecessor-version":[{"id":428,"href":"https:\/\/blogsaverroes.juntadeandalucia.es\/rycerasmuscrecemoseuropa\/wp-json\/wp\/v2\/pages\/68\/revisions\/428"}],"wp:attachment":[{"href":"https:\/\/blogsaverroes.juntadeandalucia.es\/rycerasmuscrecemoseuropa\/wp-json\/wp\/v2\/media?parent=68"}],"curies":[{"name":"wp","href":"https:\/\/api.w.org\/{rel}","templated":true}]}}