{"id":1058,"date":"2024-06-04T19:58:23","date_gmt":"2024-06-04T17:58:23","guid":{"rendered":"https:\/\/blogsaverroes.juntadeandalucia.es\/sanfelipeneri\/?page_id=1058"},"modified":"2025-12-10T19:13:20","modified_gmt":"2025-12-10T18:13:20","slug":"c-f-g-s-tecnico-superior-en-mecatronica-industrial","status":"publish","type":"page","link":"https:\/\/blogsaverroes.juntadeandalucia.es\/sanfelipeneri\/ciclos-formativos\/c-f-g-s-tecnico-superior-en-mecatronica-industrial\/","title":{"rendered":"C.F.G.S. T\u00c9CNICO SUPERIOR EN MECATR\u00d3NICA INDUSTRIAL"},"content":{"rendered":"<p>Este <b>Ciclo Formativo de Grado Superior en Mecatr\u00f3nica Industrial<\/b> capacita a profesionales para <strong>desarrollar proyectos, gestionar y supervisar el montaje y mantenimiento de sistemas mecatr\u00f3nicos<\/strong>, as\u00ed como de maquinaria, equipo industrial y l\u00edneas automatizadas.<\/p>\n<p>Las personas tituladas ejercen su actividad en <strong>empresas de mantenimiento industrial, automatizaci\u00f3n, rob\u00f3tica y producci\u00f3n<\/strong>, ocupando puestos de responsabilidad en procesos de instalaci\u00f3n, supervisi\u00f3n y gesti\u00f3n t\u00e9cnica.<\/p>\n<div class=\"osc-res-tab tabbable   osc-tabs-left\"><div style=\"clear:both;width: 100%;\"><ul class=\"nav osc-res-nav nav-pills osc-tabs-left-ul\" id=\"oscitas-restabs-1-c-f-g-s-tecnico-superior-en-mecatronica-industrial-78181\"><li class=\"active\"><a href=\"#ert_pane1-0\" data-toggle=\"tab\">Salidas profesionales<\/a><\/li><li class=\"\"><a href=\"#ert_pane1-1\" data-toggle=\"tab\">Duraci\u00f3n y organizaci\u00f3n de la formaci\u00f3n<\/a><\/li><li class=\"\"><a href=\"#ert_pane1-2\" data-toggle=\"tab\">Competencias profesionales<\/a><\/li><li class=\"\"><a href=\"#ert_pane1-3\" data-toggle=\"tab\">Informaci\u00f3n adicional<\/a><\/li><\/ul><\/div><div style=\"clear:both;width: 100%;\"><ul class=\"tab-content\" id=\"oscitas-restabcontent-1-c-f-g-s-tecnico-superior-en-mecatronica-industrial-78181\"><li class=\"tab-pane active\" id=\"ert_pane1-0\"><p>&nbsp;<\/p>\n<p>Las principales ocupaciones y puestos de trabajo son:<\/p>\n<ul>\n<li>T\u00e9cnica \/ t\u00e9cnico en planificaci\u00f3n y programaci\u00f3n de procesos de mantenimiento de instalaciones de maquinaria y equipo industrial.<\/li>\n<li>Jefa \/ jefe de equipo de montadores de instalaciones de maquinaria y equipo industrial.<\/li>\n<li>Jefa \/ jefe de equipo de mantenedores de instalaciones de maquinaria y equipo industrial.<\/li>\n<\/ul>\n<p>Puedes trabajar en empresas, mayoritariamente privadas, dedicadas al desarrollo de proyectos y a la gesti\u00f3n y supervisi\u00f3n del montaje y mantenimiento de sistemas mecatr\u00f3nicos o instalaciones de maquinaria, equipo industrial y l\u00edneas automatizadas, tanto por cuenta propia como ajena.<\/p><\/li><li class=\"tab-pane \" id=\"ert_pane1-1\"><p>&nbsp;<\/p>\n<p>El ciclo tiene una duraci\u00f3n de <strong>dos cursos acad\u00e9micos<\/strong> (un total de <strong>2.000 horas<\/strong>), que combinan formaci\u00f3n te\u00f3rica, pr\u00e1ctica y la FFEOE.<\/p>\n<p>Los m\u00f3dulos se distribuyen de la siguiente forma:<\/p>\n<h4><strong>Primer curso<\/strong><\/h4>\n<ul>\n<li>Elementos de m\u00e1quinas&nbsp;<\/li>\n<li>Itinerario Personal para la Empleabilidad I&nbsp;<\/li>\n<li>Procesos de fabricaci\u00f3n&nbsp;<\/li>\n<li>Representaci\u00f3n gr\u00e1fica de sistemas mecatr\u00f3nicos<\/li>\n<li>Sistemas el\u00e9ctricos y electr\u00f3nicos&nbsp;<\/li>\n<li>Sistemas hidr\u00e1ulicos y neum\u00e1ticos<\/li>\n<li>Sistemas mec\u00e1nicos<\/li>\n<li>Digitalizaci\u00f3n aplicada a los Sectores Productivos<\/li>\n<li>Sostenibilidad aplicada al Sistema Productivo<\/li>\n<\/ul>\n<h4>&nbsp;<\/h4>\n<h4><strong>Segundo curso<\/strong><\/h4>\n<ul>\n<li>Configuraci\u00f3n de sistemas mecatr\u00f3nicos&nbsp;<\/li>\n<li>Integraci\u00f3n de sistemas&nbsp;<\/li>\n<li>Procesos y gesti\u00f3n de mantenimiento y calidad&nbsp;<\/li>\n<li>Simulaci\u00f3n de sistemas mecatr\u00f3nicos&nbsp;<\/li>\n<li>Itinerario Personal para la Empleabilidad II&nbsp;<\/li>\n<li>Ingl\u00e9s Profesional<\/li>\n<li>Optativa: Robotizaci\u00f3n en la industria 4.0<\/li>\n<li>Proyecto Intermodular de Mecatr\u00f3nica Industrial<\/li>\n<\/ul><\/li><li class=\"tab-pane \" id=\"ert_pane1-2\"><p>&nbsp;<\/p>\n<p>Al finalizar estos estudios, el alumnado estar\u00e1 capacitado para:<\/p>\n<ul>\n<li>Configurar sistemas mecatr\u00f3nicos industriales, seleccionando los equipos y elementos que las componen.<\/li>\n<li>Planificar el montaje y mantenimiento de sistemas mecatr\u00f3nicos industriales: maquinaria, equipo industrial, l\u00edneas automatizadas de producci\u00f3n, etc., definiendo los recursos, los tiempos necesarios y los sistemas de control.<\/li>\n<li>Supervisar y\/o ejecutar los procesos de montaje y mantenimiento de sistemas mecatr\u00f3nicos industriales, controlando los tiempos y la calidad de los resultados.<\/li>\n<li>Supervisar los par\u00e1metros de funcionamiento de sistemas mecatr\u00f3nicos industriales, utilizando instrumentos de medida y control y aplicaciones inform\u00e1ticas de prop\u00f3sito espec\u00edfico.<\/li>\n<li>Diagnosticar y localizar aver\u00edas y disfunciones que se produzcan en sistemas mecatr\u00f3nicos industriales, aplicando t\u00e9cnicas operativas y procedimientos espec\u00edficos, para organizar su reparaci\u00f3n.<\/li>\n<\/ul><\/li><li class=\"tab-pane \" id=\"ert_pane1-3\"><p><strong>Despu\u00e9s puedes seguir estudiando:<\/strong><\/p>\n<ul>\n<li><a href=\"https:\/\/www.todofp.es\/que-estudiar\/familias-profesionales\/transporte-mantenimiento-vehiculos\/ce-aeronaves-drones.html\">Curso de Especializaci\u00f3n en Aeronaves pilotadas de forma remota-Drones (Acceso GS)<\/a><\/li>\n<li><a href=\"https:\/\/www.todofp.es\/que-estudiar\/familias-profesionales\/fabricacion-mecanica\/ce-materiales-compuestos-industria-aeroespacial.html\">Curso de especializaci\u00f3n en Materiales compuestos en la industria aeroespacial (Acceso GS)<\/a><\/li>\n<li><a href=\"https:\/\/www.todofp.es\/que-estudiar\/familias-profesionales\/instalacion-mantenimiento\/ce-digita-mante-industrial.html\">Curso de Especializaci\u00f3n en Digitalizaci\u00f3n del Mantenimiento Industrial (Acceso GS)<\/a><\/li>\n<li><a href=\"https:\/\/www.todofp.es\/que-estudiar\/familias-profesionales\/fabricacion-mecanica\/ce-fabricacion-aditiva.html\">Curso de Especializaci\u00f3n en Fabricaci\u00f3n Aditiva (Acceso GS)<\/a><\/li>\n<li><a href=\"https:\/\/www.todofp.es\/que-estudiar\/familias-profesionales\/instalacion-mantenimiento\/ce-fabricacion-inteligente.html\">Curso de Especializaci\u00f3n en Fabricaci\u00f3n Inteligente (Acceso GS)<\/a><\/li>\n<li><a href=\"https:\/\/www.todofp.es\/que-estudiar\/familias-profesionales\/informatica-comunicaciones\/ce-inteligencia-artificial-bigdata.html\">Curso de Especializaci\u00f3n en Inteligencia Artificial y Big Data (Acceso GS)<\/a><\/li>\n<li><a href=\"https:\/\/www.todofp.es\/que-estudiar\/familias-profesionales\/transporte-mantenimiento-vehiculos\/ce-mtmo-material-rodante-ferroviario.html\">Curso de Especializaci\u00f3n en Mantenimiento avanzado de material rodante ferroviario (Acceso GS)<\/a><\/li>\n<li><a href=\"https:\/\/www.todofp.es\/que-estudiar\/familias-profesionales\/instalacion-mantenimiento\/ce-modelado-informacion-construccion.html\">Curso de Especializaci\u00f3n en Modelado de la informaci\u00f3n en la construcci\u00f3n (BIM) (Acceso GS)<\/a><\/li>\n<li><a href=\"https:\/\/www.todofp.es\/que-estudiar\/familias-profesionales\/electricidad-electronica\/ce-robotica-colaborativa.html\">Curso de Especializaci\u00f3n en Rob\u00f3tica Colaborativa (Acceso GS)<\/a><\/li>\n<li>Ciclo Formativo de FP: con la posibilidad de convalidar m\u00f3dulos profesionales (consulta la normativa vigente)<\/li>\n<li>Grado Universitario: con la posibilidad de convalidar m\u00f3dulos profesionales (consulta la normativa vigente)<\/li>\n<\/ul>\n<p>Rama de conocimiento universitario:<\/p>\n<ul>\n<li>Ingenier\u00eda y Arquitectura<\/li>\n<\/ul>\n<p>\u00c1mbito de conocimiento universitario:<\/p>\n<ul>\n<li>Arquitectura, construcci\u00f3n, edificaci\u00f3n y urbanismo, e ingenier\u00eda civil.<\/li>\n<li>Ingenier\u00eda el\u00e9ctrica, ingenier\u00eda electr\u00f3nica e ingenier\u00eda de la telecomunicaci\u00f3n.<\/li>\n<li>Ingenier\u00eda industrial, ingenier\u00eda mec\u00e1nica, ingenier\u00eda autom\u00e1tica, ingenier\u00eda de la organizaci\u00f3n industrial e ingenier\u00eda de la navegaci\u00f3n.<\/li>\n<\/ul>\n<p><strong>&nbsp;<\/strong><\/p>\n<p><strong>&nbsp;<\/strong><\/p>\n<p><strong>&nbsp;<\/strong><\/p>\n<p>Puedes consultar m\u00e1s informaci\u00f3n en:<\/p>\n<ul>\n<li><a href=\"https:\/\/www.juntadeandalucia.es\/educacion\/portals\/web\/formacion-profesional-andaluza\/fp-grado-superior\/detalle-titulo?idTitulo=105\" target=\"_blank\" rel=\"noopener\">Todo FP Andaluc\u00eda \u2013 Mecatr\u00f3nica Industrial (MEC)<\/a><\/li>\n<li><a href=\"https:\/\/www.todofp.es\/que-estudiar\/loe\/instalacion-mantenimiento\/mecatronica-industrial.html\" target=\"_blank\" rel=\"noopener\">Todo FP \u2013 Mecatr\u00f3nica Industrial (MEC)<\/a><\/li>\n<\/ul>\n<p>Normativa reguladora<\/p>\n<ul>\n<li><strong>Normativa auton\u00f3mica<\/strong>:<a href=\"https:\/\/www.juntadeandalucia.es\/educacion\/portals\/galion\/ORD\/ORD_105.pdf\" target=\"_blank\" rel=\"noopener\"> Orden de 29 de abril de 2013<\/a>.<\/li>\n<li><strong>Normativa estatal<\/strong>:<a href=\"https:\/\/www.juntadeandalucia.es\/educacion\/portals\/galion\/RD\/RD_105.pdf\" target=\"_blank\" rel=\"noopener\"> Real Decreto 1576\/2011<\/a>.<\/li>\n<\/ul><\/li><\/ul><\/div><\/div>\n<p>&nbsp;<\/p>\n","protected":false},"excerpt":{"rendered":"<p>Este Ciclo Formativo de Grado Superior en Mecatr\u00f3nica Industrial capacita a profesionales para desarrollar proyectos, gestionar y supervisar el montaje y mantenimiento de sistemas mecatr\u00f3nicos, as\u00ed como de maquinaria, equipo industrial y l\u00edneas automatizadas.&#46;&#46;&#46;<\/p>\n","protected":false},"author":13459,"featured_media":6792,"parent":4383,"menu_order":0,"comment_status":"closed","ping_status":"closed","template":"","meta":{"_exactmetrics_skip_tracking":false,"_exactmetrics_sitenote_active":false,"_exactmetrics_sitenote_note":"","_exactmetrics_sitenote_category":0,"ngg_post_thumbnail":0,"footnotes":""},"aioseo_notices":[],"_links":{"self":[{"href":"https:\/\/blogsaverroes.juntadeandalucia.es\/sanfelipeneri\/wp-json\/wp\/v2\/pages\/1058"}],"collection":[{"href":"https:\/\/blogsaverroes.juntadeandalucia.es\/sanfelipeneri\/wp-json\/wp\/v2\/pages"}],"about":[{"href":"https:\/\/blogsaverroes.juntadeandalucia.es\/sanfelipeneri\/wp-json\/wp\/v2\/types\/page"}],"author":[{"embeddable":true,"href":"https:\/\/blogsaverroes.juntadeandalucia.es\/sanfelipeneri\/wp-json\/wp\/v2\/users\/13459"}],"replies":[{"embeddable":true,"href":"https:\/\/blogsaverroes.juntadeandalucia.es\/sanfelipeneri\/wp-json\/wp\/v2\/comments?post=1058"}],"version-history":[{"count":15,"href":"https:\/\/blogsaverroes.juntadeandalucia.es\/sanfelipeneri\/wp-json\/wp\/v2\/pages\/1058\/revisions"}],"predecessor-version":[{"id":7126,"href":"https:\/\/blogsaverroes.juntadeandalucia.es\/sanfelipeneri\/wp-json\/wp\/v2\/pages\/1058\/revisions\/7126"}],"up":[{"embeddable":true,"href":"https:\/\/blogsaverroes.juntadeandalucia.es\/sanfelipeneri\/wp-json\/wp\/v2\/pages\/4383"}],"wp:featuredmedia":[{"embeddable":true,"href":"https:\/\/blogsaverroes.juntadeandalucia.es\/sanfelipeneri\/wp-json\/wp\/v2\/media\/6792"}],"wp:attachment":[{"href":"https:\/\/blogsaverroes.juntadeandalucia.es\/sanfelipeneri\/wp-json\/wp\/v2\/media?parent=1058"}],"curies":[{"name":"wp","href":"https:\/\/api.w.org\/{rel}","templated":true}]}}