{"id":1531,"date":"2024-08-08T16:50:41","date_gmt":"2024-08-08T14:50:41","guid":{"rendered":"https:\/\/blogsaverroes.juntadeandalucia.es\/sanfelipeneri\/?page_id=1531"},"modified":"2025-10-30T14:01:52","modified_gmt":"2025-10-30T13:01:52","slug":"fisica-y-quimica","status":"publish","type":"page","link":"https:\/\/blogsaverroes.juntadeandalucia.es\/sanfelipeneri\/departamentos\/fisica-y-quimica\/","title":{"rendered":"F\u00edsica y Qu\u00edmica"},"content":{"rendered":"<div class=\"flex max-w-full flex-col flex-grow\">\n<div class=\"min-h-8 text-message flex w-full flex-col items-end gap-2 whitespace-normal break-words [.text-message+&amp;]:mt-5\" dir=\"auto\" data-message-author-role=\"assistant\" data-message-id=\"4a99a07e-47df-424c-b636-72402f6819eb\" data-message-model-slug=\"gpt-4o\">\n<div class=\"flex w-full flex-col gap-1 empty:hidden first:pt-[3px]\">\n<div class=\"markdown prose w-full break-words dark:prose-invert light\">\n<p>\u00a1Bienvenidos al Departamento de F\u00edsica y Qu\u00edmica del IES!&nbsp;<\/p>\n<p>En el Departamento de F\u00edsica y Qu\u00edmica, nuestro objetivo es que los estudiantes comprendan las leyes fundamentales que rigen el universo, desde el comportamiento de las part\u00edculas subat\u00f3micas hasta los fen\u00f3menos m\u00e1s grandes del cosmos. En F\u00edsica, se estudian temas como el movimiento, la energ\u00eda, las fuerzas, la electricidad y el magnetismo, mientras que en Qu\u00edmica exploramos la estructura de la materia, los \u00e1tomos, las mol\u00e9culas, las reacciones qu\u00edmicas, y los cambios que estas generan en el entorno.<\/p>\n<p>Adem\u00e1s de los conocimientos te\u00f3ricos, nuestras clases incluyen experimentos pr\u00e1cticos, donde los estudiantes pueden aplicar lo aprendido en situaciones reales, desarrollando habilidades como la observaci\u00f3n, el an\u00e1lisis cr\u00edtico y la resoluci\u00f3n de problemas. Esta combinaci\u00f3n de teor\u00eda y pr\u00e1ctica les permite comprender mejor el mundo que los rodea y las aplicaciones de la ciencia en la vida cotidiana..<\/p>\n<p>\u00a1Te invitamos a explorar este fascinante campo de estudio con nosotros en el IES San Felipe Neri!<\/p>\n<\/div>\n<\/div>\n<\/div>\n<\/div>\n<div class=\"mb-2 flex gap-3 empty:hidden -ml-2\">\n<div class=\"items-center justify-start rounded-xl p-1 flex\">\n<div class=\"flex items-center\">\n<div class=\"flex items-center pb-0\">&nbsp;<\/div>\n<\/div>\n<\/div>\n<\/div>\n<hr>\n<div class=\"osc-res-tab tabbable   osc-tabs-left\"><div style=\"clear:both;width: 100%;\"><ul class=\"nav osc-res-nav nav-pills osc-tabs-left-ul\" id=\"oscitas-restabs-1-fisica-y-quimica-17999\"><li class=\"active\"><a href=\"#ert_pane1-0\" data-toggle=\"tab\">Profesorado<\/a><\/li><li class=\"\"><a href=\"#ert_pane1-1\" data-toggle=\"tab\">Programaciones <\/a><\/li><li class=\"\"><a href=\"#ert_pane1-2\" data-toggle=\"tab\">Competencias y criterios<\/a><\/li><li class=\"\"><a href=\"#ert_pane1-3\" data-toggle=\"tab\">Otros recursos<\/a><\/li><li class=\"\"><a href=\"#ert_pane1-4\" data-toggle=\"tab\">Noticias<\/a><\/li><\/ul><\/div><div style=\"clear:both;width: 100%;\"><ul class=\"tab-content\" id=\"oscitas-restabcontent-1-fisica-y-quimica-17999\"><li class=\"tab-pane active\" id=\"ert_pane1-0\"><table style=\"width: 100%;height: 400px\" border=\"10px solid rgb(255, 255, 255)\">\n<tbody>\n<tr style=\"height: 36px\">\n<td style=\"background-color: #c5cbe3;border: 10px solid #ffffff;width: 50%;height: 50px;text-align: center\"><strong>Castro Ruiz, Mar\u00eda Soledad<\/strong><\/td>\n<td style=\"background-color: #c5cbe3;border: 10px solid #ffffff;width: 50%;height: 50px;text-align: center\"><strong>L\u00f3pez Soriano, Sonsoles<\/strong><\/td>\n<\/tr>\n<tr style=\"height: 24px\">\n<td style=\"background-color: #ffffff;border: 10px solid #ffffff;width: 50%;height: 50px;text-align: center\">\u2709\ufe0f <a href=\"mailto:mcasrui520@g.educaand.es\">mcasrui520@g.educaand.es<\/a><\/td>\n<td style=\"background-color: #ffffff;border: 10px solid #ffffff;width: 50%;height: 50px;text-align: center\">\u2709\ufe0f <a href=\"mailto:slopsor079@g.educaand.es\">slopsor079@g.educaand.es<\/a><\/td>\n<\/tr>\n<tr style=\"height: 36px\">\n<td style=\"border: 10px solid #ffffff;background-color: #c5cbe3;width: 50%;height: 50px;text-align: center\"><strong>Mart\u00ednez Palomino, \u00c1ngel<\/strong><\/td>\n<td style=\"border: 10px solid #ffffff;background-color: #c5cbe3;width: 50%;height: 50px;text-align: center\"><strong>Morillas Guti\u00e9rrez, Francisca Mar\u00eda<\/strong><\/td>\n<\/tr>\n<tr style=\"height: 96px\">\n<td style=\"background-color: #ffffff;border: 10px solid #ffffff;width: 50%;height: 50px\">\n<p style=\"text-align: center\">\u2709\ufe0f <a href=\"mailto:%20amarpal731@g.educaand.es\">amarpal731@g.educaand.es<\/a><\/p>\n<\/td>\n<td style=\"background-color: #ffffff;border: 10px solid #ffffff;width: 50%;height: 50px\">\n<p style=\"text-align: center\">\u2709\ufe0f <a href=\"mailto:fmorgut031@g.educaand.es\">fmorgut031@g.educaand.es<\/a><\/p>\n<\/td>\n<\/tr>\n<tr style=\"height: 36px\">\n<td style=\"border: 10px solid #ffffff;background-color: #c5cbe3;width: 50%;height: 50px;text-align: center\"><strong>P\u00e9rez Ortega, Patricia Mar\u00eda<\/strong><\/td>\n<td style=\"border: 10px solid #ffffff;background-color: #ffffff;width: 50%;height: 50px\">&nbsp;<\/td>\n<\/tr>\n<tr style=\"height: 24px\">\n<td style=\"background-color: #ffffff;border: 10px solid #ffffff;width: 50%;height: 50px;text-align: center\">\u2709\ufe0f <a href=\"mailto:pperort547@g.educaand.es\">pperort547@g.educaand.es<\/a><\/td>\n<td style=\"background-color: #ffffff;border: 10px solid #ffffff;width: 50%;height: 50px;text-align: center\">&nbsp;<\/td>\n<\/tr>\n<\/tbody>\n<\/table><\/li><li class=\"tab-pane \" id=\"ert_pane1-1\"><iframe src=\"https:\/\/drive.google.com\/embeddedfolderview?id=1xg74kZpgnQl2o174PkGjvESADNV2xSzW#list\" height=\"600\"><\/iframe><br \/><\/li><li class=\"tab-pane \" id=\"ert_pane1-2\"><iframe src=\"https:\/\/drive.google.com\/embeddedfolderview?id=123gtAf2uL_5ae3eqV_QToNglPrQp6j-e#list\" height=\"600\"><\/iframe><br \/><\/li><li class=\"tab-pane \" id=\"ert_pane1-3\"><iframe src=\"https:\/\/drive.google.com\/embeddedfolderview?id=1Mf4QHydxBK1epg9m_CRO6ebXxrhH1d4E#list\" height=\"600\"><\/iframe><br \/><\/li><li class=\"tab-pane \" id=\"ert_pane1-4\"><div class=\"pt-cv-wrapper\"><div class=\"pt-cv-view pt-cv-blockgrid iscvblock iscvhybrid list1 layout1\" id=\"pt-cv-view-f215129nhq\"><div data-id=\"pt-cv-page-1\" class=\"pt-cv-page\" data-cvc=\"1\"><div class=\" pt-cv-content-item pt-cv-2-col\" ><div class=\"pt-cv-thumb-wrapper pull-left \"><a href=\"https:\/\/blogsaverroes.juntadeandalucia.es\/sanfelipeneri\/semana-de-la-ciencia-en-la-uja\/\" class=\"_self pt-cv-href-thumbnail pt-cv-thumb-left\" target=\"_self\" ><img loading=\"lazy\" decoding=\"async\" width=\"300\" height=\"225\" src=\"https:\/\/blogsaverroes.juntadeandalucia.es\/sanfelipeneri\/files\/2025\/11\/WhatsApp-Image-2025-11-12-at-11.59.26-4-300x225.jpeg\" class=\"pt-cv-thumbnail pull-left\" alt=\"\" srcset=\"https:\/\/blogsaverroes.juntadeandalucia.es\/sanfelipeneri\/files\/2025\/11\/WhatsApp-Image-2025-11-12-at-11.59.26-4-300x225.jpeg 300w, https:\/\/blogsaverroes.juntadeandalucia.es\/sanfelipeneri\/files\/2025\/11\/WhatsApp-Image-2025-11-12-at-11.59.26-4-1024x768.jpeg 1024w, https:\/\/blogsaverroes.juntadeandalucia.es\/sanfelipeneri\/files\/2025\/11\/WhatsApp-Image-2025-11-12-at-11.59.26-4-768x576.jpeg 768w, https:\/\/blogsaverroes.juntadeandalucia.es\/sanfelipeneri\/files\/2025\/11\/WhatsApp-Image-2025-11-12-at-11.59.26-4-1536x1152.jpeg 1536w, https:\/\/blogsaverroes.juntadeandalucia.es\/sanfelipeneri\/files\/2025\/11\/WhatsApp-Image-2025-11-12-at-11.59.26-4.jpeg 1600w\" sizes=\"(max-width: 300px) 100vw, 300px\" \/><\/a><\/div>\n<div class=\"pt-cv-colwrap\"><h4 class=\"pt-cv-title\"><a href=\"https:\/\/blogsaverroes.juntadeandalucia.es\/sanfelipeneri\/semana-de-la-ciencia-en-la-uja\/\" class=\"_self\" target=\"_self\" >Semana de la Ciencia en la UJA<\/a><\/h4><div class=\"pt-cv-content\">El alumnado de 1.\u00ba de Bachillerato A ha participado en dos interesantes charlas-talleres organizadas dentro del programa de actividades de la Semana de la Ciencia, una iniciativa que la Universidad de Ja\u00e9n celebra cada a\u00f1o con el objetivo de acercar la investigaci\u00f3n y la innovaci\u00f3n al p\u00fablico joven. Los talleres ...<br \/><div class=\"pt-cv-rmwrap\"><a href=\"https:\/\/blogsaverroes.juntadeandalucia.es\/sanfelipeneri\/semana-de-la-ciencia-en-la-uja\/\" class=\"_self pt-cv-readmore btn btn-success\" target=\"_self\">Leer M\u00e1s<\/a><\/div><\/div><\/div><\/div>\n<div class=\" pt-cv-content-item pt-cv-2-col\" ><div class=\"pt-cv-thumb-wrapper pull-left \"><a href=\"https:\/\/blogsaverroes.juntadeandalucia.es\/sanfelipeneri\/semana-de-la-ciencia-uja\/\" class=\"_self pt-cv-href-thumbnail pt-cv-thumb-left\" target=\"_self\" ><img loading=\"lazy\" decoding=\"async\" width=\"300\" height=\"225\" src=\"https:\/\/blogsaverroes.juntadeandalucia.es\/sanfelipeneri\/files\/2024\/11\/Actividad-en-IUIA-300x225.jpg\" class=\"pt-cv-thumbnail pull-left\" alt=\"\" srcset=\"https:\/\/blogsaverroes.juntadeandalucia.es\/sanfelipeneri\/files\/2024\/11\/Actividad-en-IUIA-300x225.jpg 300w, https:\/\/blogsaverroes.juntadeandalucia.es\/sanfelipeneri\/files\/2024\/11\/Actividad-en-IUIA-1024x768.jpg 1024w, https:\/\/blogsaverroes.juntadeandalucia.es\/sanfelipeneri\/files\/2024\/11\/Actividad-en-IUIA-768x576.jpg 768w, https:\/\/blogsaverroes.juntadeandalucia.es\/sanfelipeneri\/files\/2024\/11\/Actividad-en-IUIA-1536x1152.jpg 1536w, https:\/\/blogsaverroes.juntadeandalucia.es\/sanfelipeneri\/files\/2024\/11\/Actividad-en-IUIA-2048x1536.jpg 2048w\" sizes=\"(max-width: 300px) 100vw, 300px\" \/><\/a><\/div>\n<div class=\"pt-cv-colwrap\"><h4 class=\"pt-cv-title\"><a href=\"https:\/\/blogsaverroes.juntadeandalucia.es\/sanfelipeneri\/semana-de-la-ciencia-uja\/\" class=\"_self\" target=\"_self\" >Semana de la Ciencia en la UJA<\/a><\/h4><div class=\"pt-cv-content\">El alumnado de 1\u00ba de Bachillerato-A ha asistido a varios talleres organizados dentro del programa de actividades de la Semana de la Ciencia que organiza cada a\u00f1o la Universidad de Ja\u00e9n. En concreto, los talleres en los que han participado han sido: Explorando los horizontes de Sierra Morena: taller de ...<br \/><div class=\"pt-cv-rmwrap\"><a href=\"https:\/\/blogsaverroes.juntadeandalucia.es\/sanfelipeneri\/semana-de-la-ciencia-uja\/\" class=\"_self pt-cv-readmore btn btn-success\" target=\"_self\">Leer M\u00e1s<\/a><\/div><\/div><\/div><\/div><\/div><\/div><\/div>\t\t\t<style type=\"text\/css\" id=\"pt-cv-inline-style-4a145e4lwx\">\n#pt-cv-view-f215129nhq .pt-cv-thumb-wrapper:not(.miniwrap) { width: 40%; }#pt-cv-view-f215129nhq .pt-cv-thumbnail:not(.pt-cv-thumbnailsm) { height: 300px; }#pt-cv-view-f215129nhq > .pt-cv-page {grid-template-columns: repeat(1, 1fr);grid-gap: 15px;}\n@media all and (max-width: 1024px) { \n#pt-cv-view-f215129nhq > .pt-cv-page {grid-template-columns: repeat(1, 1fr);}\n} \n@media all and (max-width: 767px) { \n#pt-cv-view-f215129nhq > .pt-cv-page {grid-template-columns: repeat(1, 1fr);}\n} <\/style>\r\n\t\t\t<\/li><\/ul><\/div><\/div>\n<p>&nbsp;<\/p>\n","protected":false},"excerpt":{"rendered":"<p>\u00a1Bienvenidos al Departamento de F\u00edsica y Qu\u00edmica del IES!&nbsp; En el Departamento de F\u00edsica y Qu\u00edmica, nuestro objetivo es que los estudiantes comprendan las leyes fundamentales que rigen el universo, desde el comportamiento de&#46;&#46;&#46;<\/p>\n","protected":false},"author":13459,"featured_media":1794,"parent":1407,"menu_order":0,"comment_status":"closed","ping_status":"closed","template":"","meta":{"_exactmetrics_skip_tracking":false,"_exactmetrics_sitenote_active":false,"_exactmetrics_sitenote_note":"","_exactmetrics_sitenote_category":0,"ngg_post_thumbnail":0,"footnotes":""},"aioseo_notices":[],"_links":{"self":[{"href":"https:\/\/blogsaverroes.juntadeandalucia.es\/sanfelipeneri\/wp-json\/wp\/v2\/pages\/1531"}],"collection":[{"href":"https:\/\/blogsaverroes.juntadeandalucia.es\/sanfelipeneri\/wp-json\/wp\/v2\/pages"}],"about":[{"href":"https:\/\/blogsaverroes.juntadeandalucia.es\/sanfelipeneri\/wp-json\/wp\/v2\/types\/page"}],"author":[{"embeddable":true,"href":"https:\/\/blogsaverroes.juntadeandalucia.es\/sanfelipeneri\/wp-json\/wp\/v2\/users\/13459"}],"replies":[{"embeddable":true,"href":"https:\/\/blogsaverroes.juntadeandalucia.es\/sanfelipeneri\/wp-json\/wp\/v2\/comments?post=1531"}],"version-history":[{"count":7,"href":"https:\/\/blogsaverroes.juntadeandalucia.es\/sanfelipeneri\/wp-json\/wp\/v2\/pages\/1531\/revisions"}],"predecessor-version":[{"id":6404,"href":"https:\/\/blogsaverroes.juntadeandalucia.es\/sanfelipeneri\/wp-json\/wp\/v2\/pages\/1531\/revisions\/6404"}],"up":[{"embeddable":true,"href":"https:\/\/blogsaverroes.juntadeandalucia.es\/sanfelipeneri\/wp-json\/wp\/v2\/pages\/1407"}],"wp:featuredmedia":[{"embeddable":true,"href":"https:\/\/blogsaverroes.juntadeandalucia.es\/sanfelipeneri\/wp-json\/wp\/v2\/media\/1794"}],"wp:attachment":[{"href":"https:\/\/blogsaverroes.juntadeandalucia.es\/sanfelipeneri\/wp-json\/wp\/v2\/media?parent=1531"}],"curies":[{"name":"wp","href":"https:\/\/api.w.org\/{rel}","templated":true}]}}

Física y Química

<div class="flex max-w-full flex-col flex-grow">
<div class="min-h-8 text-message flex w-full flex-col items-end gap-2 whitespace-normal break-words [.text-message+&amp;]:mt-5" dir="auto" data-message-author-role="assistant" data-message-id="4a99a07e-47df-424c-b636-72402f6819eb" data-message-model-slug="gpt-4o">
<div class="flex w-full flex-col gap-1 empty:hidden first:pt-[3px]">
<div class="markdown prose w-full break-words dark:prose-invert light">
<p>¡Bienvenidos al Departamento de Física y Química del IES!&nbsp;</p>
<p>En el Departamento de Física y Química, nuestro objetivo es que los estudiantes comprendan las leyes fundamentales que rigen el universo, desde el comportamiento de las partículas subatómicas hasta los fenómenos más grandes del cosmos. En Física, se estudian temas como el movimiento, la energía, las fuerzas, la electricidad y el magnetismo, mientras que en Química exploramos la estructura de la materia, los átomos, las moléculas, las reacciones químicas, y los cambios que estas generan en el entorno.</p>
<p>Además de los conocimientos teóricos, nuestras clases incluyen experimentos prácticos, donde los estudiantes pueden aplicar lo aprendido en situaciones reales, desarrollando habilidades como la observación, el análisis crítico y la resolución de problemas. Esta combinación de teoría y práctica les permite comprender mejor el mundo que los rodea y las aplicaciones de la ciencia en la vida cotidiana..</p>
<p>¡Te invitamos a explorar este fascinante campo de estudio con nosotros en el IES San Felipe Neri!</p>
</div>
</div>
</div>
</div>
<div class="mb-2 flex gap-3 empty:hidden -ml-2">
<div class="items-center justify-start rounded-xl p-1 flex">
<div class="flex items-center">
<div class="flex items-center pb-0">&nbsp;</div>
</div>
</div>
</div>
<hr>
<div class="osc-res-tab tabbable   osc-tabs-left"><div style="clear:both;width: 100%;"><ul class="nav osc-res-nav nav-pills osc-tabs-left-ul" id="oscitas-restabs-1-fisica-y-quimica-17999"><li class="active"><a href="#ert_pane1-0" data-toggle="tab">Profesorado</a></li><li class=""><a href="#ert_pane1-1" data-toggle="tab">Programaciones </a></li><li class=""><a href="#ert_pane1-2" data-toggle="tab">Competencias y criterios</a></li><li class=""><a href="#ert_pane1-3" data-toggle="tab">Otros recursos</a></li><li class=""><a href="#ert_pane1-4" data-toggle="tab">Noticias</a></li></ul></div><div style="clear:both;width: 100%;"><ul class="tab-content" id="oscitas-restabcontent-1-fisica-y-quimica-17999"><li class="tab-pane active" id="ert_pane1-0"><table style="width: 100%;height: 400px" border="10px solid rgb(255, 255, 255)">
<tbody>
<tr style="height: 36px">
<td style="background-color: #c5cbe3;border: 10px solid #ffffff;width: 50%;height: 50px;text-align: center"><strong>Castro Ruiz, María Soledad</strong></td>
<td style="background-color: #c5cbe3;border: 10px solid #ffffff;width: 50%;height: 50px;text-align: center"><strong>López Soriano, Sonsoles</strong></td>
</tr>
<tr style="height: 24px">
<td style="background-color: #ffffff;border: 10px solid #ffffff;width: 50%;height: 50px;text-align: center">✉️ <a href="mailto:mcasrui520@g.educaand.es">mcasrui520@g.educaand.es</a></td>
<td style="background-color: #ffffff;border: 10px solid #ffffff;width: 50%;height: 50px;text-align: center">✉️ <a href="mailto:slopsor079@g.educaand.es">slopsor079@g.educaand.es</a></td>
</tr>
<tr style="height: 36px">
<td style="border: 10px solid #ffffff;background-color: #c5cbe3;width: 50%;height: 50px;text-align: center"><strong>Martínez Palomino, Ángel</strong></td>
<td style="border: 10px solid #ffffff;background-color: #c5cbe3;width: 50%;height: 50px;text-align: center"><strong>Morillas Gutiérrez, Francisca María</strong></td>
</tr>
<tr style="height: 96px">
<td style="background-color: #ffffff;border: 10px solid #ffffff;width: 50%;height: 50px">
<p style="text-align: center">✉️ <a href="mailto:%20amarpal731@g.educaand.es">amarpal731@g.educaand.es</a></p>
</td>
<td style="background-color: #ffffff;border: 10px solid #ffffff;width: 50%;height: 50px">
<p style="text-align: center">✉️ <a href="mailto:fmorgut031@g.educaand.es">fmorgut031@g.educaand.es</a></p>
</td>
</tr>
<tr style="height: 36px">
<td style="border: 10px solid #ffffff;background-color: #c5cbe3;width: 50%;height: 50px;text-align: center"><strong>Pérez Ortega, Patricia María</strong></td>
<td style="border: 10px solid #ffffff;background-color: #ffffff;width: 50%;height: 50px">&nbsp;</td>
</tr>
<tr style="height: 24px">
<td style="background-color: #ffffff;border: 10px solid #ffffff;width: 50%;height: 50px;text-align: center">✉️ <a href="mailto:pperort547@g.educaand.es">pperort547@g.educaand.es</a></td>
<td style="background-color: #ffffff;border: 10px solid #ffffff;width: 50%;height: 50px;text-align: center">&nbsp;</td>
</tr>
</tbody>
</table></li><li class="tab-pane " id="ert_pane1-1"><iframe src="https://drive.google.com/embeddedfolderview?id=1xg74kZpgnQl2o174PkGjvESADNV2xSzW#list" height="600"></iframe><br /></li><li class="tab-pane " id="ert_pane1-2"><iframe src="https://drive.google.com/embeddedfolderview?id=123gtAf2uL_5ae3eqV_QToNglPrQp6j-e#list" height="600"></iframe><br /></li><li class="tab-pane " id="ert_pane1-3"><iframe src="https://drive.google.com/embeddedfolderview?id=1Mf4QHydxBK1epg9m_CRO6ebXxrhH1d4E#list" height="600"></iframe><br /></li><li class="tab-pane " id="ert_pane1-4"><div class="pt-cv-wrapper"><div class="pt-cv-view pt-cv-blockgrid iscvblock iscvhybrid list1 layout1" id="pt-cv-view-f215129nhq"><div data-id="pt-cv-page-1" class="pt-cv-page" data-cvc="1"><div class=" pt-cv-content-item pt-cv-2-col" ><div class="pt-cv-thumb-wrapper pull-left "><a href="https://blogsaverroes.juntadeandalucia.es/sanfelipeneri/semana-de-la-ciencia-en-la-uja/" class="_self pt-cv-href-thumbnail pt-cv-thumb-left" target="_self" ><img loading="lazy" decoding="async" width="300" height="225" src="https://blogsaverroes.juntadeandalucia.es/sanfelipeneri/files/2025/11/WhatsApp-Image-2025-11-12-at-11.59.26-4-300x225.jpeg" class="pt-cv-thumbnail pull-left" alt="" srcset="https://blogsaverroes.juntadeandalucia.es/sanfelipeneri/files/2025/11/WhatsApp-Image-2025-11-12-at-11.59.26-4-300x225.jpeg 300w, https://blogsaverroes.juntadeandalucia.es/sanfelipeneri/files/2025/11/WhatsApp-Image-2025-11-12-at-11.59.26-4-1024x768.jpeg 1024w, https://blogsaverroes.juntadeandalucia.es/sanfelipeneri/files/2025/11/WhatsApp-Image-2025-11-12-at-11.59.26-4-768x576.jpeg 768w, https://blogsaverroes.juntadeandalucia.es/sanfelipeneri/files/2025/11/WhatsApp-Image-2025-11-12-at-11.59.26-4-1536x1152.jpeg 1536w, https://blogsaverroes.juntadeandalucia.es/sanfelipeneri/files/2025/11/WhatsApp-Image-2025-11-12-at-11.59.26-4.jpeg 1600w" sizes="(max-width: 300px) 100vw, 300px" /></a></div>
<div class="pt-cv-colwrap"><h4 class="pt-cv-title"><a href="https://blogsaverroes.juntadeandalucia.es/sanfelipeneri/semana-de-la-ciencia-en-la-uja/" class="_self" target="_self" >Semana de la Ciencia en la UJA</a></h4><div class="pt-cv-content">El alumnado de 1.º de Bachillerato A ha participado en dos interesantes charlas-talleres organizadas dentro del programa de actividades de la Semana de la Ciencia, una iniciativa que la Universidad de Jaén celebra cada año con el objetivo de acercar la investigación y la innovación al público joven. Los talleres ...<br /><div class="pt-cv-rmwrap"><a href="https://blogsaverroes.juntadeandalucia.es/sanfelipeneri/semana-de-la-ciencia-en-la-uja/" class="_self pt-cv-readmore btn btn-success" target="_self">Leer Más</a></div></div></div></div>
<div class=" pt-cv-content-item pt-cv-2-col" ><div class="pt-cv-thumb-wrapper pull-left "><a href="https://blogsaverroes.juntadeandalucia.es/sanfelipeneri/semana-de-la-ciencia-uja/" class="_self pt-cv-href-thumbnail pt-cv-thumb-left" target="_self" ><img loading="lazy" decoding="async" width="300" height="225" src="https://blogsaverroes.juntadeandalucia.es/sanfelipeneri/files/2024/11/Actividad-en-IUIA-300x225.jpg" class="pt-cv-thumbnail pull-left" alt="" srcset="https://blogsaverroes.juntadeandalucia.es/sanfelipeneri/files/2024/11/Actividad-en-IUIA-300x225.jpg 300w, https://blogsaverroes.juntadeandalucia.es/sanfelipeneri/files/2024/11/Actividad-en-IUIA-1024x768.jpg 1024w, https://blogsaverroes.juntadeandalucia.es/sanfelipeneri/files/2024/11/Actividad-en-IUIA-768x576.jpg 768w, https://blogsaverroes.juntadeandalucia.es/sanfelipeneri/files/2024/11/Actividad-en-IUIA-1536x1152.jpg 1536w, https://blogsaverroes.juntadeandalucia.es/sanfelipeneri/files/2024/11/Actividad-en-IUIA-2048x1536.jpg 2048w" sizes="(max-width: 300px) 100vw, 300px" /></a></div>
<div class="pt-cv-colwrap"><h4 class="pt-cv-title"><a href="https://blogsaverroes.juntadeandalucia.es/sanfelipeneri/semana-de-la-ciencia-uja/" class="_self" target="_self" >Semana de la Ciencia en la UJA</a></h4><div class="pt-cv-content">El alumnado de 1º de Bachillerato-A ha asistido a varios talleres organizados dentro del programa de actividades de la Semana de la Ciencia que organiza cada año la Universidad de Jaén. En concreto, los talleres en los que han participado han sido: Explorando los horizontes de Sierra Morena: taller de ...<br /><div class="pt-cv-rmwrap"><a href="https://blogsaverroes.juntadeandalucia.es/sanfelipeneri/semana-de-la-ciencia-uja/" class="_self pt-cv-readmore btn btn-success" target="_self">Leer Más</a></div></div></div></div></div></div></div>			<style type="text/css" id="pt-cv-inline-style-4a145e4lwx">
#pt-cv-view-f215129nhq .pt-cv-thumb-wrapper:not(.miniwrap) { width: 40%; }#pt-cv-view-f215129nhq .pt-cv-thumbnail:not(.pt-cv-thumbnailsm) { height: 300px; }#pt-cv-view-f215129nhq > .pt-cv-page {grid-template-columns: repeat(1, 1fr);grid-gap: 15px;}
@media all and (max-width: 1024px) { 
#pt-cv-view-f215129nhq > .pt-cv-page {grid-template-columns: repeat(1, 1fr);}
} 
@media all and (max-width: 767px) { 
#pt-cv-view-f215129nhq > .pt-cv-page {grid-template-columns: repeat(1, 1fr);}
} </style>
			</li></ul></div></div>
<p>&nbsp;</p>

<p>¡Bienvenidos al Departamento de Física y Química del IES!&nbsp; En el Departamento de Física y Química, nuestro objetivo es que los estudiantes comprendan las leyes fundamentales que rigen el universo, desde el comportamiento de&#46;&#46;&#46;</p>
