{"id":1557,"date":"2024-08-08T17:11:33","date_gmt":"2024-08-08T15:11:33","guid":{"rendered":"https:\/\/blogsaverroes.juntadeandalucia.es\/sanfelipeneri\/?page_id=1557"},"modified":"2025-10-30T15:39:35","modified_gmt":"2025-10-30T14:39:35","slug":"instalacion-y-mantenimiento","status":"publish","type":"page","link":"https:\/\/blogsaverroes.juntadeandalucia.es\/sanfelipeneri\/departamentos\/instalacion-y-mantenimiento\/","title":{"rendered":"Instalaci\u00f3n y Mantenimiento"},"content":{"rendered":"<p>\u00a1Bienvenidos al Departamento de Formaci\u00f3n Profesional en Instalaci\u00f3n y Mantenimiento del IES San Felipe Neri!&nbsp;<\/p>\n<p>Nuestro departamento imparte una formaci\u00f3n actualizada y pr\u00e1ctica en campos como las instalaciones el\u00e9ctricas, la climatizaci\u00f3n, el mantenimiento de equipos industriales y sistemas autom\u00e1ticos, y otros procesos clave para el correcto funcionamiento de infraestructuras y maquinaria. En nuestros ciclos los estudiantes adquieren competencias que les permiten resolver problemas t\u00e9cnicos, operar con equipos complejos y aplicar las normativas de seguridad vigentes.<\/p>\n<p>Uno de nuestros puntos fuertes es la formaci\u00f3n en entornos reales. Esto ofrece a los alumnos una valiosa experiencia laboral y la oportunidad de aplicar los conocimientos aprendidos en clase en situaciones profesionales, mejorando su empleabilidad.<\/p>\n<hr>\n<div class=\"osc-res-tab tabbable   osc-tabs-left\"><div style=\"clear:both;width: 100%;\"><ul class=\"nav osc-res-nav nav-pills osc-tabs-left-ul\" id=\"oscitas-restabs-1-instalacion-y-mantenimiento-53934\"><li class=\"active\"><a href=\"#ert_pane1-0\" data-toggle=\"tab\">Profesorado<\/a><\/li><li class=\"\"><a href=\"#ert_pane1-1\" data-toggle=\"tab\">Programaciones <\/a><\/li><li class=\"\"><a href=\"#ert_pane1-2\" data-toggle=\"tab\">Competencias y criterios<\/a><\/li><li class=\"\"><a href=\"#ert_pane1-3\" data-toggle=\"tab\">Otros recursos<\/a><\/li><\/ul><\/div><div style=\"clear:both;width: 100%;\"><ul class=\"tab-content\" id=\"oscitas-restabcontent-1-instalacion-y-mantenimiento-53934\"><li class=\"tab-pane active\" id=\"ert_pane1-0\"><table style=\"width: 100%;height: 600px\" border=\"10px solid rgb(255, 255, 255)\">\n<tbody>\n<tr style=\"height: 36px\">\n<td style=\"background-color: #c5cbe3;border: 10px solid #ffffff;width: 50%;height: 50px;text-align: center\"><strong>Aranda Castillo, Gumersindo<\/strong><\/td>\n<td style=\"background-color: #c5cbe3;border: 10px solid #ffffff;width: 50%;height: 50px;text-align: center\"><strong>Arias Zafra, Francisco Javier<\/strong><\/td>\n<\/tr>\n<tr style=\"height: 24px\">\n<td style=\"background-color: #ffffff;border: 10px solid #ffffff;width: 50%;height: 50px;text-align: center\">\u2709\ufe0f <a href=\"mailto:garacas827@g.educaand.es\">garacas827@g.educaand.es<\/a><\/td>\n<td style=\"background-color: #ffffff;border: 10px solid #ffffff;width: 50%;height: 50px;text-align: center\">\u2709\ufe0f <a href=\"mailto:farizaf771@g.educaand.es\">farizaf771@g.educaand.es<\/a><\/td>\n<\/tr>\n<tr style=\"height: 36px\">\n<td style=\"border: 10px solid #ffffff;background-color: #c5cbe3;width: 50%;height: 50px;text-align: center\"><strong>Bonilla Fernandez, Antonio David<\/strong><\/td>\n<td style=\"border: 10px solid #ffffff;background-color: #c5cbe3;width: 50%;height: 50px;text-align: center\"><strong>Conde Gallardo, Custodio<\/strong><\/td>\n<\/tr>\n<tr style=\"height: 96px\">\n<td style=\"background-color: #ffffff;border: 10px solid #ffffff;width: 50%;height: 50px;text-align: center\">\u2709\ufe0f <a href=\"mailto:abonfer873@g.educaand.es\">abonfer873@g.educaand.es<\/a><\/td>\n<td style=\"background-color: #ffffff;border: 10px solid #ffffff;width: 50%;height: 50px\">\n<p style=\"text-align: center\">\u2709\ufe0f <a href=\"mailto:ccongal901@g.educaand.es\">ccongal901@g.educaand.es<\/a><\/p>\n<\/td>\n<\/tr>\n<tr style=\"height: 36px\">\n<td style=\"border: 10px solid #ffffff;background-color: #c5cbe3;width: 50%;height: 50px;text-align: center\"><strong>Le\u00f3n Jim\u00e9nez, Antonio Jos\u00e9<\/strong><\/td>\n<td style=\"border: 10px solid #ffffff;background-color: #c5cbe3;width: 50%;height: 50px;text-align: center\"><strong>Priego Villatoro, Jos\u00e9<\/strong><\/td>\n<\/tr>\n<tr style=\"height: 24px\">\n<td style=\"background-color: #ffffff;border: 10px solid #ffffff;width: 50%;height: 50px;text-align: center\">\u2709\ufe0f <a href=\"mailto:aleojim300@g.educaand.es\">aleojim300@g.educaand.es<\/a><\/td>\n<td style=\"background-color: #ffffff;border: 10px solid #ffffff;width: 50%;height: 50px;text-align: center\">\u2709\ufe0f <a href=\"mailto:jprivil507@g.educaand.es\">jprivil507@g.educaand.es<\/a><\/td>\n<\/tr>\n<tr style=\"height: 36px\">\n<td style=\"background-color: #c5cbe3;border: 10px solid #ffffff;width: 50%;height: 50px;text-align: center\"><strong>Molina Gonz\u00e1lez, Jos\u00e9 Mar\u00eda<\/strong><\/td>\n<td style=\"background-color: #c5cbe3;border: 10px solid #ffffff;width: 50%;height: 50px;text-align: center\"><strong>Moreno Rom\u00e1n, Germ\u00e1n<\/strong><\/td>\n<\/tr>\n<tr style=\"height: 36px\">\n<td style=\"background-color: #ffffff;border: 10px solid #ffffff;width: 50%;height: 50px;text-align: center\">\u2709\ufe0f <a href=\"mailto:jmolgon291@g.educaand.es\">jmolgon291@g.educaand.es<\/a><\/td>\n<td style=\"background-color: #ffffff;border: 10px solid #ffffff;width: 50%;height: 50px;text-align: center\">\u2709\ufe0f <a href=\"mailto:gmorrom277@g.educaand.es\">gmorrom277@g.educaand.es<\/a><\/td>\n<\/tr>\n<tr style=\"height: 36px\">\n<td style=\"background-color: #c5cbe3;border: 10px solid #ffffff;width: 50%;height: 50px;text-align: center\"><strong>Pulido Ram\u00edrez, Oscar<\/strong><\/td>\n<td style=\"background-color: #c5cbe3;border: 10px solid #ffffff;width: 50%;height: 50px;text-align: center\"><strong>Rodr\u00edguez Lara, Jos\u00e9 Luis<\/strong><\/td>\n<\/tr>\n<tr style=\"height: 36px\">\n<td style=\"background-color: #ffffff;border: 10px solid #ffffff;width: 50%;height: 50px;text-align: center\">\u2709\ufe0f<a href=\"mailto:opulram195@g.educaand.es\">opulram195@g.educaand.es<\/a><\/td>\n<td style=\"background-color: #ffffff;border: 10px solid #ffffff;width: 50%;height: 50px;text-align: center\">\u2709\ufe0f <a href=\"mailto:jrodlar048@g.educaand.es\">jrodlar048@g.educaand.es<\/a><\/td>\n<\/tr>\n<tr style=\"height: 36px\">\n<td style=\"background-color: #c5cbe3;border: 10px solid #ffffff;width: 50%;height: 50px;text-align: center\"><strong>S\u00e1nchez Murillo, Jorge<\/strong><\/td>\n<td style=\"background-color: #c5cbe3;border: 10px solid #ffffff;width: 50%;height: 50px;text-align: center\"><strong>Flores Varo, Daniel<\/strong><\/td>\n<\/tr>\n<tr style=\"height: 36px\">\n<td style=\"background-color: #ffffff;border: 10px solid #ffffff;width: 50%;height: 50px;text-align: center\">\u2709\ufe0f <a href=\"mailto:jsanmur510@g.educaand.es\">jsanmur510@g.educaand.es<\/a><\/td>\n<td style=\"background-color: #ffffff;border: 10px solid #ffffff;width: 50%;height: 50px;text-align: center\">\u2709\ufe0f<a href=\"mailto:dflovar235@g.educaand.es\"> dflovar235@g.educaand.es<\/a><\/td>\n<\/tr>\n<\/tbody>\n<\/table><\/li><li class=\"tab-pane \" id=\"ert_pane1-1\"><iframe src=\"https:\/\/drive.google.com\/embeddedfolderview?id=18tEwK_HQpMgYB9czXE9NBdD8cbYbm1HU#list\" height=\"600\"><\/iframe><br \/><\/li><li class=\"tab-pane \" id=\"ert_pane1-2\"><iframe src=\"https:\/\/drive.google.com\/embeddedfolderview?id=1LHufwruk5gpNXwaS1P50bDTYHISzYwJe#list\" height=\"600\"><\/iframe><br \/><\/li><li class=\"tab-pane \" id=\"ert_pane1-3\"><iframe src=\"https:\/\/drive.google.com\/embeddedfolderview?id=1X44cPjM5LNxAr79hl1eb-7GmiOnRckFa#list\" height=\"600\"><\/iframe><br \/><\/li><\/ul><\/div><\/div>\n<p>&nbsp;<\/p>\n","protected":false},"excerpt":{"rendered":"<p>\u00a1Bienvenidos al Departamento de Formaci\u00f3n Profesional en Instalaci\u00f3n y Mantenimiento del IES San Felipe Neri!&nbsp; Nuestro departamento imparte una formaci\u00f3n actualizada y pr\u00e1ctica en campos como las instalaciones el\u00e9ctricas, la climatizaci\u00f3n, el mantenimiento de&#46;&#46;&#46;<\/p>\n","protected":false},"author":13459,"featured_media":2008,"parent":1407,"menu_order":0,"comment_status":"closed","ping_status":"closed","template":"","meta":{"_exactmetrics_skip_tracking":false,"_exactmetrics_sitenote_active":false,"_exactmetrics_sitenote_note":"","_exactmetrics_sitenote_category":0,"ngg_post_thumbnail":0,"footnotes":""},"aioseo_notices":[],"_links":{"self":[{"href":"https:\/\/blogsaverroes.juntadeandalucia.es\/sanfelipeneri\/wp-json\/wp\/v2\/pages\/1557"}],"collection":[{"href":"https:\/\/blogsaverroes.juntadeandalucia.es\/sanfelipeneri\/wp-json\/wp\/v2\/pages"}],"about":[{"href":"https:\/\/blogsaverroes.juntadeandalucia.es\/sanfelipeneri\/wp-json\/wp\/v2\/types\/page"}],"author":[{"embeddable":true,"href":"https:\/\/blogsaverroes.juntadeandalucia.es\/sanfelipeneri\/wp-json\/wp\/v2\/users\/13459"}],"replies":[{"embeddable":true,"href":"https:\/\/blogsaverroes.juntadeandalucia.es\/sanfelipeneri\/wp-json\/wp\/v2\/comments?post=1557"}],"version-history":[{"count":5,"href":"https:\/\/blogsaverroes.juntadeandalucia.es\/sanfelipeneri\/wp-json\/wp\/v2\/pages\/1557\/revisions"}],"predecessor-version":[{"id":6523,"href":"https:\/\/blogsaverroes.juntadeandalucia.es\/sanfelipeneri\/wp-json\/wp\/v2\/pages\/1557\/revisions\/6523"}],"up":[{"embeddable":true,"href":"https:\/\/blogsaverroes.juntadeandalucia.es\/sanfelipeneri\/wp-json\/wp\/v2\/pages\/1407"}],"wp:featuredmedia":[{"embeddable":true,"href":"https:\/\/blogsaverroes.juntadeandalucia.es\/sanfelipeneri\/wp-json\/wp\/v2\/media\/2008"}],"wp:attachment":[{"href":"https:\/\/blogsaverroes.juntadeandalucia.es\/sanfelipeneri\/wp-json\/wp\/v2\/media?parent=1557"}],"curies":[{"name":"wp","href":"https:\/\/api.w.org\/{rel}","templated":true}]}}

Instalación y Mantenimiento

<p>¡Bienvenidos al Departamento de Formación Profesional en Instalación y Mantenimiento del IES San Felipe Neri!&nbsp;</p>
<p>Nuestro departamento imparte una formación actualizada y práctica en campos como las instalaciones eléctricas, la climatización, el mantenimiento de equipos industriales y sistemas automáticos, y otros procesos clave para el correcto funcionamiento de infraestructuras y maquinaria. En nuestros ciclos los estudiantes adquieren competencias que les permiten resolver problemas técnicos, operar con equipos complejos y aplicar las normativas de seguridad vigentes.</p>
<p>Uno de nuestros puntos fuertes es la formación en entornos reales. Esto ofrece a los alumnos una valiosa experiencia laboral y la oportunidad de aplicar los conocimientos aprendidos en clase en situaciones profesionales, mejorando su empleabilidad.</p>
<hr>
<div class="osc-res-tab tabbable   osc-tabs-left"><div style="clear:both;width: 100%;"><ul class="nav osc-res-nav nav-pills osc-tabs-left-ul" id="oscitas-restabs-1-instalacion-y-mantenimiento-53934"><li class="active"><a href="#ert_pane1-0" data-toggle="tab">Profesorado</a></li><li class=""><a href="#ert_pane1-1" data-toggle="tab">Programaciones </a></li><li class=""><a href="#ert_pane1-2" data-toggle="tab">Competencias y criterios</a></li><li class=""><a href="#ert_pane1-3" data-toggle="tab">Otros recursos</a></li></ul></div><div style="clear:both;width: 100%;"><ul class="tab-content" id="oscitas-restabcontent-1-instalacion-y-mantenimiento-53934"><li class="tab-pane active" id="ert_pane1-0"><table style="width: 100%;height: 600px" border="10px solid rgb(255, 255, 255)">
<tbody>
<tr style="height: 36px">
<td style="background-color: #c5cbe3;border: 10px solid #ffffff;width: 50%;height: 50px;text-align: center"><strong>Aranda Castillo, Gumersindo</strong></td>
<td style="background-color: #c5cbe3;border: 10px solid #ffffff;width: 50%;height: 50px;text-align: center"><strong>Arias Zafra, Francisco Javier</strong></td>
</tr>
<tr style="height: 24px">
<td style="background-color: #ffffff;border: 10px solid #ffffff;width: 50%;height: 50px;text-align: center">✉️ <a href="mailto:garacas827@g.educaand.es">garacas827@g.educaand.es</a></td>
<td style="background-color: #ffffff;border: 10px solid #ffffff;width: 50%;height: 50px;text-align: center">✉️ <a href="mailto:farizaf771@g.educaand.es">farizaf771@g.educaand.es</a></td>
</tr>
<tr style="height: 36px">
<td style="border: 10px solid #ffffff;background-color: #c5cbe3;width: 50%;height: 50px;text-align: center"><strong>Bonilla Fernandez, Antonio David</strong></td>
<td style="border: 10px solid #ffffff;background-color: #c5cbe3;width: 50%;height: 50px;text-align: center"><strong>Conde Gallardo, Custodio</strong></td>
</tr>
<tr style="height: 96px">
<td style="background-color: #ffffff;border: 10px solid #ffffff;width: 50%;height: 50px;text-align: center">✉️ <a href="mailto:abonfer873@g.educaand.es">abonfer873@g.educaand.es</a></td>
<td style="background-color: #ffffff;border: 10px solid #ffffff;width: 50%;height: 50px">
<p style="text-align: center">✉️ <a href="mailto:ccongal901@g.educaand.es">ccongal901@g.educaand.es</a></p>
</td>
</tr>
<tr style="height: 36px">
<td style="border: 10px solid #ffffff;background-color: #c5cbe3;width: 50%;height: 50px;text-align: center"><strong>León Jiménez, Antonio José</strong></td>
<td style="border: 10px solid #ffffff;background-color: #c5cbe3;width: 50%;height: 50px;text-align: center"><strong>Priego Villatoro, José</strong></td>
</tr>
<tr style="height: 24px">
<td style="background-color: #ffffff;border: 10px solid #ffffff;width: 50%;height: 50px;text-align: center">✉️ <a href="mailto:aleojim300@g.educaand.es">aleojim300@g.educaand.es</a></td>
<td style="background-color: #ffffff;border: 10px solid #ffffff;width: 50%;height: 50px;text-align: center">✉️ <a href="mailto:jprivil507@g.educaand.es">jprivil507@g.educaand.es</a></td>
</tr>
<tr style="height: 36px">
<td style="background-color: #c5cbe3;border: 10px solid #ffffff;width: 50%;height: 50px;text-align: center"><strong>Molina González, José María</strong></td>
<td style="background-color: #c5cbe3;border: 10px solid #ffffff;width: 50%;height: 50px;text-align: center"><strong>Moreno Román, Germán</strong></td>
</tr>
<tr style="height: 36px">
<td style="background-color: #ffffff;border: 10px solid #ffffff;width: 50%;height: 50px;text-align: center">✉️ <a href="mailto:jmolgon291@g.educaand.es">jmolgon291@g.educaand.es</a></td>
<td style="background-color: #ffffff;border: 10px solid #ffffff;width: 50%;height: 50px;text-align: center">✉️ <a href="mailto:gmorrom277@g.educaand.es">gmorrom277@g.educaand.es</a></td>
</tr>
<tr style="height: 36px">
<td style="background-color: #c5cbe3;border: 10px solid #ffffff;width: 50%;height: 50px;text-align: center"><strong>Pulido Ramírez, Oscar</strong></td>
<td style="background-color: #c5cbe3;border: 10px solid #ffffff;width: 50%;height: 50px;text-align: center"><strong>Rodríguez Lara, José Luis</strong></td>
</tr>
<tr style="height: 36px">
<td style="background-color: #ffffff;border: 10px solid #ffffff;width: 50%;height: 50px;text-align: center">✉️<a href="mailto:opulram195@g.educaand.es">opulram195@g.educaand.es</a></td>
<td style="background-color: #ffffff;border: 10px solid #ffffff;width: 50%;height: 50px;text-align: center">✉️ <a href="mailto:jrodlar048@g.educaand.es">jrodlar048@g.educaand.es</a></td>
</tr>
<tr style="height: 36px">
<td style="background-color: #c5cbe3;border: 10px solid #ffffff;width: 50%;height: 50px;text-align: center"><strong>Sánchez Murillo, Jorge</strong></td>
<td style="background-color: #c5cbe3;border: 10px solid #ffffff;width: 50%;height: 50px;text-align: center"><strong>Flores Varo, Daniel</strong></td>
</tr>
<tr style="height: 36px">
<td style="background-color: #ffffff;border: 10px solid #ffffff;width: 50%;height: 50px;text-align: center">✉️ <a href="mailto:jsanmur510@g.educaand.es">jsanmur510@g.educaand.es</a></td>
<td style="background-color: #ffffff;border: 10px solid #ffffff;width: 50%;height: 50px;text-align: center">✉️<a href="mailto:dflovar235@g.educaand.es"> dflovar235@g.educaand.es</a></td>
</tr>
</tbody>
</table></li><li class="tab-pane " id="ert_pane1-1"><iframe src="https://drive.google.com/embeddedfolderview?id=18tEwK_HQpMgYB9czXE9NBdD8cbYbm1HU#list" height="600"></iframe><br /></li><li class="tab-pane " id="ert_pane1-2"><iframe src="https://drive.google.com/embeddedfolderview?id=1LHufwruk5gpNXwaS1P50bDTYHISzYwJe#list" height="600"></iframe><br /></li><li class="tab-pane " id="ert_pane1-3"><iframe src="https://drive.google.com/embeddedfolderview?id=1X44cPjM5LNxAr79hl1eb-7GmiOnRckFa#list" height="600"></iframe><br /></li></ul></div></div>
<p>&nbsp;</p>

<p>¡Bienvenidos al Departamento de Formación Profesional en Instalación y Mantenimiento del IES San Felipe Neri!&nbsp; Nuestro departamento imparte una formación actualizada y práctica en campos como las instalaciones eléctricas, la climatización, el mantenimiento de&#46;&#46;&#46;</p>
