{"id":1747,"date":"2024-10-03T18:12:07","date_gmt":"2024-10-03T16:12:07","guid":{"rendered":"https:\/\/blogsaverroes.juntadeandalucia.es\/sanfelipeneri\/?page_id=1747"},"modified":"2025-02-26T15:56:32","modified_gmt":"2025-02-26T14:56:32","slug":"programas-financiados","status":"publish","type":"page","link":"https:\/\/blogsaverroes.juntadeandalucia.es\/sanfelipeneri\/programas-financiados\/","title":{"rendered":"Programas financiados"},"content":{"rendered":"<div class=\"osc-res-tab tabbable   osc-tabs-left\"><div style=\"clear:both;width: 100%;\"><ul class=\"nav osc-res-nav nav-pills osc-tabs-left-ul\" id=\"oscitas-restabs-1-programas-financiados-33351\"><li class=\"\"><a href=\"#ert_pane1-0\" data-toggle=\"tab\">Programas Financiados<\/a><\/li><li class=\"\"><a href=\"#ert_pane1-1\" data-toggle=\"tab\">ERASMUS+ KA122<\/a><\/li><li class=\"\"><a href=\"#ert_pane1-2\" data-toggle=\"tab\">ERASMUS JAEN+ VIII<\/a><\/li><li class=\"active\"><a href=\"#ert_pane1-3\" data-toggle=\"tab\">Noticias<\/a><\/li><\/ul><\/div><div style=\"clear:both;width: 100%;\"><ul class=\"tab-content\" id=\"oscitas-restabcontent-1-programas-financiados-33351\"><li class=\"tab-pane \" id=\"ert_pane1-0\"><p>&nbsp;<\/p>\n<ul>\n<li style=\"text-align: justify\">El I.E.S. San Felipe Neri es Centro Sede para la Acreditaci\u00f3n de Competencias.<\/li>\n<\/ul>\n<p style=\"text-align: left\"><strong><span style=\"color: #3366ff\">&nbsp; &nbsp; &nbsp; &nbsp; &nbsp; &nbsp; &nbsp; &nbsp; &nbsp; &nbsp; &nbsp; &nbsp; &nbsp; &nbsp; &nbsp; &nbsp; &nbsp; &nbsp; &nbsp; &nbsp; &nbsp; &nbsp; &nbsp; &nbsp; &nbsp; &nbsp; &nbsp; &nbsp;<a class=\"customize-unpreviewable\" style=\"color: #3366ff\" title=\"Convocatorias\" href=\"https:\/\/www.juntadeandalucia.es\/educacion\/portals\/web\/iacp\/convocatorias\" target=\"_blank\" rel=\"noopener\">Convocatorias<\/a><\/span><\/strong><\/p>\n<ul>\n<li>El Programa Operativo Fondo Social Europeo + 2021-2027 cofinancia las siguientes actuaciones que se desarrollan en el I.E.S. San Felipe Neri:\n<ul>\n<li style=\"text-align: justify\">Asistentes Ling\u00fc\u00edsticos.<\/li>\n<li style=\"text-align: justify\">Ense\u00f1anzas Biling\u00fces.<\/li>\n<li style=\"text-align: justify\">PROA Andaluc\u00eda.<\/li>\n<li style=\"text-align: justify\">Transporte Escolar.<\/li>\n<\/ul>\n<\/li>\n<\/ul>\n<p>&nbsp;<\/p>\n<ul>\n<li>En el IES San Felipe Neri se han implantado Aulas Biling\u00fces en:\n<ul>\n<li style=\"text-align: justify\">Ciclo Formativo de Grado Medio en Mantenimiento Electromec\u00e1nico.<\/li>\n<li style=\"text-align: justify\">Ciclo Formativo de Grado Superior en Administraci\u00f3n y Finanzas.<\/li>\n<\/ul>\n<\/li>\n<\/ul>\n<p>&nbsp;<\/p>\n<ul>\n<li>El I.E.S. San Felipe Neri participa en los siguientes Programas ERASMUS+ cofinanciados por la Uni\u00f3n Europea:\n<ul>\n<li><strong>Acreditaci\u00f3n 2020-1-ES01-KA120-VET-0694823<\/strong>\n<ul>\n<li>&#8220;JA\u00c9N+VII: FORMACI\u00d3N PROFESIONAL CON PLUS EN EUROPA&#8221;.\n<ul>\n<li style=\"text-align: justify\"><strong>Convocatoria 2022-1-ESO1-KA121-VET-00059345<\/strong><\/li>\n<li style=\"text-align: justify\"><strong>Convocatoria 2023-1-ES01-KA121-VET-00012632<\/strong><\/li>\n<\/ul>\n<\/li>\n<li style=\"text-align: justify\">&#8220;JA\u00c9N+VIII: FORMACI\u00d3N PROFESIONAL CON PLUS EN EUROPA&#8221;\n<ul>\n<li style=\"text-align: justify\"><strong>Convocatoria 2023-1-ESO1-KA121-VET-000126532<\/strong><\/li>\n<li style=\"text-align: justify\"><strong>Convocatoria 2024-1-ES01-KA122-SCH-000238228<\/strong><\/li>\n<\/ul>\n<\/li>\n<\/ul>\n<\/li>\n<li><strong>Acreditaci\u00f3n 2024-1-ES01-KA122-SCH-00232280694823<\/strong>\n<ul>\n<li>Proyecto de corta duraci\u00f3n para la movilidad del alumnado y personal<\/li>\n<\/ul>\n<\/li>\n<\/ul>\n<\/li>\n<\/ul>\n<p style=\"text-align: justify\"><strong>M\u00e1s informaci\u00f3n en&nbsp;<a class=\"customize-unpreviewable\" title=\"SEPIE\" href=\"http:\/\/sepie.es\/\" target=\"_blank\" rel=\"noopener\"><span style=\"color: #3366ff\">Portal del Servicio Espa\u00f1ol Para la Internacionalizaci\u00f3n de la Educaci\u00f3n (SEPIE)<\/span><\/a><\/strong><\/p><\/li><li class=\"tab-pane \" id=\"ert_pane1-1\"><p><img loading=\"lazy\" decoding=\"async\" class=\"aligncenter size-large wp-image-1301\" src=\"https:\/\/blogsaverroes.juntadeandalucia.es\/sanfelipeneri\/files\/2024\/07\/Logos-SEPIE_1-1024x162.jpg\" alt=\"\" width=\"1024\" height=\"162\" srcset=\"https:\/\/blogsaverroes.juntadeandalucia.es\/sanfelipeneri\/files\/2024\/07\/Logos-SEPIE_1-1024x162.jpg 1024w, https:\/\/blogsaverroes.juntadeandalucia.es\/sanfelipeneri\/files\/2024\/07\/Logos-SEPIE_1-300x47.jpg 300w, https:\/\/blogsaverroes.juntadeandalucia.es\/sanfelipeneri\/files\/2024\/07\/Logos-SEPIE_1-768x121.jpg 768w, https:\/\/blogsaverroes.juntadeandalucia.es\/sanfelipeneri\/files\/2024\/07\/Logos-SEPIE_1-1080x171.jpg 1080w, https:\/\/blogsaverroes.juntadeandalucia.es\/sanfelipeneri\/files\/2024\/07\/Logos-SEPIE_1-980x155.jpg 980w, https:\/\/blogsaverroes.juntadeandalucia.es\/sanfelipeneri\/files\/2024\/07\/Logos-SEPIE_1-480x76.jpg 480w, https:\/\/blogsaverroes.juntadeandalucia.es\/sanfelipeneri\/files\/2024\/07\/Logos-SEPIE_1.jpg 1240w\" sizes=\"(max-width: 1024px) 100vw, 1024px\" \/><\/p>\n<p>El I.E.S. San Felipe Neri ha recibido una subvenci\u00f3n para la implementaci\u00f3n del proyecto 2024-1-ES01-KA122-SCH-000238228 Acci\u00f3n Clave 1- Convocatoria Erasmus+ 2024.<\/p><\/li><li class=\"tab-pane \" id=\"ert_pane1-2\"><p><img loading=\"lazy\" decoding=\"async\" class=\"aligncenter wp-image-1003\" src=\"https:\/\/blogsaverroes.juntadeandalucia.es\/sanfelipeneri\/files\/2024\/06\/JAENPlaca-2024-50x35-V2-AF-4-2024-1-1024x717.jpg\" alt=\"\" width=\"496\" height=\"348\" srcset=\"https:\/\/blogsaverroes.juntadeandalucia.es\/sanfelipeneri\/files\/2024\/06\/JAENPlaca-2024-50x35-V2-AF-4-2024-1-1024x717.jpg 1024w, https:\/\/blogsaverroes.juntadeandalucia.es\/sanfelipeneri\/files\/2024\/06\/JAENPlaca-2024-50x35-V2-AF-4-2024-1-300x210.jpg 300w, https:\/\/blogsaverroes.juntadeandalucia.es\/sanfelipeneri\/files\/2024\/06\/JAENPlaca-2024-50x35-V2-AF-4-2024-1-768x538.jpg 768w, https:\/\/blogsaverroes.juntadeandalucia.es\/sanfelipeneri\/files\/2024\/06\/JAENPlaca-2024-50x35-V2-AF-4-2024-1-1536x1075.jpg 1536w, https:\/\/blogsaverroes.juntadeandalucia.es\/sanfelipeneri\/files\/2024\/06\/JAENPlaca-2024-50x35-V2-AF-4-2024-1-2048x1434.jpg 2048w, https:\/\/blogsaverroes.juntadeandalucia.es\/sanfelipeneri\/files\/2024\/06\/JAENPlaca-2024-50x35-V2-AF-4-2024-1-1080x756.jpg 1080w, https:\/\/blogsaverroes.juntadeandalucia.es\/sanfelipeneri\/files\/2024\/06\/JAENPlaca-2024-50x35-V2-AF-4-2024-1-1280x896.jpg 1280w, https:\/\/blogsaverroes.juntadeandalucia.es\/sanfelipeneri\/files\/2024\/06\/JAENPlaca-2024-50x35-V2-AF-4-2024-1-980x686.jpg 980w, https:\/\/blogsaverroes.juntadeandalucia.es\/sanfelipeneri\/files\/2024\/06\/JAENPlaca-2024-50x35-V2-AF-4-2024-1-480x336.jpg 480w\" sizes=\"(max-width: 496px) 100vw, 496px\" \/><\/p>\n<p>El I.E.S. San Felipe Neri forma parte del proyecto JAEN+ VIII: Formaci\u00f3n Profesional con Plus en Europa 2023-1-ES01-KA121_VET-000126532 \u2013 Proyectos acreditados de movilidad de estudiantes y personal de Formaci\u00f3n Profesional, en la convocatoria nacional de 2021 del Programa europeo de educaci\u00f3n, formaci\u00f3n, juventud y deporte 2021-2027 de la Uni\u00f3n Europea.<\/p>\n<p>La octava edici\u00f3n de JAEN+ supone el tercer proyecto aprobado tras la obtenci\u00f3n de la ACREDITACI\u00d3N ERASMUS+ de la UE para consorcios de movilidad durante el per\u00edodo de programaci\u00f3n 2021-2027, que reconoce la calidad metodol\u00f3gica de los proyectos JAEN+.<\/p>\n<p>En el siguiente documento muestra el listado de subsanaci\u00f3n de solicitudes de la convocatoria de subvenciones.<\/p>\n<p><a title=\"Listado de subsanaci\u00f3n\" href=\"https:\/\/blogsaverroes.juntadeandalucia.es\/sanfelipeneri\/files\/2024\/06\/BOP-2024-2301.pdf\" target=\"_blank\" rel=\"noopener\">Listado de subsanaci\u00f3n<\/a><\/p>\n<p>En el siguiente documento puedes comprobar la propuesta de resoluci\u00f3n provisional.<\/p>\n<p><a href=\"https:\/\/blogsaverroes.juntadeandalucia.es\/sanfelipeneri\/files\/2024\/07\/BOP-2024-3380_PROPUESTA_RESOLUCION_PROVISIONAL_JAENx_VIII.pdf\">BOP-2024-3380_PROPUESTA_RESOLUCION_PROVISIONAL_JAEN+_VIII<\/a><\/p><\/li><li class=\"tab-pane active\" id=\"ert_pane1-3\"><div class=\"pt-cv-wrapper\"><div class=\"pt-cv-view pt-cv-blockgrid iscvblock iscvhybrid list1 layout1\" id=\"pt-cv-view-8b9a5cf3uw\"><div data-id=\"pt-cv-page-1\" class=\"pt-cv-page\" data-cvc=\"1\"><div class=\" pt-cv-content-item pt-cv-2-col\" ><div class=\"pt-cv-thumb-wrapper pull-left \"><a href=\"https:\/\/blogsaverroes.juntadeandalucia.es\/sanfelipeneri\/programa-jaen-x-movilidades-erasmus-para-profesorado-de-fp\/\" class=\"_self pt-cv-href-thumbnail pt-cv-thumb-left\" target=\"_self\" ><img loading=\"lazy\" decoding=\"async\" width=\"300\" height=\"53\" src=\"https:\/\/blogsaverroes.juntadeandalucia.es\/sanfelipeneri\/files\/2026\/03\/banner-micro-jaenplus-1125x200-1-300x53.jpg\" class=\"pt-cv-thumbnail pull-left\" alt=\"\" srcset=\"https:\/\/blogsaverroes.juntadeandalucia.es\/sanfelipeneri\/files\/2026\/03\/banner-micro-jaenplus-1125x200-1-300x53.jpg 300w, https:\/\/blogsaverroes.juntadeandalucia.es\/sanfelipeneri\/files\/2026\/03\/banner-micro-jaenplus-1125x200-1-1024x182.jpg 1024w, https:\/\/blogsaverroes.juntadeandalucia.es\/sanfelipeneri\/files\/2026\/03\/banner-micro-jaenplus-1125x200-1-768x137.jpg 768w, https:\/\/blogsaverroes.juntadeandalucia.es\/sanfelipeneri\/files\/2026\/03\/banner-micro-jaenplus-1125x200-1.jpg 1125w\" sizes=\"(max-width: 300px) 100vw, 300px\" \/><\/a><\/div>\n<div class=\"pt-cv-colwrap\"><h4 class=\"pt-cv-title\"><a href=\"https:\/\/blogsaverroes.juntadeandalucia.es\/sanfelipeneri\/programa-jaen-x-movilidades-erasmus-para-profesorado-de-fp\/\" class=\"_self\" target=\"_self\" >Programa Ja\u00e9n+ X: Movilidades Erasmus+ para profesorado de FP<\/a><\/h4><div class=\"pt-cv-content\">Se ha publicado la resoluci\u00f3n del programa Ja\u00e9n+ X, que permite al profesorado de Formaci\u00f3n Profesional solicitar una movilidad Erasmus+ FP para el pr\u00f3ximo curso dentro de las siguientes l\u00edneas: L\u00ednea 2: Visitas de acompa\u00f1amiento de participantes por parte de docentes. L\u00ednea 3: Visitas de planificaci\u00f3n previa de movilidades. Plazo ...<br \/><div class=\"pt-cv-rmwrap\"><a href=\"https:\/\/blogsaverroes.juntadeandalucia.es\/sanfelipeneri\/programa-jaen-x-movilidades-erasmus-para-profesorado-de-fp\/\" class=\"_self pt-cv-readmore btn btn-success\" target=\"_self\">Leer M\u00e1s<\/a><\/div><\/div><\/div><\/div>\n<div class=\" pt-cv-content-item pt-cv-2-col\" ><div class=\"pt-cv-thumb-wrapper pull-left \"><a href=\"https:\/\/blogsaverroes.juntadeandalucia.es\/sanfelipeneri\/movilidades-erasmus-jaenx-informacion-para-el-alumnado\/\" class=\"_self pt-cv-href-thumbnail pt-cv-thumb-left\" target=\"_self\" ><img loading=\"lazy\" decoding=\"async\" width=\"300\" height=\"53\" src=\"https:\/\/blogsaverroes.juntadeandalucia.es\/sanfelipeneri\/files\/2026\/03\/banner-micro-jaenplus-1125x200-1-300x53.jpg\" class=\"pt-cv-thumbnail pull-left\" alt=\"\" srcset=\"https:\/\/blogsaverroes.juntadeandalucia.es\/sanfelipeneri\/files\/2026\/03\/banner-micro-jaenplus-1125x200-1-300x53.jpg 300w, https:\/\/blogsaverroes.juntadeandalucia.es\/sanfelipeneri\/files\/2026\/03\/banner-micro-jaenplus-1125x200-1-1024x182.jpg 1024w, https:\/\/blogsaverroes.juntadeandalucia.es\/sanfelipeneri\/files\/2026\/03\/banner-micro-jaenplus-1125x200-1-768x137.jpg 768w, https:\/\/blogsaverroes.juntadeandalucia.es\/sanfelipeneri\/files\/2026\/03\/banner-micro-jaenplus-1125x200-1.jpg 1125w\" sizes=\"(max-width: 300px) 100vw, 300px\" \/><\/a><\/div>\n<div class=\"pt-cv-colwrap\"><h4 class=\"pt-cv-title\"><a href=\"https:\/\/blogsaverroes.juntadeandalucia.es\/sanfelipeneri\/movilidades-erasmus-jaenx-informacion-para-el-alumnado\/\" class=\"_self\" target=\"_self\" >Movilidades Erasmus Ja\u00e9n+X \u2013 Informaci\u00f3n para el alumnado<\/a><\/h4><div class=\"pt-cv-content\">El pasado jueves 26 de febrero se public\u00f3 la Resoluci\u00f3n para solicitar las movilidades Erasmus Ja\u00e9n+X. A continuaci\u00f3n, facilitamos al alumnado interesado la informaci\u00f3n b\u00e1sica y la documentaci\u00f3n necesaria para presentar la solicitud. Plazo de solicitud: hasta el 25 de marzo.No obstante, se recomienda presentar la documentaci\u00f3n antes de esa ...<br \/><div class=\"pt-cv-rmwrap\"><a href=\"https:\/\/blogsaverroes.juntadeandalucia.es\/sanfelipeneri\/movilidades-erasmus-jaenx-informacion-para-el-alumnado\/\" class=\"_self pt-cv-readmore btn btn-success\" target=\"_self\">Leer M\u00e1s<\/a><\/div><\/div><\/div><\/div>\n<div class=\" pt-cv-content-item pt-cv-2-col\" ><div class=\"pt-cv-thumb-wrapper pull-left \"><a href=\"https:\/\/blogsaverroes.juntadeandalucia.es\/sanfelipeneri\/aprendiendo-juntos-experiencia-de-job-shadowing-con-miskolc-hungria\/\" class=\"_self pt-cv-href-thumbnail pt-cv-thumb-left\" target=\"_self\" ><img loading=\"lazy\" decoding=\"async\" width=\"300\" height=\"225\" src=\"https:\/\/blogsaverroes.juntadeandalucia.es\/sanfelipeneri\/files\/2026\/02\/WhatsApp-Image-2026-02-19-at-14.03.22-300x225.jpeg\" class=\"pt-cv-thumbnail pull-left\" alt=\"\" srcset=\"https:\/\/blogsaverroes.juntadeandalucia.es\/sanfelipeneri\/files\/2026\/02\/WhatsApp-Image-2026-02-19-at-14.03.22-300x225.jpeg 300w, https:\/\/blogsaverroes.juntadeandalucia.es\/sanfelipeneri\/files\/2026\/02\/WhatsApp-Image-2026-02-19-at-14.03.22-1024x768.jpeg 1024w, https:\/\/blogsaverroes.juntadeandalucia.es\/sanfelipeneri\/files\/2026\/02\/WhatsApp-Image-2026-02-19-at-14.03.22-768x576.jpeg 768w, https:\/\/blogsaverroes.juntadeandalucia.es\/sanfelipeneri\/files\/2026\/02\/WhatsApp-Image-2026-02-19-at-14.03.22-1536x1152.jpeg 1536w, https:\/\/blogsaverroes.juntadeandalucia.es\/sanfelipeneri\/files\/2026\/02\/WhatsApp-Image-2026-02-19-at-14.03.22-2048x1536.jpeg 2048w\" sizes=\"(max-width: 300px) 100vw, 300px\" \/><\/a><\/div>\n<div class=\"pt-cv-colwrap\"><h4 class=\"pt-cv-title\"><a href=\"https:\/\/blogsaverroes.juntadeandalucia.es\/sanfelipeneri\/aprendiendo-juntos-experiencia-de-job-shadowing-con-miskolc-hungria\/\" class=\"_self\" target=\"_self\" >Aprendiendo juntos: experiencia de job-shadowing con Miskolc (Hungr\u00eda)<\/a><\/h4><div class=\"pt-cv-content\">From 17th to 19th February 2026, IES San Felipe Neri (Martos, Ja\u00e9n, Spain) had the pleasure of welcoming Marcell Ferencsik, teacher and Vice-Principal of Miskolci Zr\u00ednyi Ilona Gimn\u00e1zium (Miskolc, Hungary), as part of an Erasmus+ job-shadowing activity. During his stay, Marcell had the opportunity to gain first-hand insight into the ...<br \/><div class=\"pt-cv-rmwrap\"><a href=\"https:\/\/blogsaverroes.juntadeandalucia.es\/sanfelipeneri\/aprendiendo-juntos-experiencia-de-job-shadowing-con-miskolc-hungria\/\" class=\"_self pt-cv-readmore btn btn-success\" target=\"_self\">Leer M\u00e1s<\/a><\/div><\/div><\/div><\/div>\n<div class=\" pt-cv-content-item pt-cv-2-col\" ><div class=\"pt-cv-thumb-wrapper pull-left \"><a href=\"https:\/\/blogsaverroes.juntadeandalucia.es\/sanfelipeneri\/termina-una-semana-erasmus-llena-de-aprendizaje-convivencia-y-emociones\/\" class=\"_self pt-cv-href-thumbnail pt-cv-thumb-left\" target=\"_self\" ><img loading=\"lazy\" decoding=\"async\" width=\"300\" height=\"225\" src=\"https:\/\/blogsaverroes.juntadeandalucia.es\/sanfelipeneri\/files\/2025\/11\/WhatsApp-Image-2025-11-19-at-08.57.42-2-300x225.jpeg\" class=\"pt-cv-thumbnail pull-left\" alt=\"\" srcset=\"https:\/\/blogsaverroes.juntadeandalucia.es\/sanfelipeneri\/files\/2025\/11\/WhatsApp-Image-2025-11-19-at-08.57.42-2-300x225.jpeg 300w, https:\/\/blogsaverroes.juntadeandalucia.es\/sanfelipeneri\/files\/2025\/11\/WhatsApp-Image-2025-11-19-at-08.57.42-2-1024x769.jpeg 1024w, https:\/\/blogsaverroes.juntadeandalucia.es\/sanfelipeneri\/files\/2025\/11\/WhatsApp-Image-2025-11-19-at-08.57.42-2-768x576.jpeg 768w, https:\/\/blogsaverroes.juntadeandalucia.es\/sanfelipeneri\/files\/2025\/11\/WhatsApp-Image-2025-11-19-at-08.57.42-2-1536x1153.jpeg 1536w, https:\/\/blogsaverroes.juntadeandalucia.es\/sanfelipeneri\/files\/2025\/11\/WhatsApp-Image-2025-11-19-at-08.57.42-2.jpeg 1600w\" sizes=\"(max-width: 300px) 100vw, 300px\" \/><\/a><\/div>\n<div class=\"pt-cv-colwrap\"><h4 class=\"pt-cv-title\"><a href=\"https:\/\/blogsaverroes.juntadeandalucia.es\/sanfelipeneri\/termina-una-semana-erasmus-llena-de-aprendizaje-convivencia-y-emociones\/\" class=\"_self\" target=\"_self\" >Termina una semana Erasmus+ llena de aprendizaje, convivencia y emociones<\/a><\/h4><div class=\"pt-cv-content\">Durante la semana del 17 al 21 de noviembre, nuestro centro ha tenido el privilegio de recibir a 12 alumnos y alumnas y 5 profesores y profesoras del Instituto Paglietti, de Porto Torres (Italia).Han sido d\u00edas intensos, llenos de descubrimientos, complicidad y momentos que quedar\u00e1n en la memoria de todos ...<br \/><div class=\"pt-cv-rmwrap\"><a href=\"https:\/\/blogsaverroes.juntadeandalucia.es\/sanfelipeneri\/termina-una-semana-erasmus-llena-de-aprendizaje-convivencia-y-emociones\/\" class=\"_self pt-cv-readmore btn btn-success\" target=\"_self\">Leer M\u00e1s<\/a><\/div><\/div><\/div><\/div><\/div><\/div>\n<div class=\" pt-cv-pagination-wrapper\"><ul class=\"pt-cv-pagination pt-cv-ajax pagination\" data-totalpages=\"3\" data-currentpage=\"1\" data-sid=\"8b9a5cf3uw\" data-unid=\"\" data-isblock=\"\" data-postid=\"\"><li class=\"active\"><a href=\"#\">1<\/a><\/li>\n\t<li ><a class=\"\" href=\"https:\/\/blogsaverroes.juntadeandalucia.es\/sanfelipeneri\/wp-json\/wp\/v2\/pages\/1747\/?_page=2\">2<\/a><\/li>\n\t<li ><a class=\"\" href=\"https:\/\/blogsaverroes.juntadeandalucia.es\/sanfelipeneri\/wp-json\/wp\/v2\/pages\/1747\/?_page=3\">3<\/a><\/li>\n\t<li ><a class=\" \" href=\"https:\/\/blogsaverroes.juntadeandalucia.es\/sanfelipeneri\/wp-json\/wp\/v2\/pages\/1747\/?_page=2\">&rsaquo;<\/a><\/li>\n\t<\/ul><img loading=\"lazy\" decoding=\"async\" width=\"15\" height=\"15\" class=\"pt-cv-spinner\" alt=\"Cargando...\" src=\"data:image\/gif;base64,R0lGODlhDwAPALMPAMrKygwMDJOTkz09PZWVla+vr3p6euTk5M7OzuXl5TMzMwAAAJmZmWZmZszMzP\/\/\/yH\/C05FVFNDQVBFMi4wAwEAAAAh+QQFCgAPACwAAAAADwAPAAAEQvDJaZaZOIcV8iQK8VRX4iTYoAwZ4iCYoAjZ4RxejhVNoT+mRGP4cyF4Pp0N98sBGIBMEMOotl6YZ3S61Bmbkm4mAgAh+QQFCgAPACwAAAAADQANAAAENPDJSRSZeA418itN8QiK8BiLITVsFiyBBIoYqnoewAD4xPw9iY4XLGYSjkQR4UAUD45DLwIAIfkEBQoADwAsAAAAAA8ACQAABC\/wyVlamTi3nSdgwFNdhEJgTJoNyoB9ISYoQmdjiZPcj7EYCAeCF1gEDo4Dz2eIAAAh+QQFCgAPACwCAAAADQANAAAEM\/DJBxiYeLKdX3IJZT1FU0iIg2RNKx3OkZVnZ98ToRD4MyiDnkAh6BkNC0MvsAj0kMpHBAAh+QQFCgAPACwGAAAACQAPAAAEMDC59KpFDll73HkAA2wVY5KgiK5b0RRoI6MuzG6EQqCDMlSGheEhUAgqgUUAFRySIgAh+QQFCgAPACwCAAIADQANAAAEM\/DJKZNLND\/kkKaHc3xk+QAMYDKsiaqmZCxGVjSFFCxB1vwy2oOgIDxuucxAMTAJFAJNBAAh+QQFCgAPACwAAAYADwAJAAAEMNAs86q1yaWwwv2Ig0jUZx3OYa4XoRAfwADXoAwfo1+CIjyFRuEho60aSNYlOPxEAAAh+QQFCgAPACwAAAIADQANAAAENPA9s4y8+IUVcqaWJ4qEQozSoAzoIyhCK2NFU2SJk0hNnyEOhKR2AzAAj4Pj4GE4W0bkJQIAOw==\" \/><div class=\"clear pt-cv-clear-pagination\"><\/div><\/div><\/div>\t\t\t<style type=\"text\/css\" id=\"pt-cv-inline-style-99d8c9aepl\">\n#pt-cv-view-8b9a5cf3uw .pt-cv-thumb-wrapper:not(.miniwrap) { width: 40%; }#pt-cv-view-8b9a5cf3uw .pt-cv-thumbnail:not(.pt-cv-thumbnailsm) { height: 300px; }#pt-cv-view-8b9a5cf3uw > .pt-cv-page {grid-template-columns: repeat(1, 1fr);grid-gap: 15px;}\n@media all and (max-width: 1024px) { \n#pt-cv-view-8b9a5cf3uw > .pt-cv-page {grid-template-columns: repeat(1, 1fr);}\n} \n@media all and (max-width: 767px) { \n#pt-cv-view-8b9a5cf3uw > .pt-cv-page {grid-template-columns: repeat(1, 1fr);}\n} <\/style>\r\n\t\t\t<\/li><\/ul><\/div><\/div>\n<p>&nbsp;<\/p>\n<p>&nbsp;<\/p>\n<p>&nbsp;<\/p>\n<p>&nbsp;<\/p>\n<p>&nbsp;<\/p>\n<p>&nbsp;<\/p>\n<p>&nbsp;<\/p>\n<p>&nbsp;<\/p>\n<p>&nbsp;<\/p>\n<p>&nbsp;<\/p>\n<p>&nbsp;<\/p>\n<p>&nbsp;<\/p>\n<p>&nbsp;<\/p>\n<p>&nbsp;<\/p>\n<p style=\"text-align: justify\">&nbsp;<\/p>\n","protected":false},"excerpt":{"rendered":"<p>&nbsp; &nbsp; &nbsp; &nbsp; &nbsp; &nbsp; &nbsp; &nbsp; &nbsp; &nbsp; &nbsp; &nbsp; &nbsp; &nbsp; &nbsp;<\/p>\n","protected":false},"author":13459,"featured_media":0,"parent":0,"menu_order":0,"comment_status":"closed","ping_status":"closed","template":"","meta":{"_exactmetrics_skip_tracking":false,"_exactmetrics_sitenote_active":false,"_exactmetrics_sitenote_note":"","_exactmetrics_sitenote_category":0,"ngg_post_thumbnail":0,"footnotes":""},"aioseo_notices":[],"_links":{"self":[{"href":"https:\/\/blogsaverroes.juntadeandalucia.es\/sanfelipeneri\/wp-json\/wp\/v2\/pages\/1747"}],"collection":[{"href":"https:\/\/blogsaverroes.juntadeandalucia.es\/sanfelipeneri\/wp-json\/wp\/v2\/pages"}],"about":[{"href":"https:\/\/blogsaverroes.juntadeandalucia.es\/sanfelipeneri\/wp-json\/wp\/v2\/types\/page"}],"author":[{"embeddable":true,"href":"https:\/\/blogsaverroes.juntadeandalucia.es\/sanfelipeneri\/wp-json\/wp\/v2\/users\/13459"}],"replies":[{"embeddable":true,"href":"https:\/\/blogsaverroes.juntadeandalucia.es\/sanfelipeneri\/wp-json\/wp\/v2\/comments?post=1747"}],"version-history":[{"count":13,"href":"https:\/\/blogsaverroes.juntadeandalucia.es\/sanfelipeneri\/wp-json\/wp\/v2\/pages\/1747\/revisions"}],"predecessor-version":[{"id":3300,"href":"https:\/\/blogsaverroes.juntadeandalucia.es\/sanfelipeneri\/wp-json\/wp\/v2\/pages\/1747\/revisions\/3300"}],"wp:attachment":[{"href":"https:\/\/blogsaverroes.juntadeandalucia.es\/sanfelipeneri\/wp-json\/wp\/v2\/media?parent=1747"}],"curies":[{"name":"wp","href":"https:\/\/api.w.org\/{rel}","templated":true}]}}