{"id":352,"date":"2020-02-13T10:51:34","date_gmt":"2020-02-13T09:51:34","guid":{"rendered":"http:\/\/blogsaverroes.juntadeandalucia.es\/pre\/nuevoiesv2\/?page_id=352"},"modified":"2025-11-06T09:39:09","modified_gmt":"2025-11-06T08:39:09","slug":"planes-y-proyectos","status":"publish","type":"page","link":"https:\/\/blogsaverroes.juntadeandalucia.es\/sanfelipeneri\/planes-y-proyectos\/","title":{"rendered":"Planes y Programas Educativos"},"content":{"rendered":"<p data-start=\"299\" data-end=\"656\">En el <strong data-start=\"305\" data-end=\"328\">IES San Felipe Neri<\/strong> creemos firmemente en una educaci\u00f3n abierta, inclusiva e innovadora. Por ello, nuestro centro participa activamente en numerosos <strong data-start=\"458\" data-end=\"491\">planes y programas educativos<\/strong> impulsados por la <strong data-start=\"510\" data-end=\"597\">Consejer\u00eda de Desarrollo Educativo y Formaci\u00f3n Profesional de la Junta de Andaluc\u00eda<\/strong>, as\u00ed como en <strong data-start=\"611\" data-end=\"653\">iniciativas europeas e internacionales<\/strong>.<\/p>\n<p data-start=\"658\" data-end=\"869\">Estos programas enriquecen la vida del centro, ampl\u00edan las oportunidades formativas del alumnado y promueven valores fundamentales como la igualdad, la sostenibilidad, la convivencia y la excelencia educativa.<\/p>\n<h4 data-start=\"658\" data-end=\"869\"><strong data-start=\"884\" data-end=\"924\">Programas de participaci\u00f3n de oficio<\/strong><\/h4>\n<ul data-start=\"925\" data-end=\"1145\">\n<li data-start=\"925\" data-end=\"954\">\n<p data-start=\"927\" data-end=\"954\">Bibliotecas Escolares<\/p>\n<\/li>\n<li data-start=\"955\" data-end=\"982\">\n<p data-start=\"957\" data-end=\"982\">Bienestar Emocional<\/p>\n<\/li>\n<li data-start=\"983\" data-end=\"1043\">\n<p data-start=\"985\" data-end=\"1043\">Plan de Igualdad de G\u00e9nero en Educaci\u00f3n de Andaluc\u00eda<\/p>\n<\/li>\n<li data-start=\"1044\" data-end=\"1084\">\n<p data-start=\"1046\" data-end=\"1084\">Planes de Compensaci\u00f3n Educativa<\/p>\n<\/li>\n<li data-start=\"1085\" data-end=\"1145\">\n<p data-start=\"1087\" data-end=\"1145\">TDE (Plan de Actuaci\u00f3n Digital \u2013 C\u00f3digo Escuela 4.0)<\/p>\n<\/li>\n<\/ul>\n<h4 data-start=\"1152\" data-end=\"1215\"><strong data-start=\"1160\" data-end=\"1215\">Programas de participaci\u00f3n con convocatoria general<\/strong><\/h4>\n<ul data-start=\"1216\" data-end=\"1770\">\n<li data-start=\"1216\" data-end=\"1268\">\n<p data-start=\"1218\" data-end=\"1268\">ALDEA (Educaci\u00f3n Ambiental y Sostenibilidad)<\/p>\n<\/li>\n<li data-start=\"1269\" data-end=\"1319\">\n<p data-start=\"1271\" data-end=\"1319\">aulaDjaque (Fomento del Ajedrez Educativo)<\/p>\n<\/li>\n<li data-start=\"1320\" data-end=\"1375\">\n<p data-start=\"1322\" data-end=\"1375\">ComunicA (Mejora de la Competencia Ling\u00fc\u00edstica)<\/p>\n<\/li>\n<li data-start=\"1376\" data-end=\"1408\">\n<p data-start=\"1378\" data-end=\"1408\">Emprendimiento Educativo<\/p>\n<\/li>\n<li data-start=\"1409\" data-end=\"1442\">\n<p data-start=\"1411\" data-end=\"1442\">H\u00e1bitos de Vida Saludable<\/p>\n<\/li>\n<li data-start=\"1443\" data-end=\"1501\">\n<p data-start=\"1445\" data-end=\"1501\">Pr\u00e1cticas de Ciencias de la Educaci\u00f3n y Psicolog\u00eda<\/p>\n<\/li>\n<li data-start=\"1502\" data-end=\"1550\">\n<p data-start=\"1504\" data-end=\"1550\">Pr\u00e1cticas Universidad (Educaci\u00f3n Social)<\/p>\n<\/li>\n<li data-start=\"1551\" data-end=\"1576\">\n<p data-start=\"1553\" data-end=\"1576\">Pr\u00e1cticum COFPYDE<\/p>\n<\/li>\n<li data-start=\"1577\" data-end=\"1608\">\n<p data-start=\"1579\" data-end=\"1608\">Pr\u00e1cticum Grado Maestro<\/p>\n<\/li>\n<li data-start=\"1609\" data-end=\"1647\">\n<p data-start=\"1611\" data-end=\"1647\">Pr\u00e1cticum M\u00e1ster de Secundaria<\/p>\n<\/li>\n<li data-start=\"1648\" data-end=\"1680\">\n<p data-start=\"1650\" data-end=\"1680\">Programa F\u00e9nix Andaluc\u00eda<\/p>\n<\/li>\n<li data-start=\"1681\" data-end=\"1709\">\n<p data-start=\"1683\" data-end=\"1709\">Programas Culturales<\/p>\n<\/li>\n<li data-start=\"1710\" data-end=\"1770\">\n<p data-start=\"1712\" data-end=\"1770\">STEM (Ciencia, Tecnolog\u00eda, Ingenier\u00eda y Matem\u00e1ticas)<\/p>\n<\/li>\n<\/ul>\n<h4 data-start=\"1777\" data-end=\"1843\"><strong data-start=\"1785\" data-end=\"1843\">Programas de participaci\u00f3n con convocatoria espec\u00edfica<\/strong><\/h4>\n<ul data-start=\"1844\" data-end=\"1953\">\n<li data-start=\"1844\" data-end=\"1863\">\n<p data-start=\"1846\" data-end=\"1863\">M\u00e1s Equidad<\/p>\n<\/li>\n<li data-start=\"1864\" data-end=\"1876\">\n<p data-start=\"1866\" data-end=\"1876\">PROA<\/p>\n<\/li>\n<li data-start=\"1877\" data-end=\"1905\">\n<p data-start=\"1879\" data-end=\"1905\">PROA+ \u201cTransf\u00f3rmate\u201d<\/p>\n<\/li>\n<li data-start=\"1906\" data-end=\"1953\">\n<p data-start=\"1908\" data-end=\"1953\">Programa de Atenci\u00f3n Socioeducativa ZTS<\/p>\n<\/li>\n<\/ul>\n<h4 data-start=\"1960\" data-end=\"1999\"><strong data-start=\"1970\" data-end=\"1999\">Programas internacionales<\/strong><\/h4>\n<ul data-start=\"2000\" data-end=\"2230\">\n<li data-start=\"2000\" data-end=\"2075\">\n<p data-start=\"2002\" data-end=\"2075\">Erasmus+ (FP) \u2013 JA\u00c9N+ IX \u201cFormaci\u00f3n Profesional con Plus en Europa\u201d<\/p>\n<\/li>\n<li data-start=\"2076\" data-end=\"2185\">\n<p data-start=\"2078\" data-end=\"2185\">Erasmus+ (FP) \u2013 Proyectos acreditados de movilidad de estudiantes y personal de Formaci\u00f3n Profesional<\/p>\n<\/li>\n<li data-start=\"2186\" data-end=\"2230\">\n<p data-start=\"2188\" data-end=\"2230\">Programa de Centro Biling\u00fce \u2013 Ingl\u00e9s<\/p>\n<\/li>\n<\/ul>\n<p data-start=\"2237\" data-end=\"2480\">Todos estos planes y programas reflejan el compromiso del IES San Felipe Neri con una <strong data-start=\"2323\" data-end=\"2358\">educaci\u00f3n integral y de calidad<\/strong>, que forma a nuestro alumnado para afrontar con \u00e9xito los retos de un mundo cada vez m\u00e1s global, diverso y digital.<\/p>\n<p><img loading=\"lazy\" decoding=\"async\" class=\"size-large wp-image-2698 aligncenter\" src=\"https:\/\/blogsaverroes.juntadeandalucia.es\/sanfelipeneri\/files\/2024\/11\/Purple-Blue-Playful-English-Informational-Infographic-Poster-1-724x1024.png\" alt=\"\" width=\"724\" height=\"1024\" srcset=\"https:\/\/blogsaverroes.juntadeandalucia.es\/sanfelipeneri\/files\/2024\/11\/Purple-Blue-Playful-English-Informational-Infographic-Poster-1-724x1024.png 724w, https:\/\/blogsaverroes.juntadeandalucia.es\/sanfelipeneri\/files\/2024\/11\/Purple-Blue-Playful-English-Informational-Infographic-Poster-1-212x300.png 212w, https:\/\/blogsaverroes.juntadeandalucia.es\/sanfelipeneri\/files\/2024\/11\/Purple-Blue-Playful-English-Informational-Infographic-Poster-1-768x1086.png 768w, https:\/\/blogsaverroes.juntadeandalucia.es\/sanfelipeneri\/files\/2024\/11\/Purple-Blue-Playful-English-Informational-Infographic-Poster-1-1086x1536.png 1086w, https:\/\/blogsaverroes.juntadeandalucia.es\/sanfelipeneri\/files\/2024\/11\/Purple-Blue-Playful-English-Informational-Infographic-Poster-1-1448x2048.png 1448w, https:\/\/blogsaverroes.juntadeandalucia.es\/sanfelipeneri\/files\/2024\/11\/Purple-Blue-Playful-English-Informational-Infographic-Poster-1.png 1587w\" sizes=\"(max-width: 724px) 100vw, 724px\" \/><\/p>\n<p>&nbsp;<\/p>\n<div style=\"width: 100%\">\n<div style=\"position: relative;padding-bottom: 56.25%;padding-top: 0;height: 0\"><iframe loading=\"lazy\" src=\"https:\/\/view.genially.com\/673b59593c9a6349c6b37c8f\/interactive-content-tablero-de-corcho\" width=\"1000px\" height=\"675px\" frameborder=\"0\" scrolling=\"yes\"><span data-mce-type=\"bookmark\" style=\"width: 0px;overflow: hidden;line-height: 0\" class=\"mce_SELRES_start\">\ufeff<\/span><\/iframe><\/div>\n<\/div>\n","protected":false},"excerpt":{"rendered":"<p>En el IES San Felipe Neri creemos firmemente en una educaci\u00f3n abierta, inclusiva e innovadora. Por ello, nuestro centro participa activamente en numerosos planes y programas educativos impulsados por la Consejer\u00eda de Desarrollo Educativo&#46;&#46;&#46;<\/p>\n","protected":false},"author":13459,"featured_media":0,"parent":0,"menu_order":0,"comment_status":"closed","ping_status":"closed","template":"","meta":{"_exactmetrics_skip_tracking":false,"_exactmetrics_sitenote_active":false,"_exactmetrics_sitenote_note":"","_exactmetrics_sitenote_category":0,"ngg_post_thumbnail":0,"footnotes":""},"aioseo_notices":[],"_links":{"self":[{"href":"https:\/\/blogsaverroes.juntadeandalucia.es\/sanfelipeneri\/wp-json\/wp\/v2\/pages\/352"}],"collection":[{"href":"https:\/\/blogsaverroes.juntadeandalucia.es\/sanfelipeneri\/wp-json\/wp\/v2\/pages"}],"about":[{"href":"https:\/\/blogsaverroes.juntadeandalucia.es\/sanfelipeneri\/wp-json\/wp\/v2\/types\/page"}],"author":[{"embeddable":true,"href":"https:\/\/blogsaverroes.juntadeandalucia.es\/sanfelipeneri\/wp-json\/wp\/v2\/users\/13459"}],"replies":[{"embeddable":true,"href":"https:\/\/blogsaverroes.juntadeandalucia.es\/sanfelipeneri\/wp-json\/wp\/v2\/comments?post=352"}],"version-history":[{"count":23,"href":"https:\/\/blogsaverroes.juntadeandalucia.es\/sanfelipeneri\/wp-json\/wp\/v2\/pages\/352\/revisions"}],"predecessor-version":[{"id":6588,"href":"https:\/\/blogsaverroes.juntadeandalucia.es\/sanfelipeneri\/wp-json\/wp\/v2\/pages\/352\/revisions\/6588"}],"wp:attachment":[{"href":"https:\/\/blogsaverroes.juntadeandalucia.es\/sanfelipeneri\/wp-json\/wp\/v2\/media?parent=352"}],"curies":[{"name":"wp","href":"https:\/\/api.w.org\/{rel}","templated":true}]}}