{"id":503,"date":"2022-01-24T17:40:26","date_gmt":"2022-01-24T16:40:26","guid":{"rendered":"https:\/\/blogsaverroes.juntadeandalucia.es\/sanfelipeneri\/?page_id=503"},"modified":"2024-09-11T17:44:09","modified_gmt":"2024-09-11T15:44:09","slug":"saludo-del-director","status":"publish","type":"page","link":"https:\/\/blogsaverroes.juntadeandalucia.es\/sanfelipeneri\/saludo-del-director\/","title":{"rendered":"Saludo del director"},"content":{"rendered":"<div>\n<div style=\"text-align: right\">Para educar un ni\u00f1o hace falta la tribu entera<\/div>\n<div style=\"text-align: right\">J.A. Marina<\/div>\n<\/div>\n<div style=\"text-align: right\">&nbsp;<\/div>\n<div>&nbsp;<\/div>\n<div style=\"text-align: justify\">&nbsp;&nbsp; &nbsp;Con la renovaci\u00f3n de la p\u00e1gina web del Centro las puertas del&nbsp;IES San Felipe Neri se abren de par en par a toda la Comunidad&nbsp;Educativa. Pretendemos que \u00e9ste sea un punto de encuentro \u00e1gil y eficaz para transmitir y&nbsp;recibir informaci\u00f3n entre todos. Ello no obsta a que el encuentro personal mediante la palabra&nbsp;y el di\u00e1logo contin\u00fae siendo el principal e insustituible medio en nuestra relaci\u00f3n cotidiana.<\/div>\n<div>&nbsp;<\/div>\n<div>&nbsp;&nbsp; &nbsp;Somos muchos los llamados a la participaci\u00f3n: docentes, alumnado, familias, personal de&nbsp;administraci\u00f3n y servicios, antiguos alumnos y alumnas\u2026 Todos tenemos algo que decir y que&nbsp;aportar en la construcci\u00f3n de nuestro Centro.<\/div>\n<div>&nbsp;<\/div>\n<div>&nbsp;&nbsp; &nbsp;Biling\u00fcismo, compensatoria, atenci\u00f3n a la diversidad, igualdad, escuela espacio de paz,&nbsp;lectura y biblioteca, etc. no son m\u00e1s que las ramificaciones de la ra\u00edz vertebradora alimentada&nbsp;por la labor inquieta y constante de un claustro comprometido con su Centro y que busca el&nbsp;beneficio de los aut\u00e9nticos protagonistas de todo el entramado educativo: nuestro alumnado.<\/div>\n<div>&nbsp;<\/div>\n<div>&nbsp;&nbsp; &nbsp;No hay otra meta en nuestra tarea que la de contribuir, junto con sus familias, a la formaci\u00f3n&nbsp;de hombres y mujeres de bien, ciudadanos de un siglo XXI pleno de incertidumbres y retos&nbsp;para las futuras generaciones.<\/div>\n<div>&nbsp;<\/div>\n<div>&nbsp;<\/div>\n<div>&nbsp;<\/div>\n<div><span style=\"line-height: 1.5;font-size: 10pt\">&nbsp;<\/span><\/div>\n<div>&nbsp;<\/div>\n<div style=\"text-align: right\">&nbsp;<\/div>\n<div>\n<div style=\"text-align: right\">Pablo Moreno Hermoso<\/div>\n<div style=\"text-align: right\">Director<\/div>\n<\/div>\n","protected":false},"excerpt":{"rendered":"<p>Para educar un ni\u00f1o hace falta la tribu entera J.A. Marina &nbsp; &nbsp; &nbsp;&nbsp; &nbsp;Con la renovaci\u00f3n de la p\u00e1gina web del Centro las puertas del&nbsp;IES San Felipe Neri se abren de par en&#46;&#46;&#46;<\/p>\n","protected":false},"author":13435,"featured_media":0,"parent":0,"menu_order":0,"comment_status":"closed","ping_status":"closed","template":"","meta":{"_exactmetrics_skip_tracking":false,"_exactmetrics_sitenote_active":false,"_exactmetrics_sitenote_note":"","_exactmetrics_sitenote_category":0,"ngg_post_thumbnail":0,"footnotes":""},"aioseo_notices":[],"_links":{"self":[{"href":"https:\/\/blogsaverroes.juntadeandalucia.es\/sanfelipeneri\/wp-json\/wp\/v2\/pages\/503"}],"collection":[{"href":"https:\/\/blogsaverroes.juntadeandalucia.es\/sanfelipeneri\/wp-json\/wp\/v2\/pages"}],"about":[{"href":"https:\/\/blogsaverroes.juntadeandalucia.es\/sanfelipeneri\/wp-json\/wp\/v2\/types\/page"}],"author":[{"embeddable":true,"href":"https:\/\/blogsaverroes.juntadeandalucia.es\/sanfelipeneri\/wp-json\/wp\/v2\/users\/13435"}],"replies":[{"embeddable":true,"href":"https:\/\/blogsaverroes.juntadeandalucia.es\/sanfelipeneri\/wp-json\/wp\/v2\/comments?post=503"}],"version-history":[{"count":6,"href":"https:\/\/blogsaverroes.juntadeandalucia.es\/sanfelipeneri\/wp-json\/wp\/v2\/pages\/503\/revisions"}],"predecessor-version":[{"id":1605,"href":"https:\/\/blogsaverroes.juntadeandalucia.es\/sanfelipeneri\/wp-json\/wp\/v2\/pages\/503\/revisions\/1605"}],"wp:attachment":[{"href":"https:\/\/blogsaverroes.juntadeandalucia.es\/sanfelipeneri\/wp-json\/wp\/v2\/media?parent=503"}],"curies":[{"name":"wp","href":"https:\/\/api.w.org\/{rel}","templated":true}]}}