{"id":6692,"date":"2025-11-15T18:56:51","date_gmt":"2025-11-15T17:56:51","guid":{"rendered":"https:\/\/blogsaverroes.juntadeandalucia.es\/sanfelipeneri\/?page_id=6692"},"modified":"2025-11-15T19:02:22","modified_gmt":"2025-11-15T18:02:22","slug":"programa-de-mentoria-social-fenix-andalucia","status":"publish","type":"page","link":"https:\/\/blogsaverroes.juntadeandalucia.es\/sanfelipeneri\/programa-de-mentoria-social-fenix-andalucia\/","title":{"rendered":"Programa de Mentor\u00eda Social F\u00e9nix Andaluc\u00eda"},"content":{"rendered":"<p>En el IES San Felipe Neri participamos en el Programa de Mentor\u00eda Social F\u00e9nix Andaluc\u00eda, el cual ofrece a nuestro alumnado la oportunidad de aprender a trav\u00e9s del acompa\u00f1amiento de personas mentoras comprometidas con su desarrollo personal, acad\u00e9mico y profesional.<\/p>\n<p>El eje central del programa son las experiencias reales que comparten las personas que nos visitan: profesionales de distintos \u00e1mbitos, j\u00f3venes universitarios, representantes de entidades sociales y personas que aportan referentes cercanos y motivadores. Sus charlas, encuentros y sesiones de mentor\u00eda permiten al alumnado conocer distintas trayectorias vitales, superar estereotipos y ampliar sus horizontes de futuro.<\/p>\n<p>Estos espacios de di\u00e1logo y escucha se convierten en una oportunidad para que el alumnado descubra nuevas motivaciones, fortalezca su autoestima, mejore sus habilidades sociales y tome decisiones m\u00e1s informadas.<\/p>\n<p>\u00a1Te invitamos a seguir descubriendo c\u00f3mo el Programa F\u00e9nix Andaluc\u00eda impulsa el crecimiento de nuestro alumnado gracias a quienes comparten su tiempo y experiencia!<\/p>\n<h2>Noticias relacionadas&nbsp;<\/h2>\n<div class=\"pt-cv-wrapper\"><div class=\"pt-cv-view pt-cv-blockgrid iscvblock iscvhybrid list1 layout1\" id=\"pt-cv-view-4afaa48frl\"><div data-id=\"pt-cv-page-1\" class=\"pt-cv-page\" data-cvc=\"1\"><div class=\" pt-cv-content-item pt-cv-2-col\" ><div class=\"pt-cv-thumb-wrapper pull-left \"><a href=\"https:\/\/blogsaverroes.juntadeandalucia.es\/sanfelipeneri\/monologo-de-un-usuario-de-aspace-en-el-ies-san-felipe-neri\/\" class=\"_self pt-cv-href-thumbnail pt-cv-thumb-left\" target=\"_self\" ><img loading=\"lazy\" decoding=\"async\" width=\"768\" height=\"608\" src=\"https:\/\/blogsaverroes.juntadeandalucia.es\/sanfelipeneri\/files\/2025\/06\/WhatsApp-Image-2025-06-13-at-14.34.48-768x608.jpeg\" class=\"pt-cv-thumbnail pull-left\" alt=\"\" srcset=\"https:\/\/blogsaverroes.juntadeandalucia.es\/sanfelipeneri\/files\/2025\/06\/WhatsApp-Image-2025-06-13-at-14.34.48-768x608.jpeg 768w, https:\/\/blogsaverroes.juntadeandalucia.es\/sanfelipeneri\/files\/2025\/06\/WhatsApp-Image-2025-06-13-at-14.34.48-300x238.jpeg 300w, https:\/\/blogsaverroes.juntadeandalucia.es\/sanfelipeneri\/files\/2025\/06\/WhatsApp-Image-2025-06-13-at-14.34.48.jpeg 828w\" sizes=\"(max-width: 768px) 100vw, 768px\" \/><\/a><\/div>\n<div class=\"pt-cv-colwrap\"><h4 class=\"pt-cv-title\"><a href=\"https:\/\/blogsaverroes.juntadeandalucia.es\/sanfelipeneri\/monologo-de-un-usuario-de-aspace-en-el-ies-san-felipe-neri\/\" class=\"_self\" target=\"_self\" >Mon\u00f3logo de un Usuario de ASPACE en el IES San Felipe Neri<\/a><\/h4><div class=\"pt-cv-content\">El IES San Felipe Neri ha tenido el privilegio de acoger una actividad muy especial en el marco del Programa Mentor\u00eda F\u00e9nix: un mon\u00f3logo protagonizado por un usuario de ASPACE con par\u00e1lisis cerebral, que logr\u00f3 conectar con el alumnado a trav\u00e9s del humor, la empat\u00eda y la reflexi\u00f3n. Durante su intervenci\u00f3n, el protagonista ofreci\u00f3 una mirada honesta y cercana sobre su d\u00eda a d\u00eda, abordando temas como la autoaceptaci\u00f3n, la visibilidad de la discapacidad y el valor del lenguaje positivo en el desarrollo personal. Todo ello en clave de humor, rompiendo estereotipos y generando un ambiente de escucha activa y ...<br \/><div class=\"pt-cv-rmwrap\"><a href=\"https:\/\/blogsaverroes.juntadeandalucia.es\/sanfelipeneri\/monologo-de-un-usuario-de-aspace-en-el-ies-san-felipe-neri\/\" class=\"_self pt-cv-readmore btn btn-success\" target=\"_self\">Leer M\u00e1s<\/a><\/div><\/div><\/div><\/div>\n<div class=\" pt-cv-content-item pt-cv-2-col\" ><div class=\"pt-cv-thumb-wrapper pull-left \"><a href=\"https:\/\/blogsaverroes.juntadeandalucia.es\/sanfelipeneri\/encuentro-con-personas-privadas-de-libertad-una-leccion-de-vida-en-el-ies-san-felipe-neri\/\" class=\"_self pt-cv-href-thumbnail pt-cv-thumb-left\" target=\"_self\" ><img loading=\"lazy\" decoding=\"async\" width=\"768\" height=\"1024\" src=\"https:\/\/blogsaverroes.juntadeandalucia.es\/sanfelipeneri\/files\/2025\/06\/WhatsApp-Image-2025-06-13-at-10.04.11-1-768x1024.jpeg\" class=\"pt-cv-thumbnail pull-left\" alt=\"\" srcset=\"https:\/\/blogsaverroes.juntadeandalucia.es\/sanfelipeneri\/files\/2025\/06\/WhatsApp-Image-2025-06-13-at-10.04.11-1-768x1024.jpeg 768w, https:\/\/blogsaverroes.juntadeandalucia.es\/sanfelipeneri\/files\/2025\/06\/WhatsApp-Image-2025-06-13-at-10.04.11-1-225x300.jpeg 225w, https:\/\/blogsaverroes.juntadeandalucia.es\/sanfelipeneri\/files\/2025\/06\/WhatsApp-Image-2025-06-13-at-10.04.11-1-1152x1536.jpeg 1152w, https:\/\/blogsaverroes.juntadeandalucia.es\/sanfelipeneri\/files\/2025\/06\/WhatsApp-Image-2025-06-13-at-10.04.11-1.jpeg 1200w\" sizes=\"(max-width: 768px) 100vw, 768px\" \/><\/a><\/div>\n<div class=\"pt-cv-colwrap\"><h4 class=\"pt-cv-title\"><a href=\"https:\/\/blogsaverroes.juntadeandalucia.es\/sanfelipeneri\/encuentro-con-personas-privadas-de-libertad-una-leccion-de-vida-en-el-ies-san-felipe-neri\/\" class=\"_self\" target=\"_self\" >Encuentro con Personas Privadas de Libertad: Una Lecci\u00f3n de Vida en el IES San Felipe Neri<\/a><\/h4><div class=\"pt-cv-content\">El IES San Felipe Neri ha acogido recientemente una actividad educativa muy especial, dentro del programa Mentor\u00eda F\u00e9nix: la visita de un grupo de personas privadas de libertad del centro penitenciario de Ja\u00e9n. Esta iniciativa, enmarcada en un programa de prevenci\u00f3n y sensibilizaci\u00f3n, brind\u00f3 al alumnado la oportunidad de escuchar de primera mano experiencias vitales marcadas por decisiones dif\u00edciles y sus consecuencias. Durante el encuentro, los internos compartieron sus historias personales, reflexionando sobre los errores cometidos y el impacto que estos han tenido en sus vidas y en las de quienes les rodean. Fue un espacio de di\u00e1logo profundo que ...<br \/><div class=\"pt-cv-rmwrap\"><a href=\"https:\/\/blogsaverroes.juntadeandalucia.es\/sanfelipeneri\/encuentro-con-personas-privadas-de-libertad-una-leccion-de-vida-en-el-ies-san-felipe-neri\/\" class=\"_self pt-cv-readmore btn btn-success\" target=\"_self\">Leer M\u00e1s<\/a><\/div><\/div><\/div><\/div>\n<div class=\" pt-cv-content-item pt-cv-2-col\" ><div class=\"pt-cv-thumb-wrapper pull-left \"><a href=\"https:\/\/blogsaverroes.juntadeandalucia.es\/sanfelipeneri\/programa-mentoria-fenix-y-educacion-fisica-en-el-ies-san-felipe-neri\/\" class=\"_self pt-cv-href-thumbnail pt-cv-thumb-left\" target=\"_self\" ><img loading=\"lazy\" decoding=\"async\" width=\"768\" height=\"576\" src=\"https:\/\/blogsaverroes.juntadeandalucia.es\/sanfelipeneri\/files\/2025\/04\/WhatsApp-Image-2025-04-10-at-06.52.34-768x576.jpeg\" class=\"pt-cv-thumbnail pull-left\" alt=\"\" srcset=\"https:\/\/blogsaverroes.juntadeandalucia.es\/sanfelipeneri\/files\/2025\/04\/WhatsApp-Image-2025-04-10-at-06.52.34-768x576.jpeg 768w, https:\/\/blogsaverroes.juntadeandalucia.es\/sanfelipeneri\/files\/2025\/04\/WhatsApp-Image-2025-04-10-at-06.52.34-300x225.jpeg 300w, https:\/\/blogsaverroes.juntadeandalucia.es\/sanfelipeneri\/files\/2025\/04\/WhatsApp-Image-2025-04-10-at-06.52.34-1024x768.jpeg 1024w, https:\/\/blogsaverroes.juntadeandalucia.es\/sanfelipeneri\/files\/2025\/04\/WhatsApp-Image-2025-04-10-at-06.52.34-1536x1152.jpeg 1536w, https:\/\/blogsaverroes.juntadeandalucia.es\/sanfelipeneri\/files\/2025\/04\/WhatsApp-Image-2025-04-10-at-06.52.34.jpeg 2048w\" sizes=\"(max-width: 768px) 100vw, 768px\" \/><\/a><\/div>\n<div class=\"pt-cv-colwrap\"><h4 class=\"pt-cv-title\"><a href=\"https:\/\/blogsaverroes.juntadeandalucia.es\/sanfelipeneri\/programa-mentoria-fenix-y-educacion-fisica-en-el-ies-san-felipe-neri\/\" class=\"_self\" target=\"_self\" >Programa Mentor\u00eda F\u00e9nix y Educaci\u00f3n F\u00edsica en el IES San Felipe Neri<\/a><\/h4><div class=\"pt-cv-content\">Esta semana, el alumnado de 2\u00ba de ESO ha vivido una jornada \u00fanica gracias al Programa Mentor\u00eda F\u00e9nix, en una actividad integrada que combin\u00f3 deporte y valores inspiradores. La experiencia cont\u00f3 con la presencia de dos deportistas de \u00e9lite: Pedro Jos\u00e9 Mart\u00edn, actual campe\u00f3n de Espa\u00f1a de lanzamiento de martillo, y Miguel \u00c1ngel Mart\u00ednez Tajuelo, exnadador paral\u00edmpico. Una ma\u00f1ana de aprendizaje y superaci\u00f3n El d\u00eda comenz\u00f3 en el sal\u00f3n de actos del centro, donde Pedro Jos\u00e9 Mart\u00edn comparti\u00f3 su experiencia como atleta de alto rendimiento. Nos habl\u00f3 sobre la importancia de la disciplina, la constancia y la resiliencia, destacando c\u00f3mo, ...<br \/><div class=\"pt-cv-rmwrap\"><a href=\"https:\/\/blogsaverroes.juntadeandalucia.es\/sanfelipeneri\/programa-mentoria-fenix-y-educacion-fisica-en-el-ies-san-felipe-neri\/\" class=\"_self pt-cv-readmore btn btn-success\" target=\"_self\">Leer M\u00e1s<\/a><\/div><\/div><\/div><\/div><\/div><\/div><\/div>\t\t\t<style type=\"text\/css\" id=\"pt-cv-inline-style-55434adqh2\">\n#pt-cv-view-4afaa48frl .pt-cv-thumb-wrapper:not(.miniwrap) { width: 40%; }#pt-cv-view-4afaa48frl .pt-cv-thumbnail:not(.pt-cv-thumbnailsm) { height: 300px; }#pt-cv-view-4afaa48frl > .pt-cv-page {grid-template-columns: repeat(1, 1fr);grid-gap: 15px;}\n@media all and (max-width: 1024px) { \n#pt-cv-view-4afaa48frl > .pt-cv-page {grid-template-columns: repeat(1, 1fr);}\n} \n@media all and (max-width: 767px) { \n#pt-cv-view-4afaa48frl > .pt-cv-page {grid-template-columns: repeat(1, 1fr);}\n} <\/style>\r\n\t\t\t\n","protected":false},"excerpt":{"rendered":"<p>En el IES San Felipe Neri participamos en el Programa de Mentor\u00eda Social F\u00e9nix Andaluc\u00eda, el cual ofrece a nuestro alumnado la oportunidad de aprender a trav\u00e9s del acompa\u00f1amiento de personas mentoras comprometidas con&#46;&#46;&#46;<\/p>\n","protected":false},"author":13459,"featured_media":6696,"parent":0,"menu_order":0,"comment_status":"closed","ping_status":"closed","template":"","meta":{"_exactmetrics_skip_tracking":false,"_exactmetrics_sitenote_active":false,"_exactmetrics_sitenote_note":"","_exactmetrics_sitenote_category":0,"ngg_post_thumbnail":0,"footnotes":""},"aioseo_notices":[],"_links":{"self":[{"href":"https:\/\/blogsaverroes.juntadeandalucia.es\/sanfelipeneri\/wp-json\/wp\/v2\/pages\/6692"}],"collection":[{"href":"https:\/\/blogsaverroes.juntadeandalucia.es\/sanfelipeneri\/wp-json\/wp\/v2\/pages"}],"about":[{"href":"https:\/\/blogsaverroes.juntadeandalucia.es\/sanfelipeneri\/wp-json\/wp\/v2\/types\/page"}],"author":[{"embeddable":true,"href":"https:\/\/blogsaverroes.juntadeandalucia.es\/sanfelipeneri\/wp-json\/wp\/v2\/users\/13459"}],"replies":[{"embeddable":true,"href":"https:\/\/blogsaverroes.juntadeandalucia.es\/sanfelipeneri\/wp-json\/wp\/v2\/comments?post=6692"}],"version-history":[{"count":1,"href":"https:\/\/blogsaverroes.juntadeandalucia.es\/sanfelipeneri\/wp-json\/wp\/v2\/pages\/6692\/revisions"}],"predecessor-version":[{"id":6693,"href":"https:\/\/blogsaverroes.juntadeandalucia.es\/sanfelipeneri\/wp-json\/wp\/v2\/pages\/6692\/revisions\/6693"}],"wp:featuredmedia":[{"embeddable":true,"href":"https:\/\/blogsaverroes.juntadeandalucia.es\/sanfelipeneri\/wp-json\/wp\/v2\/media\/6696"}],"wp:attachment":[{"href":"https:\/\/blogsaverroes.juntadeandalucia.es\/sanfelipeneri\/wp-json\/wp\/v2\/media?parent=6692"}],"curies":[{"name":"wp","href":"https:\/\/api.w.org\/{rel}","templated":true}]}}

Programa de Mentoría Social Fénix Andalucía

<p>En el IES San Felipe Neri participamos en el Programa de Mentoría Social Fénix Andalucía, el cual ofrece a nuestro alumnado la oportunidad de aprender a través del acompañamiento de personas mentoras comprometidas con su desarrollo personal, académico y profesional.</p>
<p>El eje central del programa son las experiencias reales que comparten las personas que nos visitan: profesionales de distintos ámbitos, jóvenes universitarios, representantes de entidades sociales y personas que aportan referentes cercanos y motivadores. Sus charlas, encuentros y sesiones de mentoría permiten al alumnado conocer distintas trayectorias vitales, superar estereotipos y ampliar sus horizontes de futuro.</p>
<p>Estos espacios de diálogo y escucha se convierten en una oportunidad para que el alumnado descubra nuevas motivaciones, fortalezca su autoestima, mejore sus habilidades sociales y tome decisiones más informadas.</p>
<p>¡Te invitamos a seguir descubriendo cómo el Programa Fénix Andalucía impulsa el crecimiento de nuestro alumnado gracias a quienes comparten su tiempo y experiencia!</p>
<h2>Noticias relacionadas&nbsp;</h2>
<div class="pt-cv-wrapper"><div class="pt-cv-view pt-cv-blockgrid iscvblock iscvhybrid list1 layout1" id="pt-cv-view-4afaa48frl"><div data-id="pt-cv-page-1" class="pt-cv-page" data-cvc="1"><div class=" pt-cv-content-item pt-cv-2-col" ><div class="pt-cv-thumb-wrapper pull-left "><a href="https://blogsaverroes.juntadeandalucia.es/sanfelipeneri/monologo-de-un-usuario-de-aspace-en-el-ies-san-felipe-neri/" class="_self pt-cv-href-thumbnail pt-cv-thumb-left" target="_self" ><img loading="lazy" decoding="async" width="768" height="608" src="https://blogsaverroes.juntadeandalucia.es/sanfelipeneri/files/2025/06/WhatsApp-Image-2025-06-13-at-14.34.48-768x608.jpeg" class="pt-cv-thumbnail pull-left" alt="" srcset="https://blogsaverroes.juntadeandalucia.es/sanfelipeneri/files/2025/06/WhatsApp-Image-2025-06-13-at-14.34.48-768x608.jpeg 768w, https://blogsaverroes.juntadeandalucia.es/sanfelipeneri/files/2025/06/WhatsApp-Image-2025-06-13-at-14.34.48-300x238.jpeg 300w, https://blogsaverroes.juntadeandalucia.es/sanfelipeneri/files/2025/06/WhatsApp-Image-2025-06-13-at-14.34.48.jpeg 828w" sizes="(max-width: 768px) 100vw, 768px" /></a></div>
<div class="pt-cv-colwrap"><h4 class="pt-cv-title"><a href="https://blogsaverroes.juntadeandalucia.es/sanfelipeneri/monologo-de-un-usuario-de-aspace-en-el-ies-san-felipe-neri/" class="_self" target="_self" >Monólogo de un Usuario de ASPACE en el IES San Felipe Neri</a></h4><div class="pt-cv-content">El IES San Felipe Neri ha tenido el privilegio de acoger una actividad muy especial en el marco del Programa Mentoría Fénix: un monólogo protagonizado por un usuario de ASPACE con parálisis cerebral, que logró conectar con el alumnado a través del humor, la empatía y la reflexión. Durante su intervención, el protagonista ofreció una mirada honesta y cercana sobre su día a día, abordando temas como la autoaceptación, la visibilidad de la discapacidad y el valor del lenguaje positivo en el desarrollo personal. Todo ello en clave de humor, rompiendo estereotipos y generando un ambiente de escucha activa y ...<br /><div class="pt-cv-rmwrap"><a href="https://blogsaverroes.juntadeandalucia.es/sanfelipeneri/monologo-de-un-usuario-de-aspace-en-el-ies-san-felipe-neri/" class="_self pt-cv-readmore btn btn-success" target="_self">Leer Más</a></div></div></div></div>
<div class=" pt-cv-content-item pt-cv-2-col" ><div class="pt-cv-thumb-wrapper pull-left "><a href="https://blogsaverroes.juntadeandalucia.es/sanfelipeneri/encuentro-con-personas-privadas-de-libertad-una-leccion-de-vida-en-el-ies-san-felipe-neri/" class="_self pt-cv-href-thumbnail pt-cv-thumb-left" target="_self" ><img loading="lazy" decoding="async" width="768" height="1024" src="https://blogsaverroes.juntadeandalucia.es/sanfelipeneri/files/2025/06/WhatsApp-Image-2025-06-13-at-10.04.11-1-768x1024.jpeg" class="pt-cv-thumbnail pull-left" alt="" srcset="https://blogsaverroes.juntadeandalucia.es/sanfelipeneri/files/2025/06/WhatsApp-Image-2025-06-13-at-10.04.11-1-768x1024.jpeg 768w, https://blogsaverroes.juntadeandalucia.es/sanfelipeneri/files/2025/06/WhatsApp-Image-2025-06-13-at-10.04.11-1-225x300.jpeg 225w, https://blogsaverroes.juntadeandalucia.es/sanfelipeneri/files/2025/06/WhatsApp-Image-2025-06-13-at-10.04.11-1-1152x1536.jpeg 1152w, https://blogsaverroes.juntadeandalucia.es/sanfelipeneri/files/2025/06/WhatsApp-Image-2025-06-13-at-10.04.11-1.jpeg 1200w" sizes="(max-width: 768px) 100vw, 768px" /></a></div>
<div class="pt-cv-colwrap"><h4 class="pt-cv-title"><a href="https://blogsaverroes.juntadeandalucia.es/sanfelipeneri/encuentro-con-personas-privadas-de-libertad-una-leccion-de-vida-en-el-ies-san-felipe-neri/" class="_self" target="_self" >Encuentro con Personas Privadas de Libertad: Una Lección de Vida en el IES San Felipe Neri</a></h4><div class="pt-cv-content">El IES San Felipe Neri ha acogido recientemente una actividad educativa muy especial, dentro del programa Mentoría Fénix: la visita de un grupo de personas privadas de libertad del centro penitenciario de Jaén. Esta iniciativa, enmarcada en un programa de prevención y sensibilización, brindó al alumnado la oportunidad de escuchar de primera mano experiencias vitales marcadas por decisiones difíciles y sus consecuencias. Durante el encuentro, los internos compartieron sus historias personales, reflexionando sobre los errores cometidos y el impacto que estos han tenido en sus vidas y en las de quienes les rodean. Fue un espacio de diálogo profundo que ...<br /><div class="pt-cv-rmwrap"><a href="https://blogsaverroes.juntadeandalucia.es/sanfelipeneri/encuentro-con-personas-privadas-de-libertad-una-leccion-de-vida-en-el-ies-san-felipe-neri/" class="_self pt-cv-readmore btn btn-success" target="_self">Leer Más</a></div></div></div></div>
<div class=" pt-cv-content-item pt-cv-2-col" ><div class="pt-cv-thumb-wrapper pull-left "><a href="https://blogsaverroes.juntadeandalucia.es/sanfelipeneri/programa-mentoria-fenix-y-educacion-fisica-en-el-ies-san-felipe-neri/" class="_self pt-cv-href-thumbnail pt-cv-thumb-left" target="_self" ><img loading="lazy" decoding="async" width="768" height="576" src="https://blogsaverroes.juntadeandalucia.es/sanfelipeneri/files/2025/04/WhatsApp-Image-2025-04-10-at-06.52.34-768x576.jpeg" class="pt-cv-thumbnail pull-left" alt="" srcset="https://blogsaverroes.juntadeandalucia.es/sanfelipeneri/files/2025/04/WhatsApp-Image-2025-04-10-at-06.52.34-768x576.jpeg 768w, https://blogsaverroes.juntadeandalucia.es/sanfelipeneri/files/2025/04/WhatsApp-Image-2025-04-10-at-06.52.34-300x225.jpeg 300w, https://blogsaverroes.juntadeandalucia.es/sanfelipeneri/files/2025/04/WhatsApp-Image-2025-04-10-at-06.52.34-1024x768.jpeg 1024w, https://blogsaverroes.juntadeandalucia.es/sanfelipeneri/files/2025/04/WhatsApp-Image-2025-04-10-at-06.52.34-1536x1152.jpeg 1536w, https://blogsaverroes.juntadeandalucia.es/sanfelipeneri/files/2025/04/WhatsApp-Image-2025-04-10-at-06.52.34.jpeg 2048w" sizes="(max-width: 768px) 100vw, 768px" /></a></div>
<div class="pt-cv-colwrap"><h4 class="pt-cv-title"><a href="https://blogsaverroes.juntadeandalucia.es/sanfelipeneri/programa-mentoria-fenix-y-educacion-fisica-en-el-ies-san-felipe-neri/" class="_self" target="_self" >Programa Mentoría Fénix y Educación Física en el IES San Felipe Neri</a></h4><div class="pt-cv-content">Esta semana, el alumnado de 2º de ESO ha vivido una jornada única gracias al Programa Mentoría Fénix, en una actividad integrada que combinó deporte y valores inspiradores. La experiencia contó con la presencia de dos deportistas de élite: Pedro José Martín, actual campeón de España de lanzamiento de martillo, y Miguel Ángel Martínez Tajuelo, exnadador paralímpico. Una mañana de aprendizaje y superación El día comenzó en el salón de actos del centro, donde Pedro José Martín compartió su experiencia como atleta de alto rendimiento. Nos habló sobre la importancia de la disciplina, la constancia y la resiliencia, destacando cómo, ...<br /><div class="pt-cv-rmwrap"><a href="https://blogsaverroes.juntadeandalucia.es/sanfelipeneri/programa-mentoria-fenix-y-educacion-fisica-en-el-ies-san-felipe-neri/" class="_self pt-cv-readmore btn btn-success" target="_self">Leer Más</a></div></div></div></div></div></div></div>			<style type="text/css" id="pt-cv-inline-style-55434adqh2">
#pt-cv-view-4afaa48frl .pt-cv-thumb-wrapper:not(.miniwrap) { width: 40%; }#pt-cv-view-4afaa48frl .pt-cv-thumbnail:not(.pt-cv-thumbnailsm) { height: 300px; }#pt-cv-view-4afaa48frl > .pt-cv-page {grid-template-columns: repeat(1, 1fr);grid-gap: 15px;}
@media all and (max-width: 1024px) { 
#pt-cv-view-4afaa48frl > .pt-cv-page {grid-template-columns: repeat(1, 1fr);}
} 
@media all and (max-width: 767px) { 
#pt-cv-view-4afaa48frl > .pt-cv-page {grid-template-columns: repeat(1, 1fr);}
} </style>

<p>En el IES San Felipe Neri participamos en el Programa de Mentoría Social Fénix Andalucía, el cual ofrece a nuestro alumnado la oportunidad de aprender a través del acompañamiento de personas mentoras comprometidas con&#46;&#46;&#46;</p>
