{"id":6708,"date":"2025-11-15T19:38:03","date_gmt":"2025-11-15T18:38:03","guid":{"rendered":"https:\/\/blogsaverroes.juntadeandalucia.es\/sanfelipeneri\/?page_id=6708"},"modified":"2025-11-30T16:46:46","modified_gmt":"2025-11-30T15:46:46","slug":"departamento-de-coeducacion-e-igualdad-de-genero","status":"publish","type":"page","link":"https:\/\/blogsaverroes.juntadeandalucia.es\/sanfelipeneri\/departamentos\/departamento-de-coeducacion-e-igualdad-de-genero\/","title":{"rendered":"Departamento de Coeducaci\u00f3n e Igualdad de G\u00e9nero"},"content":{"rendered":"<p data-start=\"233\" data-end=\"535\">Bienvenidos y bienvenidas al espacio del Departamento de Coeducaci\u00f3n e Igualdad de G\u00e9nero del IES San Felipe Neri.<br data-start=\"347\" data-end=\"350\">Desde este departamento trabajamos para promover una convivencia basada en el respeto, la igualdad de oportunidades y la construcci\u00f3n de relaciones libres de discriminaci\u00f3n y violencia.<\/p>\n<p data-start=\"537\" data-end=\"899\">Impulsamos acciones educativas que fomentan la coeducaci\u00f3n, la sensibilizaci\u00f3n y la prevenci\u00f3n, integrando la igualdad como un eje transversal en la vida del centro. Nuestro compromiso es garantizar que cada estudiante crezca en un entorno seguro, inclusivo y consciente, donde se valore la diversidad y se desarrollen actitudes de justicia y corresponsabilidad.<\/p>\n<hr>\n<div class=\"osc-res-tab tabbable   osc-tabs-left\"><div style=\"clear:both;width: 100%;\"><ul class=\"nav osc-res-nav nav-pills osc-tabs-left-ul\" id=\"oscitas-restabs-1-departamento-de-coeducacion-e-igualdad-de-genero-64038\"><li class=\"active\"><a href=\"#ert_pane1-0\" data-toggle=\"tab\">Jefatura<\/a><\/li><li class=\"\"><a href=\"#ert_pane1-1\" data-toggle=\"tab\">Documentaci\u00f3n<\/a><\/li><\/ul><\/div><div style=\"clear:both;width: 100%;\"><ul class=\"tab-content\" id=\"oscitas-restabcontent-1-departamento-de-coeducacion-e-igualdad-de-genero-64038\"><li class=\"tab-pane active\" id=\"ert_pane1-0\"><table style=\"width: 99.3448%;height: 291px\" border=\"10px solid rgb(255, 255, 255)\">\n<tbody>\n<tr style=\"height: 36px\">\n<td style=\"background-color: #c5cbe3;border: 10px solid #ffffff;width: 50%;height: 50px;text-align: center\"><strong>Navas Ja\u00e9n, Marta<\/strong><\/td>\n<td style=\"background-color: #ffffff;border: 10px solid #ffffff;width: 50%;height: 50px\">&nbsp;<\/td>\n<\/tr>\n<tr style=\"height: 24px\">\n<td style=\"background-color: #ffffff;border: 10px solid #ffffff;width: 50%;height: 50px;text-align: center\">\u2709\ufe0f <a href=\"mailto:mnavjae706@g.educaand.es\">mnavjae706@g.educaand.es<\/a><\/td>\n<td style=\"background-color: #ffffff;border: 10px solid #ffffff;width: 50%;height: 50px;text-align: center\">&nbsp;<\/td>\n<\/tr>\n<\/tbody>\n<\/table><\/li><li class=\"tab-pane \" id=\"ert_pane1-1\"><iframe src=\"https:\/\/drive.google.com\/embeddedfolderview?id=1HIgxE8TpqZKmOc3farCxXdDJknewHvvH#list\"><\/iframe><br \/><\/li><\/ul><\/div><\/div>\n<p>&nbsp;<\/p>\n","protected":false},"excerpt":{"rendered":"<p>Bienvenidos y bienvenidas al espacio del Departamento de Coeducaci\u00f3n e Igualdad de G\u00e9nero del IES San Felipe Neri.Desde este departamento trabajamos para promover una convivencia basada en el respeto, la igualdad de oportunidades y&#46;&#46;&#46;<\/p>\n","protected":false},"author":13459,"featured_media":6709,"parent":1407,"menu_order":0,"comment_status":"closed","ping_status":"closed","template":"","meta":{"_exactmetrics_skip_tracking":false,"_exactmetrics_sitenote_active":false,"_exactmetrics_sitenote_note":"","_exactmetrics_sitenote_category":0,"ngg_post_thumbnail":0,"footnotes":""},"aioseo_notices":[],"_links":{"self":[{"href":"https:\/\/blogsaverroes.juntadeandalucia.es\/sanfelipeneri\/wp-json\/wp\/v2\/pages\/6708"}],"collection":[{"href":"https:\/\/blogsaverroes.juntadeandalucia.es\/sanfelipeneri\/wp-json\/wp\/v2\/pages"}],"about":[{"href":"https:\/\/blogsaverroes.juntadeandalucia.es\/sanfelipeneri\/wp-json\/wp\/v2\/types\/page"}],"author":[{"embeddable":true,"href":"https:\/\/blogsaverroes.juntadeandalucia.es\/sanfelipeneri\/wp-json\/wp\/v2\/users\/13459"}],"replies":[{"embeddable":true,"href":"https:\/\/blogsaverroes.juntadeandalucia.es\/sanfelipeneri\/wp-json\/wp\/v2\/comments?post=6708"}],"version-history":[{"count":3,"href":"https:\/\/blogsaverroes.juntadeandalucia.es\/sanfelipeneri\/wp-json\/wp\/v2\/pages\/6708\/revisions"}],"predecessor-version":[{"id":7006,"href":"https:\/\/blogsaverroes.juntadeandalucia.es\/sanfelipeneri\/wp-json\/wp\/v2\/pages\/6708\/revisions\/7006"}],"up":[{"embeddable":true,"href":"https:\/\/blogsaverroes.juntadeandalucia.es\/sanfelipeneri\/wp-json\/wp\/v2\/pages\/1407"}],"wp:featuredmedia":[{"embeddable":true,"href":"https:\/\/blogsaverroes.juntadeandalucia.es\/sanfelipeneri\/wp-json\/wp\/v2\/media\/6709"}],"wp:attachment":[{"href":"https:\/\/blogsaverroes.juntadeandalucia.es\/sanfelipeneri\/wp-json\/wp\/v2\/media?parent=6708"}],"curies":[{"name":"wp","href":"https:\/\/api.w.org\/{rel}","templated":true}]}}