{"id":73,"date":"2018-11-28T03:33:19","date_gmt":"2018-11-28T03:33:19","guid":{"rendered":"https:\/\/blogsaverroes.juntadeandalucia.es\/sanjosedecalasanz\/?page_id=73"},"modified":"2025-02-20T12:00:12","modified_gmt":"2025-02-20T12:00:12","slug":"consejo-escolar","status":"publish","type":"page","link":"https:\/\/blogsaverroes.juntadeandalucia.es\/sanjosedecalasanz\/consejo-escolar\/","title":{"rendered":"I. CONSEJO ESCOLAR."},"content":{"rendered":"<p>El consejo escolar est\u00e1 formado por los siguientes miembros y comisiones.<\/p>\n<table style=\"width: 98.7677%;height: 674px\" width=\"1264\">\n<tbody>\n<tr>\n<td width=\"304\">Sector<\/td>\n<td width=\"960\">Miembros<\/td>\n<\/tr>\n<tr>\n<td width=\"304\">Equipo Directivo<\/td>\n<td width=\"960\">L\u00f3pez Rueda, Antonio Jos\u00e9 (DIRECTOR\/A)<\/td>\n<\/tr>\n<tr>\n<td width=\"304\">Equipo Directivo<\/td>\n<td width=\"960\">Bergillos Guerra, Lourdes (JEFE\/A DE ESTUDIOS)<\/td>\n<\/tr>\n<tr>\n<td width=\"304\">Equipo Directivo<\/td>\n<td width=\"960\">Gir\u00e1ldez Rueda, Jos\u00e9 Antonio (SECRETARIO\/A)<\/td>\n<\/tr>\n<tr>\n<td width=\"304\">Profesorado<\/td>\n<td width=\"960\">Cano Pool, Mar\u00eda \u00c1ngeles<\/td>\n<\/tr>\n<tr>\n<td width=\"304\">Profesorado<\/td>\n<td width=\"960\">Garc\u00eda de la Torre, Mar\u00eda Jos\u00e9<\/td>\n<\/tr>\n<tr>\n<td width=\"304\">Profesorado<\/td>\n<td width=\"960\">Gonz\u00e1lez Romero, Jos\u00e9 Manuel<\/td>\n<\/tr>\n<tr>\n<td width=\"304\">Profesorado<\/td>\n<td width=\"960\">L\u00e1zaro Jurado, Ana<\/td>\n<\/tr>\n<tr>\n<td width=\"304\">Profesorado<\/td>\n<td width=\"960\">Leal Mesa, Cristina<\/td>\n<\/tr>\n<tr>\n<td width=\"304\">Profesorado<\/td>\n<td width=\"960\">Li\u00f1\u00e1n Lozano, Mar\u00eda Carmen<\/td>\n<\/tr>\n<tr>\n<td width=\"304\">Profesorado<\/td>\n<td width=\"960\">Mart\u00ednez Carballo, Rosa Mar\u00eda<\/td>\n<\/tr>\n<tr>\n<td width=\"304\">Madres\/Padres\/Tutores<\/td>\n<td width=\"960\">Araujo N\u00fa\u00f1ez, Laura<\/td>\n<\/tr>\n<tr>\n<td width=\"304\">Madres\/Padres\/Tutores<\/td>\n<td width=\"960\">Crespo Rinc\u00f3n, Purificaci\u00f3n<\/td>\n<\/tr>\n<tr>\n<td width=\"304\">Madres\/Padres\/Tutores<\/td>\n<td width=\"960\">Fuentes Gallego, Elizabeth Mar\u00eda<\/td>\n<\/tr>\n<tr>\n<td width=\"304\">Madres\/Padres\/Tutores<\/td>\n<td width=\"960\">Garc\u00eda Montesino, Jos\u00e9 Mar\u00eda<\/td>\n<\/tr>\n<tr>\n<td width=\"304\">Madres\/Padres\/Tutores<\/td>\n<td width=\"960\">Li\u00f1\u00e1n Tato, Mar\u00eda Jos\u00e9<\/td>\n<\/tr>\n<tr>\n<td width=\"304\">Madres\/Padres\/Tutores<\/td>\n<td width=\"960\">Rojas Pastor, M Esperanza<\/td>\n<\/tr>\n<tr>\n<td width=\"304\">Madres\/Padres\/Tutores<\/td>\n<td width=\"960\">Fuentes Gallego, Elizabeth Mar\u00eda (REPRESENTANTE DE LA A.M.P.A. MAYORITARIA)<\/td>\n<\/tr>\n<tr>\n<td width=\"304\">Ayuntamiento<\/td>\n<td width=\"960\">Aranc\u00f3n Garc\u00eda, Jos\u00e9 Manuel (CONCEJAL O REPRESENTANTE DEL AYUNTAMIENTO)<\/td>\n<\/tr>\n<tr>\n<td width=\"304\">Impulsor de medidas de Igualdad<\/td>\n<td width=\"960\">Bru\u00f1a Romero, \u00c1ngeles (IMPULSOR DE MEDIDAS PARA EL FOMENTO DE LA IGUALDAD ENTRE HOMBRES Y MUJERES)<\/td>\n<\/tr>\n<\/tbody>\n<\/table>\n<p>&nbsp;<\/p>\n<p><em><strong>COMISIONES.<\/strong><\/em><\/p>\n<p><strong>Comisi\u00f3n permanente:<\/strong><\/p>\n<p>Director\/a: Antonio J. L\u00f3pez Rueda.<\/p>\n<p>Jefe\/a de estudios: Lourdes Bergillos Guerra.<\/p>\n<p>Maestro\/a: M\u00aa Jos\u00e9 Garc\u00eda.<\/p>\n<p>Padre\/madre: Jos\u00e9 M\u00aa Garc\u00eda Montesino.<\/p>\n<p><strong>Comisi\u00f3n de convivencia:<\/strong><\/p>\n<p>Director\/a: Antonio J. L\u00f3pez Rueda.<\/p>\n<p>Jefe\/a de estudios: Lourdes Bergillos Guerra.<\/p>\n<p>Dos maestros\/as: Rosa Mart\u00ednez Carballo y \u00c1ngeles Bru\u00f1a Romero.<\/p>\n<p>Dos padres\/madres: Jos\u00e9 M\u00aa Garc\u00eda Montesino.<\/p>\n<p><strong>Equipo de evaluaci\u00f3n:<\/strong><\/p>\n<p>Equipo directivo.<\/p>\n<p>Padre\/madre: Jos\u00e9 M\u00aa Garc\u00eda Montesino.<\/p>\n<p>PAS:&#8212;&#8212;<\/p>\n<p>Representante ayuntamiento: Aranc\u00f3n Garc\u00eda, Jos\u00e9 Manuel.<\/p>\n<p>AMPA: Elvira M\u00aa Pozo Sierra.<\/p>\n<p>Maestro\/a: Ana L\u00e1zaro.<\/p>\n<p><strong>Comisi\u00f3n de salud.<\/strong><\/p>\n<p>Director\/a.<\/p>\n<p>Secretario\/a.<\/p>\n<p>Maestro\/a: Cristina Ram\u00edrez Duwison.<\/p>\n<p>Padre\/madre: .<\/p>\n<p>PAS:<\/p>\n<p><strong>Comisi\u00f3n del comedor.<\/strong><\/p>\n<p>1 representante del equipo directivo. Director: Antonio Jos\u00e9 L\u00f3pez Rueda.<\/p>\n<p>1 representante del AMPA.<\/p>\n<p>1 representante de la empresa del catering. Lourdes M\u00aa Mesa Rodr\u00edguez.<\/p>\n<p>&nbsp;<\/p>\n<p>&nbsp;<\/p>\n","protected":false},"excerpt":{"rendered":"<p>El consejo escolar est\u00e1 formado por los siguientes miembros y comisiones. Sector Miembros Equipo Directivo L\u00f3pez Rueda, Antonio Jos\u00e9 (DIRECTOR\/A) Equipo Directivo Bergillos Guerra, Lourdes (JEFE\/A DE ESTUDIOS) Equipo Directivo Gir\u00e1ldez Rueda, Jos\u00e9 Antonio (SECRETARIO\/A) Profesorado Cano Pool, Mar\u00eda \u00c1ngeles Profesorado Garc\u00eda de la Torre, Mar\u00eda Jos\u00e9 Profesorado Gonz\u00e1lez Romero, Jos\u00e9 Manuel Profesorado L\u00e1zaro Jurado, &hellip; <a href=\"https:\/\/blogsaverroes.juntadeandalucia.es\/sanjosedecalasanz\/consejo-escolar\/\" class=\"more-link\">Continuar leyendo<span class=\"screen-reader-text\"> \u00abI. CONSEJO ESCOLAR.\u00bb<\/span><\/a><\/p>\n","protected":false},"author":6715,"featured_media":0,"parent":0,"menu_order":0,"comment_status":"closed","ping_status":"closed","template":"","meta":{"ngg_post_thumbnail":0,"footnotes":""},"aioseo_notices":[],"_links":{"self":[{"href":"https:\/\/blogsaverroes.juntadeandalucia.es\/sanjosedecalasanz\/wp-json\/wp\/v2\/pages\/73"}],"collection":[{"href":"https:\/\/blogsaverroes.juntadeandalucia.es\/sanjosedecalasanz\/wp-json\/wp\/v2\/pages"}],"about":[{"href":"https:\/\/blogsaverroes.juntadeandalucia.es\/sanjosedecalasanz\/wp-json\/wp\/v2\/types\/page"}],"author":[{"embeddable":true,"href":"https:\/\/blogsaverroes.juntadeandalucia.es\/sanjosedecalasanz\/wp-json\/wp\/v2\/users\/6715"}],"replies":[{"embeddable":true,"href":"https:\/\/blogsaverroes.juntadeandalucia.es\/sanjosedecalasanz\/wp-json\/wp\/v2\/comments?post=73"}],"version-history":[{"count":18,"href":"https:\/\/blogsaverroes.juntadeandalucia.es\/sanjosedecalasanz\/wp-json\/wp\/v2\/pages\/73\/revisions"}],"predecessor-version":[{"id":425,"href":"https:\/\/blogsaverroes.juntadeandalucia.es\/sanjosedecalasanz\/wp-json\/wp\/v2\/pages\/73\/revisions\/425"}],"wp:attachment":[{"href":"https:\/\/blogsaverroes.juntadeandalucia.es\/sanjosedecalasanz\/wp-json\/wp\/v2\/media?parent=73"}],"curies":[{"name":"wp","href":"https:\/\/api.w.org\/{rel}","templated":true}]}}