{"id":2699,"date":"2023-04-08T07:21:00","date_gmt":"2023-04-08T07:21:00","guid":{"rendered":"https:\/\/blogsaverroes.juntadeandalucia.es\/sanjuandediosjerez\/?page_id=2699"},"modified":"2023-04-08T07:28:10","modified_gmt":"2023-04-08T07:28:10","slug":"comunidad-de-aprendizaje","status":"publish","type":"page","link":"https:\/\/blogsaverroes.juntadeandalucia.es\/sanjuandediosjerez\/comunidad-de-aprendizaje\/","title":{"rendered":"Comunidad de Aprendizaje"},"content":{"rendered":"\t\t<div data-elementor-type=\"wp-page\" data-elementor-id=\"2699\" class=\"elementor elementor-2699\">\n\t\t\t\t\t\t<section class=\"elementor-section elementor-top-section elementor-element elementor-element-2d9266c elementor-section-boxed elementor-section-height-default elementor-section-height-default\" data-id=\"2d9266c\" data-element_type=\"section\">\n\t\t\t\t\t\t<div class=\"elementor-container elementor-column-gap-default\">\n\t\t\t\t\t<div class=\"elementor-column elementor-col-50 elementor-top-column elementor-element elementor-element-14124da\" data-id=\"14124da\" data-element_type=\"column\">\n\t\t\t<div class=\"elementor-widget-wrap elementor-element-populated\">\n\t\t\t\t\t\t<div class=\"elementor-element elementor-element-50e672f elementor-widget elementor-widget-image\" data-id=\"50e672f\" data-element_type=\"widget\" data-widget_type=\"image.default\">\n\t\t\t\t<div class=\"elementor-widget-container\">\n\t\t\t\t\t\t\t\t\t\t\t\t\t\t\t<img fetchpriority=\"high\" decoding=\"async\" width=\"768\" height=\"1365\" src=\"https:\/\/blogsaverroes.juntadeandalucia.es\/sanjuandediosjerez\/files\/2023\/04\/voluntariado-comunidad-aprendizaje-768x1365.png\" class=\"attachment-medium_large size-medium_large wp-image-2700\" alt=\"\" srcset=\"https:\/\/blogsaverroes.juntadeandalucia.es\/sanjuandediosjerez\/files\/2023\/04\/voluntariado-comunidad-aprendizaje-768x1365.png 768w, https:\/\/blogsaverroes.juntadeandalucia.es\/sanjuandediosjerez\/files\/2023\/04\/voluntariado-comunidad-aprendizaje-169x300.png 169w, https:\/\/blogsaverroes.juntadeandalucia.es\/sanjuandediosjerez\/files\/2023\/04\/voluntariado-comunidad-aprendizaje-576x1024.png 576w, https:\/\/blogsaverroes.juntadeandalucia.es\/sanjuandediosjerez\/files\/2023\/04\/voluntariado-comunidad-aprendizaje-864x1536.png 864w, https:\/\/blogsaverroes.juntadeandalucia.es\/sanjuandediosjerez\/files\/2023\/04\/voluntariado-comunidad-aprendizaje.png 900w\" sizes=\"(max-width: 768px) 85vw, 768px\" \/>\t\t\t\t\t\t\t\t\t\t\t\t\t\t\t<\/div>\n\t\t\t\t<\/div>\n\t\t\t\t\t<\/div>\n\t\t<\/div>\n\t\t\t\t<div class=\"elementor-column elementor-col-50 elementor-top-column elementor-element elementor-element-1043be5\" data-id=\"1043be5\" data-element_type=\"column\">\n\t\t\t<div class=\"elementor-widget-wrap elementor-element-populated\">\n\t\t\t\t\t\t<div class=\"elementor-element elementor-element-140737b elementor-widget elementor-widget-toggle\" data-id=\"140737b\" data-element_type=\"widget\" data-widget_type=\"toggle.default\">\n\t\t\t\t<div class=\"elementor-widget-container\">\n\t\t\t\t\t\t\t<div class=\"elementor-toggle\">\n\t\t\t\t\t\t\t<div class=\"elementor-toggle-item\">\n\t\t\t\t\t<div id=\"elementor-tab-title-2101\" class=\"elementor-tab-title\" data-tab=\"1\" role=\"button\" aria-controls=\"elementor-tab-content-2101\" aria-expanded=\"false\">\n\t\t\t\t\t\t\t\t\t\t\t\t<span class=\"elementor-toggle-icon elementor-toggle-icon-left\" aria-hidden=\"true\">\n\t\t\t\t\t\t\t\t\t\t\t\t\t\t\t<span class=\"elementor-toggle-icon-closed\"><i class=\"fas fa-caret-right\"><\/i><\/span>\n\t\t\t\t\t\t\t\t<span class=\"elementor-toggle-icon-opened\"><i class=\"elementor-toggle-icon-opened fas fa-caret-up\"><\/i><\/span>\n\t\t\t\t\t\t\t\t\t\t\t\t\t<\/span>\n\t\t\t\t\t\t\t\t\t\t\t\t<a class=\"elementor-toggle-title\" tabindex=\"0\">Gracias a vosotros<\/a>\n\t\t\t\t\t<\/div>\n\n\t\t\t\t\t<div id=\"elementor-tab-content-2101\" class=\"elementor-tab-content elementor-clearfix\" data-tab=\"1\" role=\"region\" aria-labelledby=\"elementor-tab-title-2101\"><p>El Centro ha conseguido en los \u00faltimos a\u00f1os los siguientes reconocimientos\u00a0<\/p><p>&#8211; V Premio \u201cNacho Villamor\u201d. Curso 2021-2022. Premio para la Paz y la Convivencia\u00a0<\/p><p>&#8211; VI Edici\u00f3n de los Premios Vida Sana. Curso 2021-2022. Consejer\u00eda de Educaci\u00f3n y Deporte, Consejer\u00eda de Salud y Familias y Fundaci\u00f3n Caser.Proyecto Ganador Provincial. \u201cObjetivo Salud\u201d.\u00a0<\/p><p>&#8211; Premios Flamenco en el Aula. Curso 2020-2021. 3er premio modalidad materiales curriculares y recursos did\u00e1cticos.\u00a0<\/p><p>&#8211; Reconocimiento como EcoEscuela. Curso 2022-2023\u00a0<\/p><p>&#8211; Reconocimiento como Escuela Promotora de H\u00e1bitos de Vida Saludable. Curso 2022-2023<\/p><\/div>\n\t\t\t\t<\/div>\n\t\t\t\t\t\t\t\t\t\t<script type=\"application\/ld+json\">{\"@context\":\"https:\\\/\\\/schema.org\",\"@type\":\"FAQPage\",\"mainEntity\":[{\"@type\":\"Question\",\"name\":\"Gracias a vosotros\",\"acceptedAnswer\":{\"@type\":\"Answer\",\"text\":\"<p>El Centro ha conseguido en los \\u00faltimos a\\u00f1os los siguientes reconocimientos\\u00a0<\\\/p><p>&#8211; V Premio \\u201cNacho Villamor\\u201d. Curso 2021-2022. Premio para la Paz y la Convivencia\\u00a0<\\\/p><p>&#8211; VI Edici\\u00f3n de los Premios Vida Sana. Curso 2021-2022. Consejer\\u00eda de Educaci\\u00f3n y Deporte, Consejer\\u00eda de Salud y Familias y Fundaci\\u00f3n Caser.Proyecto Ganador Provincial. \\u201cObjetivo Salud\\u201d.\\u00a0<\\\/p><p>&#8211; Premios Flamenco en el Aula. Curso 2020-2021. 3er premio modalidad materiales curriculares y recursos did\\u00e1cticos.\\u00a0<\\\/p><p>&#8211; Reconocimiento como EcoEscuela. Curso 2022-2023\\u00a0<\\\/p><p>&#8211; Reconocimiento como Escuela Promotora de H\\u00e1bitos de Vida Saludable. Curso 2022-2023<\\\/p>\"}}]}<\/script>\n\t\t\t\t\t<\/div>\n\t\t\t\t\t\t<\/div>\n\t\t\t\t<\/div>\n\t\t\t\t\t<\/div>\n\t\t<\/div>\n\t\t\t\t\t<\/div>\n\t\t<\/section>\n\t\t\t\t<section class=\"elementor-section elementor-top-section elementor-element elementor-element-83fa915 elementor-section-boxed elementor-section-height-default elementor-section-height-default\" data-id=\"83fa915\" data-element_type=\"section\">\n\t\t\t\t\t\t<div class=\"elementor-container elementor-column-gap-default\">\n\t\t\t\t\t<div class=\"elementor-column elementor-col-100 elementor-top-column elementor-element elementor-element-04e9ee4\" data-id=\"04e9ee4\" data-element_type=\"column\">\n\t\t\t<div class=\"elementor-widget-wrap elementor-element-populated\">\n\t\t\t\t\t\t<div class=\"elementor-element elementor-element-c878b15 elementor-widget-divider--view-line elementor-widget elementor-widget-divider\" data-id=\"c878b15\" data-element_type=\"widget\" data-widget_type=\"divider.default\">\n\t\t\t\t<div class=\"elementor-widget-container\">\n\t\t\t\t\t\t\t<div class=\"elementor-divider\">\n\t\t\t<span class=\"elementor-divider-separator\">\n\t\t\t\t\t\t<\/span>\n\t\t<\/div>\n\t\t\t\t\t\t<\/div>\n\t\t\t\t<\/div>\n\t\t\t\t\t<\/div>\n\t\t<\/div>\n\t\t\t\t\t<\/div>\n\t\t<\/section>\n\t\t\t\t<section class=\"elementor-section elementor-top-section elementor-element elementor-element-410027b elementor-section-boxed elementor-section-height-default elementor-section-height-default\" data-id=\"410027b\" data-element_type=\"section\">\n\t\t\t\t\t\t<div class=\"elementor-container elementor-column-gap-default\">\n\t\t\t\t\t<div class=\"elementor-column elementor-col-100 elementor-top-column elementor-element elementor-element-e7e9952\" data-id=\"e7e9952\" data-element_type=\"column\">\n\t\t\t<div class=\"elementor-widget-wrap\">\n\t\t\t\t\t\t\t<\/div>\n\t\t<\/div>\n\t\t\t\t\t<\/div>\n\t\t<\/section>\n\t\t\t\t<\/div>\n\t\t","protected":false},"excerpt":{"rendered":"<p>Gracias a vosotros El Centro ha conseguido en los \u00faltimos a\u00f1os los siguientes reconocimientos\u00a0 &#8211; V Premio \u201cNacho Villamor\u201d. Curso 2021-2022. Premio para la Paz y la Convivencia\u00a0 &#8211; VI Edici\u00f3n de los Premios Vida Sana. Curso 2021-2022. Consejer\u00eda de Educaci\u00f3n y Deporte, Consejer\u00eda de Salud y Familias y Fundaci\u00f3n Caser.Proyecto Ganador Provincial. \u201cObjetivo Salud\u201d.\u00a0 &hellip; <a href=\"https:\/\/blogsaverroes.juntadeandalucia.es\/sanjuandediosjerez\/comunidad-de-aprendizaje\/\" class=\"more-link\">Continuar leyendo<span class=\"screen-reader-text\"> \u00abComunidad de Aprendizaje\u00bb<\/span><\/a><\/p>\n","protected":false},"author":6153,"featured_media":0,"parent":0,"menu_order":0,"comment_status":"closed","ping_status":"closed","template":"","meta":{"ngg_post_thumbnail":0,"footnotes":"","_mc_calendar":[]},"aioseo_notices":[],"_links":{"self":[{"href":"https:\/\/blogsaverroes.juntadeandalucia.es\/sanjuandediosjerez\/wp-json\/wp\/v2\/pages\/2699"}],"collection":[{"href":"https:\/\/blogsaverroes.juntadeandalucia.es\/sanjuandediosjerez\/wp-json\/wp\/v2\/pages"}],"about":[{"href":"https:\/\/blogsaverroes.juntadeandalucia.es\/sanjuandediosjerez\/wp-json\/wp\/v2\/types\/page"}],"author":[{"embeddable":true,"href":"https:\/\/blogsaverroes.juntadeandalucia.es\/sanjuandediosjerez\/wp-json\/wp\/v2\/users\/6153"}],"replies":[{"embeddable":true,"href":"https:\/\/blogsaverroes.juntadeandalucia.es\/sanjuandediosjerez\/wp-json\/wp\/v2\/comments?post=2699"}],"version-history":[{"count":6,"href":"https:\/\/blogsaverroes.juntadeandalucia.es\/sanjuandediosjerez\/wp-json\/wp\/v2\/pages\/2699\/revisions"}],"predecessor-version":[{"id":2708,"href":"https:\/\/blogsaverroes.juntadeandalucia.es\/sanjuandediosjerez\/wp-json\/wp\/v2\/pages\/2699\/revisions\/2708"}],"wp:attachment":[{"href":"https:\/\/blogsaverroes.juntadeandalucia.es\/sanjuandediosjerez\/wp-json\/wp\/v2\/media?parent=2699"}],"curies":[{"name":"wp","href":"https:\/\/api.w.org\/{rel}","templated":true}]}}