{"id":99,"date":"2015-03-16T07:22:54","date_gmt":"2015-03-16T07:22:54","guid":{"rendered":"http:\/\/blogsaverroes.juntadeandalucia.es\/pre\/ceip\/?page_id=99"},"modified":"2020-08-18T18:58:35","modified_gmt":"2020-08-18T18:58:35","slug":"comedor-escolar","status":"publish","type":"page","link":"https:\/\/blogsaverroes.juntadeandalucia.es\/sanjuandediosjerez\/comedor-escolar\/","title":{"rendered":"Comedor escolar"},"content":{"rendered":"<h4>informaci\u00f3n sobre el comedor escolar<\/h4>\n<h4><a href=\"https:\/\/blogsaverroes.juntadeandalucia.es\/sanjuandediosjerez\/files\/2015\/03\/comida.jpg\"><img fetchpriority=\"high\" decoding=\"async\" class=\"aligncenter wp-image-238 \" src=\"https:\/\/blogsaverroes.juntadeandalucia.es\/sanjuandediosjerez\/files\/2015\/03\/comida.jpg\" alt=\"\" width=\"582\" height=\"341\"><\/a><\/h4>\n<p>Los comedores escolares son un servicio complementario que resulta de gran utilidad a padres y madres para ayudarles a&nbsp;conciliar la vida laboral y familiar. Tienen una duraci\u00f3n de hasta dos horas desde que acaba la jornada escolar de la ma\u00f1ana (de 14.00 a 16.00 horas).<\/p>\n<p><strong>Mas informaci\u00f3n en pr\u00f3ximas fechas<\/strong><\/p>\n","protected":false},"excerpt":{"rendered":"<p>informaci\u00f3n sobre el comedor escolar Los comedores escolares son un servicio complementario que resulta de gran utilidad a padres y madres para ayudarles a&nbsp;conciliar la vida laboral y familiar. Tienen una duraci\u00f3n de hasta dos horas desde que acaba la jornada escolar de la ma\u00f1ana (de 14.00 a 16.00 horas). Mas informaci\u00f3n en pr\u00f3ximas fechas<\/p>\n","protected":false},"author":1,"featured_media":0,"parent":0,"menu_order":0,"comment_status":"closed","ping_status":"open","template":"","meta":{"ngg_post_thumbnail":0,"footnotes":"","_mc_calendar":[]},"aioseo_notices":[],"_links":{"self":[{"href":"https:\/\/blogsaverroes.juntadeandalucia.es\/sanjuandediosjerez\/wp-json\/wp\/v2\/pages\/99"}],"collection":[{"href":"https:\/\/blogsaverroes.juntadeandalucia.es\/sanjuandediosjerez\/wp-json\/wp\/v2\/pages"}],"about":[{"href":"https:\/\/blogsaverroes.juntadeandalucia.es\/sanjuandediosjerez\/wp-json\/wp\/v2\/types\/page"}],"author":[{"embeddable":true,"href":"https:\/\/blogsaverroes.juntadeandalucia.es\/sanjuandediosjerez\/wp-json\/wp\/v2\/users\/1"}],"replies":[{"embeddable":true,"href":"https:\/\/blogsaverroes.juntadeandalucia.es\/sanjuandediosjerez\/wp-json\/wp\/v2\/comments?post=99"}],"version-history":[{"count":5,"href":"https:\/\/blogsaverroes.juntadeandalucia.es\/sanjuandediosjerez\/wp-json\/wp\/v2\/pages\/99\/revisions"}],"predecessor-version":[{"id":2537,"href":"https:\/\/blogsaverroes.juntadeandalucia.es\/sanjuandediosjerez\/wp-json\/wp\/v2\/pages\/99\/revisions\/2537"}],"wp:attachment":[{"href":"https:\/\/blogsaverroes.juntadeandalucia.es\/sanjuandediosjerez\/wp-json\/wp\/v2\/media?parent=99"}],"curies":[{"name":"wp","href":"https:\/\/api.w.org\/{rel}","templated":true}]}}

<h4>información sobre el comedor escolar</h4>
<h4><a href="https://blogsaverroes.juntadeandalucia.es/sanjuandediosjerez/files/2015/03/comida.jpg"><img fetchpriority="high" decoding="async" class="aligncenter wp-image-238 " src="https://blogsaverroes.juntadeandalucia.es/sanjuandediosjerez/files/2015/03/comida.jpg" alt="" width="582" height="341"></a></h4>
<p>Los comedores escolares son un servicio complementario que resulta de gran utilidad a padres y madres para ayudarles a&nbsp;conciliar la vida laboral y familiar. Tienen una duración de hasta dos horas desde que acaba la jornada escolar de la mañana (de 14.00 a 16.00 horas).</p>
<p><strong>Mas información en próximas fechas</strong></p>

<p>información sobre el comedor escolar Los comedores escolares son un servicio complementario que resulta de gran utilidad a padres y madres para ayudarles a&nbsp;conciliar la vida laboral y familiar. Tienen una duración de hasta dos horas desde que acaba la jornada escolar de la mañana (de 14.00 a 16.00 horas). Mas información en próximas fechas</p>
