{"id":2624,"date":"2019-03-28T19:12:43","date_gmt":"2019-03-28T19:12:43","guid":{"rendered":"https:\/\/blogsaverroes.juntadeandalucia.es\/sanlorenzo\/?page_id=2624"},"modified":"2022-10-15T20:09:58","modified_gmt":"2022-10-15T20:09:58","slug":"habitos-de-vida-saludable","status":"publish","type":"page","link":"https:\/\/blogsaverroes.juntadeandalucia.es\/sanlorenzo\/habitos-de-vida-saludable\/","title":{"rendered":"H\u00e1bitos de vida saludable"},"content":{"rendered":"<p align=\"CENTER\"><img loading=\"lazy\" decoding=\"async\" class=\"\" src=\"https:\/\/blogsaverroes.juntadeandalucia.es\/sanlorenzo\/files\/2022\/10\/WhatsApp-Image-2022-10-11-at-12.12.50-e1665864481558.jpeg\" width=\"290\" height=\"216\"><\/p>\n<p align=\"CENTER\"><span style=\"font-size: x-large\"><em><b>Programa Educativo para la Promoci\u00f3n de H\u00e1bitos Saludables<\/b><\/em><\/span><\/p>\n<p align=\"JUSTIFY\">El Programa Educativo para la Promoci\u00f3n de H\u00e1bitos de Vida Saludable est\u00e1 destinado a los centros docentes de Andaluc\u00eda sostenidos con fondos p\u00fablicos, con excepci\u00f3n de los universitarios en sus dos modalidades: Creciendo en Salud para centros que imparten ense\u00f1anzas de Educaci\u00f3n Infantil, Educaci\u00f3n Especial y Educaci\u00f3n Primaria, o Forma Joven en el \u00e1mbito educativo para centros educativos que imparten ense\u00f1anzas de Educaci\u00f3n Secundaria (obligatoria y postobligatoria).&nbsp;La Consejer\u00eda de Educaci\u00f3n y Deporte, la Consejer\u00eda de Salud y Familias, la Consejer\u00eda de Igualdad, Pol\u00edticas Sociales y Conciliaci\u00f3n y la Consejer\u00eda de Agricultura, Ganader\u00eda, Pesca y Desarrollo Sostenible, un a\u00f1o m\u00e1s, ponen en marcha el programa de promoci\u00f3n de H\u00e1bitos de Vida Saludable para el curso escolar.<\/p>\n<p align=\"JUSTIFY\">Algunas de las fortalezas que ofrece el programa para la promoci\u00f3n de H\u00e1bitos de Vida Saludable a los centros educativos son:<\/p>\n<p align=\"JUSTIFY\">\u2022 Favorecer la integraci\u00f3n de la promoci\u00f3n y educaci\u00f3n para la salud en el Proyecto Educativo del Centro.<\/p>\n<p align=\"JUSTIFY\">\u2022 Fortalecer el tratamiento de la promoci\u00f3n y educaci\u00f3n para la salud desde un enfoque integral.<\/p>\n<p align=\"JUSTIFY\">\u2022 Ofrecer estrategias para el desarrollo de las Competencias Clave en el alumnado.<\/p>\n<p align=\"JUSTIFY\">\u2022 Facilitar al profesorado una herramienta para la innovaci\u00f3n educativa en el desarrollo de los contenidos del curr\u00edculo relacionados con la promoci\u00f3n de la salud.<\/p>\n<p align=\"JUSTIFY\">\u2022 Favorecer la coordinaci\u00f3n inter e intra centros.<\/p>\n<p align=\"JUSTIFY\">\u2022 Promover un cambio hacia metodolog\u00edas activas y participativas.<\/p>\n<p align=\"JUSTIFY\">\u2022 Ofrecer formaci\u00f3n a la comunidad educativa en materia de promoci\u00f3n de la salud.<\/p>\n<p align=\"JUSTIFY\">\u2022 Poner a disposici\u00f3n de los centros recursos educativos, did\u00e1cticos y humanos. \u2022 Favorecer el v\u00ednculo con la Comunidad y promover cambios favorables hacia entornos m\u00e1s sostenibles y saludables.<\/p>\n<p align=\"JUSTIFY\">\u2022 Reconocimiento.<\/p>\n<p align=\"JUSTIFY\">Creciendo en Salud lleva desarroll\u00e1ndose en el Centro tres cursos escolares, a trav\u00e9s de las siguientes <b>l\u00edneas de actuaci\u00f3n:<\/b><\/p>\n<p align=\"JUSTIFY\">\u2022<b>Educaci\u00f3n Emocional<\/b>. La educaci\u00f3n emocional consiste en un proceso educativo, continuo y permanente que pretende potenciar en el alumnado la adquisici\u00f3n de competencias emocionales tales como: conciencia emocional, regulaci\u00f3n emocional, autonom\u00eda emocional, competencia social y competencias para la vida y el bienestar, con objeto de capacitarle para la vida y aumentar su bienestar personal y social.<\/p>\n<p align=\"JUSTIFY\">\u2022<b>Estilos de Vida Saludable<\/b>. Los estilos de vida de las personas, es decir, el conjunto de conductas habituales que configuran su modo de vivir es uno de los factores que m\u00e1s influye en la salud. Por ello, resulta imprescindible facilitar al alumnado las claves para una alimentaci\u00f3n saludable a la vez que se potencia la pr\u00e1ctica de actividad f\u00edsica, por los beneficios f\u00edsicos, mentales y sociales que proporciona, facilitando pautas para combatir la presi\u00f3n medi\u00e1tica y publicitaria de productos y alimentos poco saludables, y contrarrestando los malos h\u00e1bitos que por desinformaci\u00f3n se dan en muchas familias.<\/p>\n<p align=\"JUSTIFY\">\u2022<b>Autocuidados y Accidentalidad<\/b> . La edad adecuada para asimilar una serie de conceptos sobre el cuidado y la higiene corporal y convertirlos en h\u00e1bitos de conducta saludable se sit\u00faa entre los 6 y 14 a\u00f1os. Estos h\u00e1bitos se adquieren en la infancia a trav\u00e9s de un proceso de educaci\u00f3n que corresponde fundamentalmente a las familias, pero en el que la colaboraci\u00f3n del profesorado es imprescindible con estrategias de aprendizaje que favorezcan su adquisici\u00f3n y que perduren durante toda la vida, y desarrollando en muchos casos labores compensatorias ante la imposibilidad de que la familia otorgue la formaci\u00f3n b\u00e1sica en lo referente al cuidado de la salud y, en particular, a los autocuidados.<\/p>\n<p align=\"JUSTIFY\">\u25aa <b>Educaci\u00f3n Vial.<\/b> Dada la complejidad del tr\u00e1fico en las v\u00edas urbanas e interurbanas y que la poblaci\u00f3n infantil constituye uno de los principales grupos de riesgo, se hace necesario a trav\u00e9s de esta L\u00ednea de Intervenci\u00f3n, dar a conocer al alumnado determinadas medidas de defensa y seguridad que les protejan de los peligros derivados del uso de las v\u00edas p\u00fablicas, bien como peatones, ciclistas o como usuarios y usuarias de los medios de transporte.<\/p>\n<p align=\"JUSTIFY\">\u2022<b>Uso Positivo de las Tecnolog\u00edas de la Informaci\u00f3n y de la Comunicaci\u00f3n<\/b>. Las Tecnolog\u00edas de la Informaci\u00f3n y y de la Comunicaci\u00f3n (TIC) han supuesto la modificaci\u00f3n de las pautas de interacci\u00f3n social y redefinici\u00f3n radical del funcionamiento de la sociedad, generando una nueva forma de comunicarse y establecer relaciones entre las personas que incide de manera directa en el desarrollo de los ni\u00f1os y las ni\u00f1as que crecen y se socializan en un contexto tecnol\u00f3gico; con grandes potencialidades, pero no exento de riesgos. Las TIC no son de por s\u00ed buenas o malas, son simplemente instrumentos al servicio de lo humano y dependen del uso que de ellas hagamos. Por ello, resulta imprescindible la prevenci\u00f3n, la protecci\u00f3n y la atenci\u00f3n a los ni\u00f1os y las ni\u00f1as, proporcionando informaci\u00f3n, as\u00ed como, estrategias y habilidades cognitivas, psicol\u00f3gicas y afectivas que permitan un uso positivo y responsable basado en el respeto y en la promoci\u00f3n de la dignidad humana y de la integridad f\u00edsica y psicol\u00f3gica del menor.<\/p>\n<p align=\"LEFT\"><span style=\"color: #0066ff\"><span style=\"font-family: 'Calisto MT', serif\"><span style=\"font-size: xx-large\">LA SALUD ES EL REGALO M\u00c1S GRANDE. CU\u00cdDALA Y PROT\u00c9GETE.<\/span><\/span><\/span><\/p>\n<p align=\"LEFT\"><!--nextpage--><\/p>\n<h2 align=\"LEFT\"><em><strong>Fruta en el Coleeee!!<\/strong><\/em><\/h2>\n<p>&nbsp;<\/p>\n<p><iframe loading=\"lazy\" title=\"Programa H\u00e1bitos Saludables.\" width=\"525\" height=\"295\" src=\"https:\/\/www.youtube.com\/embed\/Jo_cQKaeDjk?feature=oembed\" frameborder=\"0\" allow=\"accelerometer; autoplay; clipboard-write; encrypted-media; gyroscope; picture-in-picture; web-share\" referrerpolicy=\"strict-origin-when-cross-origin\" allowfullscreen><\/iframe><\/p>\n","protected":false},"excerpt":{"rendered":"<p>Programa Educativo para la Promoci\u00f3n de H\u00e1bitos Saludables El Programa Educativo para la Promoci\u00f3n de H\u00e1bitos de Vida Saludable est\u00e1 destinado a los centros docentes de Andaluc\u00eda sostenidos con fondos p\u00fablicos, con excepci\u00f3n de los universitarios en sus dos modalidades: Creciendo en Salud para centros que imparten ense\u00f1anzas de Educaci\u00f3n Infantil, Educaci\u00f3n Especial y Educaci\u00f3n &hellip; <\/p>\n<p class=\"link-more\"><a href=\"https:\/\/blogsaverroes.juntadeandalucia.es\/sanlorenzo\/habitos-de-vida-saludable\/\" class=\"more-link\">Continuar leyendo<span class=\"screen-reader-text\"> \u00abH\u00e1bitos de vida saludable\u00bb<\/span><\/a><\/p>\n","protected":false},"author":6860,"featured_media":0,"parent":0,"menu_order":0,"comment_status":"closed","ping_status":"closed","template":"","meta":{"ngg_post_thumbnail":0,"footnotes":"","_mc_calendar":[]},"aioseo_notices":[],"_links":{"self":[{"href":"https:\/\/blogsaverroes.juntadeandalucia.es\/sanlorenzo\/wp-json\/wp\/v2\/pages\/2624"}],"collection":[{"href":"https:\/\/blogsaverroes.juntadeandalucia.es\/sanlorenzo\/wp-json\/wp\/v2\/pages"}],"about":[{"href":"https:\/\/blogsaverroes.juntadeandalucia.es\/sanlorenzo\/wp-json\/wp\/v2\/types\/page"}],"author":[{"embeddable":true,"href":"https:\/\/blogsaverroes.juntadeandalucia.es\/sanlorenzo\/wp-json\/wp\/v2\/users\/6860"}],"replies":[{"embeddable":true,"href":"https:\/\/blogsaverroes.juntadeandalucia.es\/sanlorenzo\/wp-json\/wp\/v2\/comments?post=2624"}],"version-history":[{"count":6,"href":"https:\/\/blogsaverroes.juntadeandalucia.es\/sanlorenzo\/wp-json\/wp\/v2\/pages\/2624\/revisions"}],"predecessor-version":[{"id":3364,"href":"https:\/\/blogsaverroes.juntadeandalucia.es\/sanlorenzo\/wp-json\/wp\/v2\/pages\/2624\/revisions\/3364"}],"wp:attachment":[{"href":"https:\/\/blogsaverroes.juntadeandalucia.es\/sanlorenzo\/wp-json\/wp\/v2\/media?parent=2624"}],"curies":[{"name":"wp","href":"https:\/\/api.w.org\/{rel}","templated":true}]}}

Hábitos de vida saludable

<p align="CENTER"><img loading="lazy" decoding="async" class="" src="https://blogsaverroes.juntadeandalucia.es/sanlorenzo/files/2022/10/WhatsApp-Image-2022-10-11-at-12.12.50-e1665864481558.jpeg" width="290" height="216"></p>
<p align="CENTER"><span style="font-size: x-large"><em><b>Programa Educativo para la Promoción de Hábitos Saludables</b></em></span></p>
<p align="JUSTIFY">El Programa Educativo para la Promoción de Hábitos de Vida Saludable está destinado a los centros docentes de Andalucía sostenidos con fondos públicos, con excepción de los universitarios en sus dos modalidades: Creciendo en Salud para centros que imparten enseñanzas de Educación Infantil, Educación Especial y Educación Primaria, o Forma Joven en el ámbito educativo para centros educativos que imparten enseñanzas de Educación Secundaria (obligatoria y postobligatoria).&nbsp;La Consejería de Educación y Deporte, la Consejería de Salud y Familias, la Consejería de Igualdad, Políticas Sociales y Conciliación y la Consejería de Agricultura, Ganadería, Pesca y Desarrollo Sostenible, un año más, ponen en marcha el programa de promoción de Hábitos de Vida Saludable para el curso escolar.</p>
<p align="JUSTIFY">Algunas de las fortalezas que ofrece el programa para la promoción de Hábitos de Vida Saludable a los centros educativos son:</p>
<p align="JUSTIFY">• Favorecer la integración de la promoción y educación para la salud en el Proyecto Educativo del Centro.</p>
<p align="JUSTIFY">• Fortalecer el tratamiento de la promoción y educación para la salud desde un enfoque integral.</p>
<p align="JUSTIFY">• Ofrecer estrategias para el desarrollo de las Competencias Clave en el alumnado.</p>
<p align="JUSTIFY">• Facilitar al profesorado una herramienta para la innovación educativa en el desarrollo de los contenidos del currículo relacionados con la promoción de la salud.</p>
<p align="JUSTIFY">• Favorecer la coordinación inter e intra centros.</p>
<p align="JUSTIFY">• Promover un cambio hacia metodologías activas y participativas.</p>
<p align="JUSTIFY">• Ofrecer formación a la comunidad educativa en materia de promoción de la salud.</p>
<p align="JUSTIFY">• Poner a disposición de los centros recursos educativos, didácticos y humanos. • Favorecer el vínculo con la Comunidad y promover cambios favorables hacia entornos más sostenibles y saludables.</p>
<p align="JUSTIFY">• Reconocimiento.</p>
<p align="JUSTIFY">Creciendo en Salud lleva desarrollándose en el Centro tres cursos escolares, a través de las siguientes <b>líneas de actuación:</b></p>
<p align="JUSTIFY">•<b>Educación Emocional</b>. La educación emocional consiste en un proceso educativo, continuo y permanente que pretende potenciar en el alumnado la adquisición de competencias emocionales tales como: conciencia emocional, regulación emocional, autonomía emocional, competencia social y competencias para la vida y el bienestar, con objeto de capacitarle para la vida y aumentar su bienestar personal y social.</p>
<p align="JUSTIFY">•<b>Estilos de Vida Saludable</b>. Los estilos de vida de las personas, es decir, el conjunto de conductas habituales que configuran su modo de vivir es uno de los factores que más influye en la salud. Por ello, resulta imprescindible facilitar al alumnado las claves para una alimentación saludable a la vez que se potencia la práctica de actividad física, por los beneficios físicos, mentales y sociales que proporciona, facilitando pautas para combatir la presión mediática y publicitaria de productos y alimentos poco saludables, y contrarrestando los malos hábitos que por desinformación se dan en muchas familias.</p>
<p align="JUSTIFY">•<b>Autocuidados y Accidentalidad</b> . La edad adecuada para asimilar una serie de conceptos sobre el cuidado y la higiene corporal y convertirlos en hábitos de conducta saludable se sitúa entre los 6 y 14 años. Estos hábitos se adquieren en la infancia a través de un proceso de educación que corresponde fundamentalmente a las familias, pero en el que la colaboración del profesorado es imprescindible con estrategias de aprendizaje que favorezcan su adquisición y que perduren durante toda la vida, y desarrollando en muchos casos labores compensatorias ante la imposibilidad de que la familia otorgue la formación básica en lo referente al cuidado de la salud y, en particular, a los autocuidados.</p>
<p align="JUSTIFY">▪ <b>Educación Vial.</b> Dada la complejidad del tráfico en las vías urbanas e interurbanas y que la población infantil constituye uno de los principales grupos de riesgo, se hace necesario a través de esta Línea de Intervención, dar a conocer al alumnado determinadas medidas de defensa y seguridad que les protejan de los peligros derivados del uso de las vías públicas, bien como peatones, ciclistas o como usuarios y usuarias de los medios de transporte.</p>
<p align="JUSTIFY">•<b>Uso Positivo de las Tecnologías de la Información y de la Comunicación</b>. Las Tecnologías de la Información y y de la Comunicación (TIC) han supuesto la modificación de las pautas de interacción social y redefinición radical del funcionamiento de la sociedad, generando una nueva forma de comunicarse y establecer relaciones entre las personas que incide de manera directa en el desarrollo de los niños y las niñas que crecen y se socializan en un contexto tecnológico; con grandes potencialidades, pero no exento de riesgos. Las TIC no son de por sí buenas o malas, son simplemente instrumentos al servicio de lo humano y dependen del uso que de ellas hagamos. Por ello, resulta imprescindible la prevención, la protección y la atención a los niños y las niñas, proporcionando información, así como, estrategias y habilidades cognitivas, psicológicas y afectivas que permitan un uso positivo y responsable basado en el respeto y en la promoción de la dignidad humana y de la integridad física y psicológica del menor.</p>
<p align="LEFT"><span style="color: #0066ff"><span style="font-family: 'Calisto MT', serif"><span style="font-size: xx-large">LA SALUD ES EL REGALO MÁS GRANDE. CUÍDALA Y PROTÉGETE.</span></span></span></p>
<p align="LEFT"><!--nextpage--></p>
<h2 align="LEFT"><em><strong>Fruta en el Coleeee!!</strong></em></h2>
<p>&nbsp;</p>
<p><iframe loading="lazy" title="Programa Hábitos Saludables." width="525" height="295" src="https://www.youtube.com/embed/Jo_cQKaeDjk?feature=oembed" frameborder="0" allow="accelerometer; autoplay; clipboard-write; encrypted-media; gyroscope; picture-in-picture; web-share" referrerpolicy="strict-origin-when-cross-origin" allowfullscreen></iframe></p>

<p>Programa Educativo para la Promoción de Hábitos Saludables El Programa Educativo para la Promoción de Hábitos de Vida Saludable está destinado a los centros docentes de Andalucía sostenidos con fondos públicos, con excepción de los universitarios en sus dos modalidades: Creciendo en Salud para centros que imparten enseñanzas de Educación Infantil, Educación Especial y Educación &hellip; </p>
<p class="link-more"><a href="https://blogsaverroes.juntadeandalucia.es/sanlorenzo/habitos-de-vida-saludable/" class="more-link">Continuar leyendo<span class="screen-reader-text"> «Hábitos de vida saludable»</span></a></p>
