{"id":3554,"date":"2025-01-14T13:10:54","date_gmt":"2025-01-14T13:10:54","guid":{"rendered":"https:\/\/blogsaverroes.juntadeandalucia.es\/sanlorenzo\/?page_id=3554"},"modified":"2025-01-15T10:43:16","modified_gmt":"2025-01-15T10:43:16","slug":"matriculacion","status":"publish","type":"page","link":"https:\/\/blogsaverroes.juntadeandalucia.es\/sanlorenzo\/matriculacion\/","title":{"rendered":"Matriculaci\u00f3n"},"content":{"rendered":"<ul>\n<li><a href=\"https:\/\/drive.google.com\/file\/d\/1ZkCE_Cxvok1N8fFYL1Tep8R2xxfhg4R0\/view?usp=drive_link\" target=\"_blank\" rel=\"noopener\">AMPA<\/a>.<\/li>\n<li><a href=\"https:\/\/drive.google.com\/file\/d\/1ZNXRXyy6wBv9yYAcrzLgcXj_MkH8qysc\/view?usp=drive_link\" target=\"_blank\" rel=\"noopener\">USO DE LA IMAGEN<\/a>.<\/li>\n<li><a href=\"https:\/\/drive.google.com\/file\/d\/1ZIs1VneMu2HD_b-1etpZsVg8B7znikPz\/view?usp=drive_link\" target=\"_blank\" rel=\"noopener\">CUESTIONARIO FSE<\/a>.<\/li>\n<li><a href=\"https:\/\/drive.google.com\/file\/d\/1ZIApcuI7bvrCdR2HEFhQ-u10wWk8oriO\/view?usp=drive_link\" target=\"_blank\" rel=\"noopener\">DATOS DEL ALUMNO\/A<\/a>.<\/li>\n<li><a href=\"https:\/\/drive.google.com\/file\/d\/1Zcps-Z9sCnVVj9bBfJm-3S18-9TxR5cW\/view?usp=drive_link\" target=\"_blank\" rel=\"noopener\">G-SUITE<\/a>.<\/li>\n<li><a href=\"https:\/\/drive.google.com\/file\/d\/1ZJwwX-74omp2MvZch3VA2g1OZS_r3H9C\/view?usp=drive_link\" target=\"_blank\" rel=\"noopener\">INSTRUCCIONES MATRICULACI\u00d3N<\/a>.<\/li>\n<li><a href=\"https:\/\/drive.google.com\/file\/d\/1ZXsRGT7vSoLnJUOnOlrHhF44Ko6iZ4DO\/view?usp=drive_link\" target=\"_blank\" rel=\"noopener\">MATR\u00cdCULA INFANTIL<\/a>.<\/li>\n<li><a href=\"https:\/\/drive.google.com\/file\/d\/1ZH9kRra7lqoej25a2vsT8rzW5xPpzkqp\/view?usp=drive_link\" target=\"_blank\" rel=\"noopener\">MATR\u00cdCULA PRIMARIA<\/a>.<\/li>\n<li><a href=\"https:\/\/drive.google.com\/file\/d\/1ZeYLeKWGJxyM0BELqXrohBJ-AUvARSqr\/view?usp=drive_link\" target=\"_blank\" rel=\"noopener\">SOLICITUD RELIGI\u00d3N\/ATEDU<\/a>.<\/li>\n<\/ul>\n","protected":false},"excerpt":{"rendered":"<p>AMPA. USO DE LA IMAGEN. CUESTIONARIO FSE. DATOS DEL ALUMNO\/A. G-SUITE. INSTRUCCIONES MATRICULACI\u00d3N. MATR\u00cdCULA INFANTIL. MATR\u00cdCULA PRIMARIA. SOLICITUD RELIGI\u00d3N\/ATEDU.<\/p>\n","protected":false},"author":6860,"featured_media":0,"parent":0,"menu_order":0,"comment_status":"closed","ping_status":"closed","template":"","meta":{"ngg_post_thumbnail":0,"footnotes":"","_mc_calendar":[]},"aioseo_notices":[],"_links":{"self":[{"href":"https:\/\/blogsaverroes.juntadeandalucia.es\/sanlorenzo\/wp-json\/wp\/v2\/pages\/3554"}],"collection":[{"href":"https:\/\/blogsaverroes.juntadeandalucia.es\/sanlorenzo\/wp-json\/wp\/v2\/pages"}],"about":[{"href":"https:\/\/blogsaverroes.juntadeandalucia.es\/sanlorenzo\/wp-json\/wp\/v2\/types\/page"}],"author":[{"embeddable":true,"href":"https:\/\/blogsaverroes.juntadeandalucia.es\/sanlorenzo\/wp-json\/wp\/v2\/users\/6860"}],"replies":[{"embeddable":true,"href":"https:\/\/blogsaverroes.juntadeandalucia.es\/sanlorenzo\/wp-json\/wp\/v2\/comments?post=3554"}],"version-history":[{"count":4,"href":"https:\/\/blogsaverroes.juntadeandalucia.es\/sanlorenzo\/wp-json\/wp\/v2\/pages\/3554\/revisions"}],"predecessor-version":[{"id":3569,"href":"https:\/\/blogsaverroes.juntadeandalucia.es\/sanlorenzo\/wp-json\/wp\/v2\/pages\/3554\/revisions\/3569"}],"wp:attachment":[{"href":"https:\/\/blogsaverroes.juntadeandalucia.es\/sanlorenzo\/wp-json\/wp\/v2\/media?parent=3554"}],"curies":[{"name":"wp","href":"https:\/\/api.w.org\/{rel}","templated":true}]}}