{"id":2724,"date":"2019-05-30T07:41:53","date_gmt":"2019-05-30T07:41:53","guid":{"rendered":"https:\/\/blogsaverroes.juntadeandalucia.es\/sansebastianpuntaumbria\/?page_id=2724"},"modified":"2019-05-30T07:51:00","modified_gmt":"2019-05-30T07:51:00","slug":"el-rincon-de-frances","status":"publish","type":"page","link":"https:\/\/blogsaverroes.juntadeandalucia.es\/sansebastianpuntaumbria\/el-rincon-de-frances\/","title":{"rendered":"El rinc\u00f3n de Franc\u00e9s"},"content":{"rendered":"<p><a href=\"https:\/\/blogsaverroes.juntadeandalucia.es\/sansebastianpuntaumbria\/files\/2019\/05\/franc\u00e9s.jpg\"><img loading=\"lazy\" decoding=\"async\" class=\"alignnone size-thumbnail wp-image-2728\" src=\"https:\/\/blogsaverroes.juntadeandalucia.es\/sansebastianpuntaumbria\/files\/2019\/05\/franc\u00e9s-150x150.jpg\" alt=\"\" width=\"150\" height=\"150\" srcset=\"https:\/\/blogsaverroes.juntadeandalucia.es\/sansebastianpuntaumbria\/files\/2019\/05\/franc\u00e9s-150x150.jpg 150w, https:\/\/blogsaverroes.juntadeandalucia.es\/sansebastianpuntaumbria\/files\/2019\/05\/franc\u00e9s-100x100.jpg 100w, https:\/\/blogsaverroes.juntadeandalucia.es\/sansebastianpuntaumbria\/files\/2019\/05\/franc\u00e9s-268x268.jpg 268w\" sizes=\"(max-width: 150px) 100vw, 150px\" \/><\/a><\/p>\n<p style=\"text-align: left\" align=\"CENTER\"><span style=\"color: #31849b\"><span style=\"font-family: 'Times New Roman', serif\"><span style=\"font-size: x-large\"><b>Recursos l\u00fadicos empleados en las clases de franc\u00e9s, con el fin de despertar el inter\u00e9s de los alumnos hacia esta nueva lengua de forma l\u00fadica y gracias a las nuevas tecnolog\u00edas. Todo trabajado de forma sencilla, oral y visual.<\/b><\/span><\/span><\/span><\/p>\n","protected":false},"excerpt":{"rendered":"<p>Recursos l\u00fadicos empleados en las clases de franc\u00e9s, con el fin de despertar el inter\u00e9s de los alumnos hacia esta nueva lengua de forma l\u00fadica y gracias a las nuevas tecnolog\u00edas. Todo trabajado de&#46;&#46;&#46;<\/p>\n","protected":false},"author":5929,"featured_media":0,"parent":0,"menu_order":0,"comment_status":"closed","ping_status":"closed","template":"","meta":{"ngg_post_thumbnail":0,"footnotes":"","_mc_calendar":[]},"aioseo_notices":[],"_links":{"self":[{"href":"https:\/\/blogsaverroes.juntadeandalucia.es\/sansebastianpuntaumbria\/wp-json\/wp\/v2\/pages\/2724"}],"collection":[{"href":"https:\/\/blogsaverroes.juntadeandalucia.es\/sansebastianpuntaumbria\/wp-json\/wp\/v2\/pages"}],"about":[{"href":"https:\/\/blogsaverroes.juntadeandalucia.es\/sansebastianpuntaumbria\/wp-json\/wp\/v2\/types\/page"}],"author":[{"embeddable":true,"href":"https:\/\/blogsaverroes.juntadeandalucia.es\/sansebastianpuntaumbria\/wp-json\/wp\/v2\/users\/5929"}],"replies":[{"embeddable":true,"href":"https:\/\/blogsaverroes.juntadeandalucia.es\/sansebastianpuntaumbria\/wp-json\/wp\/v2\/comments?post=2724"}],"version-history":[{"count":3,"href":"https:\/\/blogsaverroes.juntadeandalucia.es\/sansebastianpuntaumbria\/wp-json\/wp\/v2\/pages\/2724\/revisions"}],"predecessor-version":[{"id":2730,"href":"https:\/\/blogsaverroes.juntadeandalucia.es\/sansebastianpuntaumbria\/wp-json\/wp\/v2\/pages\/2724\/revisions\/2730"}],"wp:attachment":[{"href":"https:\/\/blogsaverroes.juntadeandalucia.es\/sansebastianpuntaumbria\/wp-json\/wp\/v2\/media?parent=2724"}],"curies":[{"name":"wp","href":"https:\/\/api.w.org\/{rel}","templated":true}]}}