{"id":2743,"date":"2019-05-30T08:08:43","date_gmt":"2019-05-30T08:08:43","guid":{"rendered":"https:\/\/blogsaverroes.juntadeandalucia.es\/sansebastianpuntaumbria\/?page_id=2743"},"modified":"2019-05-30T08:08:43","modified_gmt":"2019-05-30T08:08:43","slug":"chansons","status":"publish","type":"page","link":"https:\/\/blogsaverroes.juntadeandalucia.es\/sansebastianpuntaumbria\/chansons\/","title":{"rendered":"Chansons"},"content":{"rendered":"<p><a href=\"https:\/\/www.youtube.com\/watch?v=atNkI6QFZ50\">Saludos<\/a><\/p>\n<p><a href=\"https:\/\/www.youtube.com\/watch?v=BiHYehk0tYo\">D\u00edas de la semana<\/a><\/p>\n<p><a href=\"https:\/\/www.youtube.com\/watch?v=ya1_m3lEsiY\">Meses del a\u00f1o<\/a><\/p>\n<p><a href=\"https:\/\/www.youtube.com\/watch?v=UsEz58BblMY\">Los n\u00fameros<\/a><\/p>\n<p><a href=\"https:\/\/www.youtube.com\/watch?v=-4kNeFGBAcw\">Los colores<\/a><\/p>\n<p><a href=\"https:\/\/www.youtube.com\/watch?v=npniUd2M_vI\">Preposiciones de lugar<\/a><\/p>\n<p>&nbsp;<\/p>\n<p>&nbsp;<\/p>\n","protected":false},"excerpt":{"rendered":"<p>Saludos D\u00edas de la semana Meses del a\u00f1o Los n\u00fameros Los colores Preposiciones de lugar &nbsp; &nbsp;<\/p>\n","protected":false},"author":5929,"featured_media":0,"parent":0,"menu_order":0,"comment_status":"closed","ping_status":"closed","template":"","meta":{"ngg_post_thumbnail":0,"footnotes":"","_mc_calendar":[]},"aioseo_notices":[],"_links":{"self":[{"href":"https:\/\/blogsaverroes.juntadeandalucia.es\/sansebastianpuntaumbria\/wp-json\/wp\/v2\/pages\/2743"}],"collection":[{"href":"https:\/\/blogsaverroes.juntadeandalucia.es\/sansebastianpuntaumbria\/wp-json\/wp\/v2\/pages"}],"about":[{"href":"https:\/\/blogsaverroes.juntadeandalucia.es\/sansebastianpuntaumbria\/wp-json\/wp\/v2\/types\/page"}],"author":[{"embeddable":true,"href":"https:\/\/blogsaverroes.juntadeandalucia.es\/sansebastianpuntaumbria\/wp-json\/wp\/v2\/users\/5929"}],"replies":[{"embeddable":true,"href":"https:\/\/blogsaverroes.juntadeandalucia.es\/sansebastianpuntaumbria\/wp-json\/wp\/v2\/comments?post=2743"}],"version-history":[{"count":1,"href":"https:\/\/blogsaverroes.juntadeandalucia.es\/sansebastianpuntaumbria\/wp-json\/wp\/v2\/pages\/2743\/revisions"}],"predecessor-version":[{"id":2745,"href":"https:\/\/blogsaverroes.juntadeandalucia.es\/sansebastianpuntaumbria\/wp-json\/wp\/v2\/pages\/2743\/revisions\/2745"}],"wp:attachment":[{"href":"https:\/\/blogsaverroes.juntadeandalucia.es\/sansebastianpuntaumbria\/wp-json\/wp\/v2\/media?parent=2743"}],"curies":[{"name":"wp","href":"https:\/\/api.w.org\/{rel}","templated":true}]}}