{"id":3209,"date":"2021-04-07T09:56:33","date_gmt":"2021-04-07T09:56:33","guid":{"rendered":"https:\/\/blogsaverroes.juntadeandalucia.es\/sansebastianpuntaumbria\/?page_id=3209"},"modified":"2021-04-07T10:02:16","modified_gmt":"2021-04-07T10:02:16","slug":"actividades-para-eliminar-barreras","status":"publish","type":"page","link":"https:\/\/blogsaverroes.juntadeandalucia.es\/sansebastianpuntaumbria\/actividades-para-eliminar-barreras\/","title":{"rendered":"Actividades para eliminar barreras"},"content":{"rendered":"<p><em><span style=\"color: #0000ff\">\u00abEl bosque ser\u00eda muy triste si s\u00f3lo cantaran los p\u00e1jaros que mejor lo hacen.\u00bb<\/span><\/em><\/p>\n<p><img loading=\"lazy\" decoding=\"async\" class=\"alignnone size-medium wp-image-3210\" src=\"https:\/\/blogsaverroes.juntadeandalucia.es\/sansebastianpuntaumbria\/files\/2021\/04\/WhatsApp-Image-2021-04-07-at-11.44.34-225x300.jpeg\" alt=\"\" width=\"225\" height=\"300\" srcset=\"https:\/\/blogsaverroes.juntadeandalucia.es\/sansebastianpuntaumbria\/files\/2021\/04\/WhatsApp-Image-2021-04-07-at-11.44.34-225x300.jpeg 225w, https:\/\/blogsaverroes.juntadeandalucia.es\/sansebastianpuntaumbria\/files\/2021\/04\/WhatsApp-Image-2021-04-07-at-11.44.34-700x933.jpeg 700w, https:\/\/blogsaverroes.juntadeandalucia.es\/sansebastianpuntaumbria\/files\/2021\/04\/WhatsApp-Image-2021-04-07-at-11.44.34.jpeg 768w\" sizes=\"(max-width: 225px) 100vw, 225px\" \/><\/p>\n<p><span style=\"color: #ff0000\">La metodolog\u00eda que favorece la inclusi\u00f3n es el trabajo cooperativo.<\/span><\/p>\n<p><img loading=\"lazy\" decoding=\"async\" class=\"alignnone size-medium wp-image-3214\" src=\"https:\/\/blogsaverroes.juntadeandalucia.es\/sansebastianpuntaumbria\/files\/2021\/04\/WhatsApp-Image-2021-03-23-at-21.14.17-300x225.jpeg\" alt=\"\" width=\"300\" height=\"225\" srcset=\"https:\/\/blogsaverroes.juntadeandalucia.es\/sansebastianpuntaumbria\/files\/2021\/04\/WhatsApp-Image-2021-03-23-at-21.14.17-300x225.jpeg 300w, https:\/\/blogsaverroes.juntadeandalucia.es\/sansebastianpuntaumbria\/files\/2021\/04\/WhatsApp-Image-2021-03-23-at-21.14.17-1024x768.jpeg 1024w, https:\/\/blogsaverroes.juntadeandalucia.es\/sansebastianpuntaumbria\/files\/2021\/04\/WhatsApp-Image-2021-03-23-at-21.14.17-768x576.jpeg 768w, https:\/\/blogsaverroes.juntadeandalucia.es\/sansebastianpuntaumbria\/files\/2021\/04\/WhatsApp-Image-2021-03-23-at-21.14.17-1536x1152.jpeg 1536w, https:\/\/blogsaverroes.juntadeandalucia.es\/sansebastianpuntaumbria\/files\/2021\/04\/WhatsApp-Image-2021-03-23-at-21.14.17-700x525.jpeg 700w, https:\/\/blogsaverroes.juntadeandalucia.es\/sansebastianpuntaumbria\/files\/2021\/04\/WhatsApp-Image-2021-03-23-at-21.14.17.jpeg 1600w\" sizes=\"(max-width: 300px) 100vw, 300px\" \/> <img loading=\"lazy\" decoding=\"async\" class=\"alignnone size-medium wp-image-3216\" src=\"https:\/\/blogsaverroes.juntadeandalucia.es\/sansebastianpuntaumbria\/files\/2021\/04\/WhatsApp-Image-2021-03-23-at-21.15.13-300x225.jpeg\" alt=\"\" width=\"300\" height=\"225\" srcset=\"https:\/\/blogsaverroes.juntadeandalucia.es\/sansebastianpuntaumbria\/files\/2021\/04\/WhatsApp-Image-2021-03-23-at-21.15.13-300x225.jpeg 300w, https:\/\/blogsaverroes.juntadeandalucia.es\/sansebastianpuntaumbria\/files\/2021\/04\/WhatsApp-Image-2021-03-23-at-21.15.13-1024x768.jpeg 1024w, https:\/\/blogsaverroes.juntadeandalucia.es\/sansebastianpuntaumbria\/files\/2021\/04\/WhatsApp-Image-2021-03-23-at-21.15.13-768x576.jpeg 768w, https:\/\/blogsaverroes.juntadeandalucia.es\/sansebastianpuntaumbria\/files\/2021\/04\/WhatsApp-Image-2021-03-23-at-21.15.13-1536x1152.jpeg 1536w, https:\/\/blogsaverroes.juntadeandalucia.es\/sansebastianpuntaumbria\/files\/2021\/04\/WhatsApp-Image-2021-03-23-at-21.15.13-700x525.jpeg 700w, https:\/\/blogsaverroes.juntadeandalucia.es\/sansebastianpuntaumbria\/files\/2021\/04\/WhatsApp-Image-2021-03-23-at-21.15.13.jpeg 1600w\" sizes=\"(max-width: 300px) 100vw, 300px\" \/> <img loading=\"lazy\" decoding=\"async\" class=\"alignnone size-medium wp-image-3217\" src=\"https:\/\/blogsaverroes.juntadeandalucia.es\/sansebastianpuntaumbria\/files\/2021\/04\/WhatsApp-Image-2021-03-23-at-21.14.16n-300x225.jpeg\" alt=\"\" width=\"300\" height=\"225\" srcset=\"https:\/\/blogsaverroes.juntadeandalucia.es\/sansebastianpuntaumbria\/files\/2021\/04\/WhatsApp-Image-2021-03-23-at-21.14.16n-300x225.jpeg 300w, https:\/\/blogsaverroes.juntadeandalucia.es\/sansebastianpuntaumbria\/files\/2021\/04\/WhatsApp-Image-2021-03-23-at-21.14.16n-1024x768.jpeg 1024w, https:\/\/blogsaverroes.juntadeandalucia.es\/sansebastianpuntaumbria\/files\/2021\/04\/WhatsApp-Image-2021-03-23-at-21.14.16n-768x576.jpeg 768w, https:\/\/blogsaverroes.juntadeandalucia.es\/sansebastianpuntaumbria\/files\/2021\/04\/WhatsApp-Image-2021-03-23-at-21.14.16n-1536x1152.jpeg 1536w, https:\/\/blogsaverroes.juntadeandalucia.es\/sansebastianpuntaumbria\/files\/2021\/04\/WhatsApp-Image-2021-03-23-at-21.14.16n-700x525.jpeg 700w, https:\/\/blogsaverroes.juntadeandalucia.es\/sansebastianpuntaumbria\/files\/2021\/04\/WhatsApp-Image-2021-03-23-at-21.14.16n.jpeg 1600w\" sizes=\"(max-width: 300px) 100vw, 300px\" \/> <img loading=\"lazy\" decoding=\"async\" class=\"alignnone size-medium wp-image-3218\" src=\"https:\/\/blogsaverroes.juntadeandalucia.es\/sansebastianpuntaumbria\/files\/2021\/04\/WhatsApp-Image-2021-03-23-at-21.14.17d-300x225.jpeg\" alt=\"\" width=\"300\" height=\"225\" srcset=\"https:\/\/blogsaverroes.juntadeandalucia.es\/sansebastianpuntaumbria\/files\/2021\/04\/WhatsApp-Image-2021-03-23-at-21.14.17d-300x225.jpeg 300w, https:\/\/blogsaverroes.juntadeandalucia.es\/sansebastianpuntaumbria\/files\/2021\/04\/WhatsApp-Image-2021-03-23-at-21.14.17d-1024x768.jpeg 1024w, https:\/\/blogsaverroes.juntadeandalucia.es\/sansebastianpuntaumbria\/files\/2021\/04\/WhatsApp-Image-2021-03-23-at-21.14.17d-768x576.jpeg 768w, https:\/\/blogsaverroes.juntadeandalucia.es\/sansebastianpuntaumbria\/files\/2021\/04\/WhatsApp-Image-2021-03-23-at-21.14.17d-1536x1152.jpeg 1536w, https:\/\/blogsaverroes.juntadeandalucia.es\/sansebastianpuntaumbria\/files\/2021\/04\/WhatsApp-Image-2021-03-23-at-21.14.17d-700x525.jpeg 700w, https:\/\/blogsaverroes.juntadeandalucia.es\/sansebastianpuntaumbria\/files\/2021\/04\/WhatsApp-Image-2021-03-23-at-21.14.17d.jpeg 1600w\" sizes=\"(max-width: 300px) 100vw, 300px\" \/><\/p>\n","protected":false},"excerpt":{"rendered":"<p>\u00abEl bosque ser\u00eda muy triste si s\u00f3lo cantaran los p\u00e1jaros que mejor lo hacen.\u00bb La metodolog\u00eda que favorece la inclusi\u00f3n es el trabajo cooperativo.<\/p>\n","protected":false},"author":5929,"featured_media":0,"parent":0,"menu_order":0,"comment_status":"closed","ping_status":"closed","template":"","meta":{"ngg_post_thumbnail":0,"footnotes":"","_mc_calendar":[]},"aioseo_notices":[],"_links":{"self":[{"href":"https:\/\/blogsaverroes.juntadeandalucia.es\/sansebastianpuntaumbria\/wp-json\/wp\/v2\/pages\/3209"}],"collection":[{"href":"https:\/\/blogsaverroes.juntadeandalucia.es\/sansebastianpuntaumbria\/wp-json\/wp\/v2\/pages"}],"about":[{"href":"https:\/\/blogsaverroes.juntadeandalucia.es\/sansebastianpuntaumbria\/wp-json\/wp\/v2\/types\/page"}],"author":[{"embeddable":true,"href":"https:\/\/blogsaverroes.juntadeandalucia.es\/sansebastianpuntaumbria\/wp-json\/wp\/v2\/users\/5929"}],"replies":[{"embeddable":true,"href":"https:\/\/blogsaverroes.juntadeandalucia.es\/sansebastianpuntaumbria\/wp-json\/wp\/v2\/comments?post=3209"}],"version-history":[{"count":3,"href":"https:\/\/blogsaverroes.juntadeandalucia.es\/sansebastianpuntaumbria\/wp-json\/wp\/v2\/pages\/3209\/revisions"}],"predecessor-version":[{"id":3219,"href":"https:\/\/blogsaverroes.juntadeandalucia.es\/sansebastianpuntaumbria\/wp-json\/wp\/v2\/pages\/3209\/revisions\/3219"}],"wp:attachment":[{"href":"https:\/\/blogsaverroes.juntadeandalucia.es\/sansebastianpuntaumbria\/wp-json\/wp\/v2\/media?parent=3209"}],"curies":[{"name":"wp","href":"https:\/\/api.w.org\/{rel}","templated":true}]}}