{"id":2367,"date":"2020-11-01T07:16:13","date_gmt":"2020-11-01T07:16:13","guid":{"rendered":"https:\/\/blogsaverroes.juntadeandalucia.es\/santosmedicos\/?page_id=2367"},"modified":"2021-10-29T07:49:35","modified_gmt":"2021-10-29T07:49:35","slug":"programa-tde","status":"publish","type":"page","link":"https:\/\/blogsaverroes.juntadeandalucia.es\/santosmedicos\/programa-tde\/","title":{"rendered":"Programa TDE"},"content":{"rendered":"<p style=\"text-align: justify\">La Transformaci\u00f3n Digital Educativa es una de las principales respuestas a los retos planteados actualmente, con repercusiones inmediatas en el \u00e1mbito escolar pero que lo trasciende, para facilitar la adquisici\u00f3n y desarrollo de competencias y habilidades a quienes formar\u00e1n la ciudadan\u00eda en un futuro inmediato.<\/p>\n<p style=\"text-align: justify\">Este punto de partida implica adoptar nuevos planteamientos que mejoren los logros alcanzados con el Plan Escuela TIC 2.0 o el Programa para la digitalizaci\u00f3n de centros, #PRODIG,&nbsp; para avanzar hacia modelos m\u00e1s hol\u00edsticos y pr\u00f3ximos al entorno comunitario, tomando como referentes los Marcos Europeos para la Competencia Digital de centros educativos (DigCompOrg), del profesorado (DigCompEdu) y del alumnado y resto de sectores de la comunidad educativa (DigComp).<\/p>\n<p><img decoding=\"async\" src=\"https:\/\/www.juntadeandalucia.es\/educacion\/portals\/delegate\/thumbnail\/png_abaco_album\/11d1900e-abaf-4810-909b-35ff016edb3f\" alt=\"\"><\/p>\n<p style=\"text-align: justify\">Para ello se han puesto en marcha medidas que afectan a todos los centros que imparten ense\u00f1anzas no universitarias y de car\u00e1cter obligatorio, tales como el desarrollo de herramientas en S\u00e9neca para la autoevaluaci\u00f3n de los centros como organizaciones digitalmente competentes mediante la<strong>&nbsp;R\u00fabrica TDE<\/strong>&nbsp;(basada en el Marco DigCompOrg) y el formulario para obtener el&nbsp;<a href=\"https:\/\/drive.google.com\/file\/d\/1_g0NBe8N5K9rPyGw3sqmlCM9Srdmv6CT\/view?usp=sharing\"><strong>Plan de Actuaci\u00f3n Digital (PAD)<\/strong><\/a>, del que a su vez se derivan el Plan de Formaci\u00f3n del Profesorado y el Plan de Contingencia. Asimismo est\u00e1 disponible el&nbsp;<strong>Test de Competencia Digital Docente<\/strong>, basado en el Marco DigCompEdu, que proporciona un Informe Individual y un Informe de Centro.<\/p>\n<p style=\"text-align: justify\">A estas herramientas se suman actuaciones ya puestas en marcha de gran impacto, como el despliegue de la plataforma de Aula Virtual&nbsp;<strong>Moodle Centros<\/strong>&nbsp;con car\u00e1cter universal, el espacio web&nbsp;<strong>eAprendizaje<\/strong>, el servicio&nbsp;<strong>BlogsAverroes<\/strong>, que permite la creaci\u00f3n de blogs docentes y espacios de centros y la Plataforma MoocEdu que ofrece recursos para el desarrollo de la CD.<\/p>\n<p style=\"text-align: justify\">La&nbsp;<strong>formaci\u00f3n del profesorado<\/strong>&nbsp;es un aspecto primordial en el proceso de transformaci\u00f3n digital educativa, que incluir\u00e1 a partir del&nbsp;&nbsp; curso 2020\/21 itinerarios formativos seg\u00fan el Marco DigCompEdu, haciendo hincapi\u00e9 en la modalidad de Formaci\u00f3n en Centro con caracter\u00edsticas h\u00edbridas (presencial y online) para facilitar su trasposici\u00f3n a este tipo de docencia, cada vez m\u00e1s importante, a la par que se incide en la importancia del Dise\u00f1o Universal para el Aprendizaje (DUA) y en el conocimiento y difusi\u00f3n de los Objetivos de Desarrollo Sostenible (ODS) desde una perspectiva de trabajo cooperativo en el que adquiera especial relevancia la competencia de&nbsp;<em>Aprender a aprender<\/em>.<\/p>\n<p style=\"text-align: justify\"><img decoding=\"async\" src=\"https:\/\/www.juntadeandalucia.es\/educacion\/portals\/delegate\/thumbnail\/png_abaco_album\/09532fbb-5b48-482a-ab17-798ea02d185f\" alt=\"\">As\u00ed pues, mediante la&nbsp; #TDE se ponen las bases para el paso a una educaci\u00f3n m\u00e1s inclusiva y digital, acorde con las necesidades actuales y futuras, en la que son imprescindibles las voces de todas las personas que forman parte de la comunidad educativa y, de forma se\u00f1alada la del alumnado, protagonista de su propio aprendizaje.<\/p>\n<p style=\"text-align: justify\">A trav\u00e9s del siguiente enlace, podremos acceder al portal TDE de la Junta de Andaluc\u00eda para resolver cualquier duda sobre este programa y su implementaci\u00f3n (PINCHA EN LA SIGUIENTE IMAGEN).<\/p>\n<p><a href=\"https:\/\/www.juntadeandalucia.es\/educacion\/portals\/web\/transformacion-digital-educativa\/inicio\" target=\"_blank\" rel=\"noopener noreferrer\"><img loading=\"lazy\" decoding=\"async\" class=\"aligncenter\" src=\"https:\/\/www.juntadeandalucia.es\/educacion\/portals\/image\/layout_set_logo?img_id=602903&amp;t=1604130926624\" alt=\"Transformaci\u00f3n Digital Educativa\" width=\"140\" height=\"140\"><\/a><\/p>\n<p><strong>OTROS ENLACES DE INTER\u00c9S<\/strong><\/p>\n<p><a href=\"https:\/\/blogsaverroes.juntadeandalucia.es\/santosmedicos\/files\/2020\/10\/Instruccion-31_07_2020_transformacion_digital_centros-1.pdf\" target=\"_blank\" rel=\"noopener noreferrer\">Instruccion 31_07_2020_transformacion_digital_centros<\/a><\/p>\n<p style=\"text-align: justify\">Desde el centro, y a trav\u00e9s del coordinador del plan, el maestro Daniel, se crearon los dos tutoriales siguientes para facilitarles la labor de complementar los documentos relacionados con el TDE a los profesores\/as del centro y a muchos\/as otras de diferentes centros. Estos est\u00e1n ubicados en el canal de YouTube del profesor en cuesti\u00f3n.<\/p>\n<p><iframe loading=\"lazy\" src=\"https:\/\/www.youtube.com\/embed\/KMfQP1c1uPY\" width=\"560\" height=\"314\"><\/iframe><\/p>\n<p><iframe loading=\"lazy\" src=\"https:\/\/www.youtube.com\/embed\/oykkZ4nVZm0\" width=\"560\" height=\"314\"><\/iframe><\/p>\n","protected":false},"excerpt":{"rendered":"<p>La Transformaci\u00f3n Digital Educativa es una de las principales respuestas a los retos planteados actualmente, con repercusiones inmediatas en el \u00e1mbito escolar pero que lo trasciende, para facilitar la adquisici\u00f3n y desarrollo de competencias y habilidades a quienes formar\u00e1n la ciudadan\u00eda en un futuro inmediato. Este punto de partida implica adoptar nuevos planteamientos que mejoren &hellip; <\/p>\n<p class=\"link-more\"><a href=\"https:\/\/blogsaverroes.juntadeandalucia.es\/santosmedicos\/programa-tde\/\" class=\"more-link\">Continuar leyendo<span class=\"screen-reader-text\"> \u00abPrograma TDE\u00bb<\/span><\/a><\/p>\n","protected":false},"author":10826,"featured_media":0,"parent":0,"menu_order":0,"comment_status":"closed","ping_status":"closed","template":"","meta":{"ngg_post_thumbnail":0,"footnotes":"","_mc_calendar":[]},"aioseo_notices":[],"_links":{"self":[{"href":"https:\/\/blogsaverroes.juntadeandalucia.es\/santosmedicos\/wp-json\/wp\/v2\/pages\/2367"}],"collection":[{"href":"https:\/\/blogsaverroes.juntadeandalucia.es\/santosmedicos\/wp-json\/wp\/v2\/pages"}],"about":[{"href":"https:\/\/blogsaverroes.juntadeandalucia.es\/santosmedicos\/wp-json\/wp\/v2\/types\/page"}],"author":[{"embeddable":true,"href":"https:\/\/blogsaverroes.juntadeandalucia.es\/santosmedicos\/wp-json\/wp\/v2\/users\/10826"}],"replies":[{"embeddable":true,"href":"https:\/\/blogsaverroes.juntadeandalucia.es\/santosmedicos\/wp-json\/wp\/v2\/comments?post=2367"}],"version-history":[{"count":5,"href":"https:\/\/blogsaverroes.juntadeandalucia.es\/santosmedicos\/wp-json\/wp\/v2\/pages\/2367\/revisions"}],"predecessor-version":[{"id":2370,"href":"https:\/\/blogsaverroes.juntadeandalucia.es\/santosmedicos\/wp-json\/wp\/v2\/pages\/2367\/revisions\/2370"}],"wp:attachment":[{"href":"https:\/\/blogsaverroes.juntadeandalucia.es\/santosmedicos\/wp-json\/wp\/v2\/media?parent=2367"}],"curies":[{"name":"wp","href":"https:\/\/api.w.org\/{rel}","templated":true}]}}