{"id":2666,"date":"2020-11-11T15:00:13","date_gmt":"2020-11-11T15:00:13","guid":{"rendered":"https:\/\/blogsaverroes.juntadeandalucia.es\/santosmedicos\/?page_id=2666"},"modified":"2020-11-11T16:58:04","modified_gmt":"2020-11-11T16:58:04","slug":"recursos","status":"publish","type":"page","link":"https:\/\/blogsaverroes.juntadeandalucia.es\/santosmedicos\/recursos\/","title":{"rendered":"Recursos"},"content":{"rendered":"<p style=\"text-align: justify\">A continuaci\u00f3n os dejamos una serie de enlaces directos que os ser\u00e1n muy \u00fatiles para cada una de las efem\u00e9rides que se celebren dentro del centro, para trabajarlas a nivel de aula, ciclo y centro. Tambi\u00e9n, os dejo el listado de las principales efem\u00e9rides que se suelen celebrar en el \u00e1mbito educativo, as\u00ed como la informaci\u00f3n de por qu\u00e9 se celebran esos d\u00edas, dentro de cada una de las carpetas, para coment\u00e1rselo al alumnado en clase durante los d\u00edas previos a la celebraci\u00f3n y as\u00ed poder estar m\u00e1s informados.<\/p>\n<p><span style=\"color: #3366ff\"><strong><a style=\"color: #3366ff\" href=\"https:\/\/drive.google.com\/open?id=1jOW0nEh-7sQe1hnxuMBEc5fDBvOTnxh2\" target=\"_blank\" rel=\"noopener noreferrer\">D\u00cdA DE LA EDUCACI\u00d3N VIAL<\/a><\/strong><\/span><\/p>\n<p><span style=\"color: #3366ff\"><strong><a style=\"color: #3366ff\" href=\"https:\/\/drive.google.com\/drive\/folders\/1I3WSWuKIQoXcdVf3hZ_lBg76Y7KSNtqw?usp=sharing\" target=\"_blank\" rel=\"noopener noreferrer\">HALLOWEEN<\/a><\/strong><\/span><\/p>\n<p><span style=\"color: #3366ff\"><strong><a style=\"color: #3366ff\" href=\"https:\/\/drive.google.com\/drive\/folders\/1vwrQQzBk7A4denpUdxX8h7mDUCBHLer6?usp=sharing\" target=\"_blank\" rel=\"noopener noreferrer\">D\u00cdA DEL NI\u00d1O-D\u00cdA DEL JUEGO<\/a><\/strong><\/span><\/p>\n<p><span style=\"color: #3366ff\"><strong><a style=\"color: #3366ff\" href=\"https:\/\/drive.google.com\/open?id=1HafqFjTAES5pB0A9F9YBbzHNPvWilss_\" target=\"_blank\" rel=\"noopener noreferrer\">D\u00cdA DE LA NO VIOLENCIA DE G\u00c9NERO<\/a><\/strong><\/span><\/p>\n<p><span style=\"color: #3366ff\"><strong><a style=\"color: #3366ff\" href=\"https:\/\/drive.google.com\/open?id=1PxmOp0cB_TCaoOGCVIpnEy1oW5rlAbMm\" target=\"_blank\" rel=\"noopener noreferrer\">D\u00cdA DEL MAESTRO<\/a><\/strong><\/span><\/p>\n<p><span style=\"color: #3366ff\"><strong><a style=\"color: #3366ff\" href=\"https:\/\/drive.google.com\/open?id=1DHWlDkP0P43yqwfmyf2BcTQ7vO4-hIY2\" target=\"_blank\" rel=\"noopener noreferrer\">D\u00cdA DE LA CONSTITUCI\u00d3N<\/a><\/strong><\/span><\/p>\n<p><span style=\"color: #3366ff\"><strong><a style=\"color: #3366ff\" href=\"https:\/\/drive.google.com\/drive\/folders\/1Pd0Yqn9PSZTUlp4aLR64cwzPnDHycnI8?usp=sharing\" target=\"_blank\" rel=\"noopener noreferrer\">NAVIDAD<\/a><\/strong><\/span><\/p>\n<p><span style=\"color: #3366ff\"><strong><a style=\"color: #3366ff\" href=\"https:\/\/drive.google.com\/open?id=1jOW0nEh-7sQe1hnxuMBEc5fDBvOTnxh2\" target=\"_blank\" rel=\"noopener noreferrer\">D\u00cdA DE LA PAZ<\/a><\/strong><\/span><\/p>\n<p><span style=\"color: #3366ff\"><strong><a style=\"color: #3366ff\" href=\"https:\/\/drive.google.com\/drive\/folders\/1puzRAY8vJMl5BXViPJ53WZiJC242G5dI?usp=sharing\" target=\"_blank\" rel=\"noopener noreferrer\">D\u00cdA DE SAN VALENTIN<\/a><\/strong><\/span><\/p>\n<p><span style=\"color: #3366ff\"><strong><a style=\"color: #3366ff\" href=\"https:\/\/drive.google.com\/open?id=1H3bi93n2ebZLeDAN1YLCu__32QvyqgRB\" target=\"_blank\" rel=\"noopener noreferrer\">CARNAVALES<\/a><\/strong><\/span><\/p>\n<p><span style=\"color: #3366ff\"><strong><a style=\"color: #3366ff\" href=\"https:\/\/drive.google.com\/open?id=1rbItNZ1KApn0Wd-XRR7W4jDVi4_BgiOP\" target=\"_blank\" rel=\"noopener noreferrer\">D\u00cdA DE ANDALUC\u00cdA<\/a><\/strong><\/span><\/p>\n<p><span style=\"color: #3366ff\"><strong><a style=\"color: #3366ff\" href=\"https:\/\/drive.google.com\/open?id=1JUXy_tVCNvNdKLFEiJ9arz98icWtpNdP\" target=\"_blank\" rel=\"noopener noreferrer\">D\u00cdA INTERNACIONAL DE LA MUJER TRABAJADORA<\/a><\/strong><\/span><\/p>\n<p><span style=\"color: #3366ff\"><strong><a style=\"color: #3366ff\" href=\"https:\/\/drive.google.com\/drive\/folders\/1MzGzjMfRAPoZAhA-_v6l3bXaZbJpc6Li?usp=sharing\" target=\"_blank\" rel=\"noopener noreferrer\">D\u00cdA DEL PADRE<\/a><\/strong><\/span><\/p>\n<p><span style=\"color: #3366ff\"><strong><a style=\"color: #3366ff\" href=\"https:\/\/drive.google.com\/drive\/folders\/1KvVbUEZQCzihr_8mbJDfl8UcbO8trDm5?usp=sharing\" target=\"_blank\" rel=\"noopener noreferrer\">D\u00cdA DEL \u00c1RBOL<\/a><\/strong><\/span><\/p>\n<p><span style=\"color: #3366ff\"><strong><a style=\"color: #3366ff\" href=\"https:\/\/drive.google.com\/drive\/folders\/16xDtS60HMzaSqefxocYEWw5OZhNmRrDi?usp=sharing\" target=\"_blank\" rel=\"noopener noreferrer\">D\u00cdA MUNDIAL DEL AUTISMO<\/a><\/strong><\/span><\/p>\n<p><span style=\"color: #3366ff\"><strong><a style=\"color: #3366ff\" href=\"https:\/\/drive.google.com\/drive\/folders\/19c0y585vCYrPFawjBDnY2oEX0-f9UGG2?usp=sharing\" target=\"_blank\" rel=\"noopener noreferrer\">D\u00cdA MUNDIAL DE LA BICICLETA<\/a><\/strong><\/span><\/p>\n<p><span style=\"color: #3366ff\"><strong><a style=\"color: #3366ff\" href=\"https:\/\/drive.google.com\/drive\/folders\/1ZhkPaoTIVZlI8YNt-K7HN5wcrg1xZr4S?usp=sharing\" target=\"_blank\" rel=\"noopener noreferrer\">D\u00cdA DEL LIBRO<\/a><\/strong><\/span><\/p>\n<p><span style=\"color: #3366ff\"><strong><a style=\"color: #3366ff\" href=\"https:\/\/drive.google.com\/drive\/folders\/1wAURXQOG32XrS1x6RF9peBJZ7gfg7i5q?usp=sharing\" target=\"_blank\" rel=\"noopener noreferrer\">D\u00cdA DE LA MADRE<\/a><\/strong><\/span><\/p>\n<p><span style=\"color: #3366ff\"><strong><a style=\"color: #3366ff\" href=\"https:\/\/drive.google.com\/drive\/folders\/1A-0YGSMj84yAQEaz3KG6KbAxuQaPf3T-?usp=sharing\" target=\"_blank\" rel=\"noopener noreferrer\">D\u00cdA MUNDIAL DEL RECICLAJE<\/a><\/strong><\/span><\/p>\n<p><span style=\"color: #3366ff\"><strong><a style=\"color: #3366ff\" href=\"https:\/\/drive.google.com\/drive\/folders\/1oX5g0J0os8W291UQypVW3xM_AnGSxHD3?usp=sharing\" target=\"_blank\" rel=\"noopener noreferrer\">D\u00cdA MUNDIAL SIN TABACO<\/a><\/strong><\/span><\/p>\n<p><span style=\"color: #3366ff\"><strong><a style=\"color: #3366ff\" href=\"https:\/\/drive.google.com\/drive\/folders\/1UmFnccaNShBwYer0mrnEUB59OPt-i-wz?usp=sharing\" target=\"_blank\" rel=\"noopener noreferrer\">D\u00cdA DEL DEPORTE<\/a><\/strong><\/span><\/p>\n<p><span style=\"color: #3366ff\"><strong><a style=\"color: #3366ff\" href=\"https:\/\/drive.google.com\/drive\/folders\/1RnexempkOGROPLaQYrCoqv-pVCftf3_8?usp=sharing\" target=\"_blank\" rel=\"noopener noreferrer\">ACTIVIDADES COMPLEMENTARIAS<\/a><\/strong><\/span><\/p>\n<p style=\"text-align: justify\">En definitiva, podemos decir que vamos a trasladar el mundo de la destreza manual, es decir, la <em>habilidad manual<\/em> a la escuela definiendo este contenido a tratar como el conjunto de acciones y t\u00e9cnicas dirigidas a motivar, promover y facilitar una mayor y m\u00e1s activa participaci\u00f3n del alumnado en el disfrute y aprovechamiento de su tiempo tanto dentro como fuera del \u00e1mbito educativo.<\/p>\n<p><span style=\"color: #3366ff\"><a style=\"color: #3366ff\" href=\"https:\/\/drive.google.com\/file\/d\/1ihWA-FLJ3-ULQbBDHagZT1DbKdPbJr_e\/view?usp=sharing\" target=\"_blank\" rel=\"noopener noreferrer\">LISTADO FECHAS EFEM\u00c9RIDES<\/a><\/span><\/p>\n<p>&nbsp;<\/p>\n","protected":false},"excerpt":{"rendered":"<p>A continuaci\u00f3n os dejamos una serie de enlaces directos que os ser\u00e1n muy \u00fatiles para cada una de las efem\u00e9rides que se celebren dentro del centro, para trabajarlas a nivel de aula, ciclo y centro. Tambi\u00e9n, os dejo el listado de las principales efem\u00e9rides que se suelen celebrar en el \u00e1mbito educativo, as\u00ed como la &hellip; <\/p>\n<p class=\"link-more\"><a href=\"https:\/\/blogsaverroes.juntadeandalucia.es\/santosmedicos\/recursos\/\" class=\"more-link\">Continuar leyendo<span class=\"screen-reader-text\"> \u00abRecursos\u00bb<\/span><\/a><\/p>\n","protected":false},"author":10826,"featured_media":0,"parent":0,"menu_order":0,"comment_status":"closed","ping_status":"closed","template":"","meta":{"ngg_post_thumbnail":0,"footnotes":"","_mc_calendar":[]},"aioseo_notices":[],"_links":{"self":[{"href":"https:\/\/blogsaverroes.juntadeandalucia.es\/santosmedicos\/wp-json\/wp\/v2\/pages\/2666"}],"collection":[{"href":"https:\/\/blogsaverroes.juntadeandalucia.es\/santosmedicos\/wp-json\/wp\/v2\/pages"}],"about":[{"href":"https:\/\/blogsaverroes.juntadeandalucia.es\/santosmedicos\/wp-json\/wp\/v2\/types\/page"}],"author":[{"embeddable":true,"href":"https:\/\/blogsaverroes.juntadeandalucia.es\/santosmedicos\/wp-json\/wp\/v2\/users\/10826"}],"replies":[{"embeddable":true,"href":"https:\/\/blogsaverroes.juntadeandalucia.es\/santosmedicos\/wp-json\/wp\/v2\/comments?post=2666"}],"version-history":[{"count":4,"href":"https:\/\/blogsaverroes.juntadeandalucia.es\/santosmedicos\/wp-json\/wp\/v2\/pages\/2666\/revisions"}],"predecessor-version":[{"id":2682,"href":"https:\/\/blogsaverroes.juntadeandalucia.es\/santosmedicos\/wp-json\/wp\/v2\/pages\/2666\/revisions\/2682"}],"wp:attachment":[{"href":"https:\/\/blogsaverroes.juntadeandalucia.es\/santosmedicos\/wp-json\/wp\/v2\/media?parent=2666"}],"curies":[{"name":"wp","href":"https:\/\/api.w.org\/{rel}","templated":true}]}}