{"id":2947,"date":"2021-04-18T09:29:32","date_gmt":"2021-04-18T09:29:32","guid":{"rendered":"https:\/\/blogsaverroes.juntadeandalucia.es\/santosmedicos\/?page_id=2947"},"modified":"2021-04-18T09:29:32","modified_gmt":"2021-04-18T09:29:32","slug":"plan-de-igualdad","status":"publish","type":"page","link":"https:\/\/blogsaverroes.juntadeandalucia.es\/santosmedicos\/plan-de-igualdad\/","title":{"rendered":"Plan de Igualdad"},"content":{"rendered":"<p>Los&nbsp;<b>planes de igualdad<\/b>&nbsp;deben entenderse como un documento que refleja el diagn\u00f3stico de situaci\u00f3n, los principios orientadores, los objetivos, las medidas concretas de actuaci\u00f3n y los instrumentos de evaluaci\u00f3n para fomentar y potenciar la&nbsp;<b>educaci\u00f3n<\/b>&nbsp;en&nbsp;<b>igualdad<\/b>&nbsp;entre mujeres y hombres en el \u00e1mbito&nbsp;<b>educativo<\/b>.<\/p>\n<p style=\"text-align: center\"><a href=\"https:\/\/blogsaverroes.juntadeandalucia.es\/santosmedicos\/files\/2021\/04\/Plan-de-igualdad-2020-2021-1.pdf\" target=\"_blank\" rel=\"noopener noreferrer\"><img loading=\"lazy\" decoding=\"async\" class=\"alignnone size-medium wp-image-2948\" src=\"https:\/\/blogsaverroes.juntadeandalucia.es\/santosmedicos\/files\/2021\/04\/portada-plan-igualdad-218x300.jpg\" alt=\"\" width=\"218\" height=\"300\" srcset=\"https:\/\/blogsaverroes.juntadeandalucia.es\/santosmedicos\/files\/2021\/04\/portada-plan-igualdad-218x300.jpg 218w, https:\/\/blogsaverroes.juntadeandalucia.es\/santosmedicos\/files\/2021\/04\/portada-plan-igualdad.jpg 330w\" sizes=\"(max-width: 218px) 100vw, 218px\" \/><\/a><\/p>\n<p><a href=\"https:\/\/blogsaverroes.juntadeandalucia.es\/santosmedicos\/files\/2021\/04\/Plan-de-igualdad-2020-2021-1.pdf\" target=\"_blank\" rel=\"noopener noreferrer\">Plan de igualdad 2020-2021<\/a><\/p>\n","protected":false},"excerpt":{"rendered":"<p>Los&nbsp;planes de igualdad&nbsp;deben entenderse como un documento que refleja el diagn\u00f3stico de situaci\u00f3n, los principios orientadores, los objetivos, las medidas concretas de actuaci\u00f3n y los instrumentos de evaluaci\u00f3n para fomentar y potenciar la&nbsp;educaci\u00f3n&nbsp;en&nbsp;igualdad&nbsp;entre mujeres y hombres en el \u00e1mbito&nbsp;educativo. Plan de igualdad 2020-2021<\/p>\n","protected":false},"author":10826,"featured_media":0,"parent":0,"menu_order":0,"comment_status":"closed","ping_status":"closed","template":"","meta":{"ngg_post_thumbnail":0,"footnotes":"","_mc_calendar":[]},"aioseo_notices":[],"_links":{"self":[{"href":"https:\/\/blogsaverroes.juntadeandalucia.es\/santosmedicos\/wp-json\/wp\/v2\/pages\/2947"}],"collection":[{"href":"https:\/\/blogsaverroes.juntadeandalucia.es\/santosmedicos\/wp-json\/wp\/v2\/pages"}],"about":[{"href":"https:\/\/blogsaverroes.juntadeandalucia.es\/santosmedicos\/wp-json\/wp\/v2\/types\/page"}],"author":[{"embeddable":true,"href":"https:\/\/blogsaverroes.juntadeandalucia.es\/santosmedicos\/wp-json\/wp\/v2\/users\/10826"}],"replies":[{"embeddable":true,"href":"https:\/\/blogsaverroes.juntadeandalucia.es\/santosmedicos\/wp-json\/wp\/v2\/comments?post=2947"}],"version-history":[{"count":1,"href":"https:\/\/blogsaverroes.juntadeandalucia.es\/santosmedicos\/wp-json\/wp\/v2\/pages\/2947\/revisions"}],"predecessor-version":[{"id":2951,"href":"https:\/\/blogsaverroes.juntadeandalucia.es\/santosmedicos\/wp-json\/wp\/v2\/pages\/2947\/revisions\/2951"}],"wp:attachment":[{"href":"https:\/\/blogsaverroes.juntadeandalucia.es\/santosmedicos\/wp-json\/wp\/v2\/media?parent=2947"}],"curies":[{"name":"wp","href":"https:\/\/api.w.org\/{rel}","templated":true}]}}