{"id":294,"date":"2021-12-01T15:23:24","date_gmt":"2021-12-01T15:23:24","guid":{"rendered":"https:\/\/blogsaverroes.juntadeandalucia.es\/senecaprofesorado\/?page_id=294"},"modified":"2023-10-29T11:05:57","modified_gmt":"2023-10-29T11:05:57","slug":"novedades-en-el-modulo-de-comunicaciones","status":"publish","type":"page","link":"https:\/\/blogsaverroes.juntadeandalucia.es\/senecaprofesorado\/novedades-en-el-modulo-de-comunicaciones\/","title":{"rendered":"Elaboraci\u00f3n de las Programaciones en S\u00e9neca"},"content":{"rendered":"<p style=\"text-align: justify\">En esta gu\u00eda obtendremos orientaciones para cumplimentar las programaciones did\u00e1cticas en S\u00e9neca. Se a\u00f1aden <span style=\"font-weight: 400\">enlaces&nbsp; a documentos de asesoramiento o textos normativos donde se encuentra la informaci\u00f3n sobre la que se sustenta esta gu\u00eda.<\/span><\/p>\n<hr>\n<p><a href=\"https:\/\/docs.google.com\/presentation\/d\/1DxANoTFPeuQ6DDijlLgjJ2sFbhVRmVjsJB3BYyo_nB0\/edit?usp=sharing\" target=\"_blank\" rel=\"noopener noreferrer\"><img loading=\"lazy\" decoding=\"async\" class=\"aligncenter size-full wp-image-493\" src=\"https:\/\/blogsaverroes.juntadeandalucia.es\/senecaprofesorado\/files\/2023\/10\/Captura-de-Pantalla-2023-10-29-a-las-11.47.13.png\" alt=\"Gu\u00eda programaciones\" width=\"1181\" height=\"709\" srcset=\"https:\/\/blogsaverroes.juntadeandalucia.es\/senecaprofesorado\/files\/2023\/10\/Captura-de-Pantalla-2023-10-29-a-las-11.47.13.png 1181w, https:\/\/blogsaverroes.juntadeandalucia.es\/senecaprofesorado\/files\/2023\/10\/Captura-de-Pantalla-2023-10-29-a-las-11.47.13-300x180.png 300w, https:\/\/blogsaverroes.juntadeandalucia.es\/senecaprofesorado\/files\/2023\/10\/Captura-de-Pantalla-2023-10-29-a-las-11.47.13-1024x615.png 1024w, https:\/\/blogsaverroes.juntadeandalucia.es\/senecaprofesorado\/files\/2023\/10\/Captura-de-Pantalla-2023-10-29-a-las-11.47.13-768x461.png 768w\" sizes=\"(max-width: 1181px) 100vw, 1181px\" \/><\/a><\/p>\n<hr>\n<p>&nbsp;<\/p>\n","protected":false},"excerpt":{"rendered":"<p>En esta gu\u00eda obtendremos orientaciones para cumplimentar las programaciones did\u00e1cticas en S\u00e9neca. Se a\u00f1aden enlaces&nbsp; a documentos de asesoramiento o textos normativos donde se encuentra la informaci\u00f3n sobre la que se sustenta esta gu\u00eda. &nbsp;<\/p>\n","protected":false},"author":5320,"featured_media":0,"parent":0,"menu_order":0,"comment_status":"closed","ping_status":"closed","template":"","meta":{"ngg_post_thumbnail":0,"footnotes":""},"aioseo_notices":[],"_links":{"self":[{"href":"https:\/\/blogsaverroes.juntadeandalucia.es\/senecaprofesorado\/wp-json\/wp\/v2\/pages\/294"}],"collection":[{"href":"https:\/\/blogsaverroes.juntadeandalucia.es\/senecaprofesorado\/wp-json\/wp\/v2\/pages"}],"about":[{"href":"https:\/\/blogsaverroes.juntadeandalucia.es\/senecaprofesorado\/wp-json\/wp\/v2\/types\/page"}],"author":[{"embeddable":true,"href":"https:\/\/blogsaverroes.juntadeandalucia.es\/senecaprofesorado\/wp-json\/wp\/v2\/users\/5320"}],"replies":[{"embeddable":true,"href":"https:\/\/blogsaverroes.juntadeandalucia.es\/senecaprofesorado\/wp-json\/wp\/v2\/comments?post=294"}],"version-history":[{"count":12,"href":"https:\/\/blogsaverroes.juntadeandalucia.es\/senecaprofesorado\/wp-json\/wp\/v2\/pages\/294\/revisions"}],"predecessor-version":[{"id":499,"href":"https:\/\/blogsaverroes.juntadeandalucia.es\/senecaprofesorado\/wp-json\/wp\/v2\/pages\/294\/revisions\/499"}],"wp:attachment":[{"href":"https:\/\/blogsaverroes.juntadeandalucia.es\/senecaprofesorado\/wp-json\/wp\/v2\/media?parent=294"}],"curies":[{"name":"wp","href":"https:\/\/api.w.org\/{rel}","templated":true}]}}

Elaboración de las Programaciones en Séneca

<p style="text-align: justify">En esta guía obtendremos orientaciones para cumplimentar las programaciones didácticas en Séneca. Se añaden <span style="font-weight: 400">enlaces&nbsp; a documentos de asesoramiento o textos normativos donde se encuentra la información sobre la que se sustenta esta guía.</span></p>
<hr>
<p><a href="https://docs.google.com/presentation/d/1DxANoTFPeuQ6DDijlLgjJ2sFbhVRmVjsJB3BYyo_nB0/edit?usp=sharing" target="_blank" rel="noopener noreferrer"><img loading="lazy" decoding="async" class="aligncenter size-full wp-image-493" src="https://blogsaverroes.juntadeandalucia.es/senecaprofesorado/files/2023/10/Captura-de-Pantalla-2023-10-29-a-las-11.47.13.png" alt="Guía programaciones" width="1181" height="709" srcset="https://blogsaverroes.juntadeandalucia.es/senecaprofesorado/files/2023/10/Captura-de-Pantalla-2023-10-29-a-las-11.47.13.png 1181w, https://blogsaverroes.juntadeandalucia.es/senecaprofesorado/files/2023/10/Captura-de-Pantalla-2023-10-29-a-las-11.47.13-300x180.png 300w, https://blogsaverroes.juntadeandalucia.es/senecaprofesorado/files/2023/10/Captura-de-Pantalla-2023-10-29-a-las-11.47.13-1024x615.png 1024w, https://blogsaverroes.juntadeandalucia.es/senecaprofesorado/files/2023/10/Captura-de-Pantalla-2023-10-29-a-las-11.47.13-768x461.png 768w" sizes="(max-width: 1181px) 100vw, 1181px" /></a></p>
<hr>
<p>&nbsp;</p>

<p>En esta guía obtendremos orientaciones para cumplimentar las programaciones didácticas en Séneca. Se añaden enlaces&nbsp; a documentos de asesoramiento o textos normativos donde se encuentra la información sobre la que se sustenta esta guía. &nbsp;</p>
