{"id":44,"date":"2021-10-06T12:31:01","date_gmt":"2021-10-06T12:31:01","guid":{"rendered":"https:\/\/blogsaverroes.juntadeandalucia.es\/tutorialesseneca\/?page_id=44"},"modified":"2021-11-30T22:21:51","modified_gmt":"2021-11-30T22:21:51","slug":"modulo-de-curriculo-por-competencias","status":"publish","type":"page","link":"https:\/\/blogsaverroes.juntadeandalucia.es\/senecaprofesorado\/modulo-de-curriculo-por-competencias\/","title":{"rendered":"M\u00f3dulo de Curr\u00edculo por competencias"},"content":{"rendered":"<p><img loading=\"lazy\" decoding=\"async\" class=\"wp-image-262 alignnone aligncenter\" src=\"https:\/\/blogsaverroes.juntadeandalucia.es\/senecaprofesorado\/files\/2021\/11\/MODULO-CURRICULO-POR-COMPETENCIAS.png\" alt=\"\" width=\"645\" height=\"337\" srcset=\"https:\/\/blogsaverroes.juntadeandalucia.es\/senecaprofesorado\/files\/2021\/11\/MODULO-CURRICULO-POR-COMPETENCIAS.png 1962w, https:\/\/blogsaverroes.juntadeandalucia.es\/senecaprofesorado\/files\/2021\/11\/MODULO-CURRICULO-POR-COMPETENCIAS-300x157.png 300w, https:\/\/blogsaverroes.juntadeandalucia.es\/senecaprofesorado\/files\/2021\/11\/MODULO-CURRICULO-POR-COMPETENCIAS-1024x534.png 1024w, https:\/\/blogsaverroes.juntadeandalucia.es\/senecaprofesorado\/files\/2021\/11\/MODULO-CURRICULO-POR-COMPETENCIAS-768x401.png 768w, https:\/\/blogsaverroes.juntadeandalucia.es\/senecaprofesorado\/files\/2021\/11\/MODULO-CURRICULO-POR-COMPETENCIAS-1536x802.png 1536w\" sizes=\"(max-width: 645px) 100vw, 645px\" \/><\/p>\n<h5 style=\"text-align: center\"><a href=\"https:\/\/blogsaverroes.juntadeandalucia.es\/senecaprofesorado\/la-programacion-didactica-en-seneca\/\">La programaci\u00f3n did\u00e1ctica<\/a><\/h5>\n<h5 style=\"text-align: center\"><a href=\"https:\/\/blogsaverroes.juntadeandalucia.es\/senecaprofesorado\/las-udis\/\">Las UDIs<\/a><\/h5>\n<h5 style=\"text-align: center\"><a href=\"https:\/\/blogsaverroes.juntadeandalucia.es\/senecaprofesorado\/la-evaluacion\/\">Evaluaci\u00f3n y calificaci\u00f3n<\/a><\/h5>\n","protected":false},"excerpt":{"rendered":"<p>La programaci\u00f3n did\u00e1ctica Las UDIs Evaluaci\u00f3n y calificaci\u00f3n<\/p>\n","protected":false},"author":5320,"featured_media":280,"parent":0,"menu_order":0,"comment_status":"closed","ping_status":"closed","template":"templates\/template-page-full-width.php","meta":{"ngg_post_thumbnail":0,"footnotes":""},"aioseo_notices":[],"_links":{"self":[{"href":"https:\/\/blogsaverroes.juntadeandalucia.es\/senecaprofesorado\/wp-json\/wp\/v2\/pages\/44"}],"collection":[{"href":"https:\/\/blogsaverroes.juntadeandalucia.es\/senecaprofesorado\/wp-json\/wp\/v2\/pages"}],"about":[{"href":"https:\/\/blogsaverroes.juntadeandalucia.es\/senecaprofesorado\/wp-json\/wp\/v2\/types\/page"}],"author":[{"embeddable":true,"href":"https:\/\/blogsaverroes.juntadeandalucia.es\/senecaprofesorado\/wp-json\/wp\/v2\/users\/5320"}],"replies":[{"embeddable":true,"href":"https:\/\/blogsaverroes.juntadeandalucia.es\/senecaprofesorado\/wp-json\/wp\/v2\/comments?post=44"}],"version-history":[{"count":6,"href":"https:\/\/blogsaverroes.juntadeandalucia.es\/senecaprofesorado\/wp-json\/wp\/v2\/pages\/44\/revisions"}],"predecessor-version":[{"id":290,"href":"https:\/\/blogsaverroes.juntadeandalucia.es\/senecaprofesorado\/wp-json\/wp\/v2\/pages\/44\/revisions\/290"}],"wp:featuredmedia":[{"embeddable":true,"href":"https:\/\/blogsaverroes.juntadeandalucia.es\/senecaprofesorado\/wp-json\/wp\/v2\/media\/280"}],"wp:attachment":[{"href":"https:\/\/blogsaverroes.juntadeandalucia.es\/senecaprofesorado\/wp-json\/wp\/v2\/media?parent=44"}],"curies":[{"name":"wp","href":"https:\/\/api.w.org\/{rel}","templated":true}]}}

Módulo de Currículo por competencias

<p><img loading="lazy" decoding="async" class="wp-image-262 alignnone aligncenter" src="https://blogsaverroes.juntadeandalucia.es/senecaprofesorado/files/2021/11/MODULO-CURRICULO-POR-COMPETENCIAS.png" alt="" width="645" height="337" srcset="https://blogsaverroes.juntadeandalucia.es/senecaprofesorado/files/2021/11/MODULO-CURRICULO-POR-COMPETENCIAS.png 1962w, https://blogsaverroes.juntadeandalucia.es/senecaprofesorado/files/2021/11/MODULO-CURRICULO-POR-COMPETENCIAS-300x157.png 300w, https://blogsaverroes.juntadeandalucia.es/senecaprofesorado/files/2021/11/MODULO-CURRICULO-POR-COMPETENCIAS-1024x534.png 1024w, https://blogsaverroes.juntadeandalucia.es/senecaprofesorado/files/2021/11/MODULO-CURRICULO-POR-COMPETENCIAS-768x401.png 768w, https://blogsaverroes.juntadeandalucia.es/senecaprofesorado/files/2021/11/MODULO-CURRICULO-POR-COMPETENCIAS-1536x802.png 1536w" sizes="(max-width: 645px) 100vw, 645px" /></p>
<h5 style="text-align: center"><a href="https://blogsaverroes.juntadeandalucia.es/senecaprofesorado/la-programacion-didactica-en-seneca/">La programación didáctica</a></h5>
<h5 style="text-align: center"><a href="https://blogsaverroes.juntadeandalucia.es/senecaprofesorado/las-udis/">Las UDIs</a></h5>
<h5 style="text-align: center"><a href="https://blogsaverroes.juntadeandalucia.es/senecaprofesorado/la-evaluacion/">Evaluación y calificación</a></h5>

<p>La programación didáctica Las UDIs Evaluación y calificación</p>
