{"id":46,"date":"2021-10-06T12:31:12","date_gmt":"2021-10-06T12:31:12","guid":{"rendered":"https:\/\/blogsaverroes.juntadeandalucia.es\/tutorialesseneca\/?page_id=46"},"modified":"2021-11-30T22:21:22","modified_gmt":"2021-11-30T22:21:22","slug":"modulo-de-cuaderno-de-clase","status":"publish","type":"page","link":"https:\/\/blogsaverroes.juntadeandalucia.es\/senecaprofesorado\/modulo-de-cuaderno-de-clase\/","title":{"rendered":"M\u00f3dulo de Cuaderno de Clase"},"content":{"rendered":"<p><img loading=\"lazy\" decoding=\"async\" class=\"wp-image-267 alignnone aligncenter\" src=\"https:\/\/blogsaverroes.juntadeandalucia.es\/senecaprofesorado\/files\/2021\/11\/MODULO-CURRICULO-CUADERNO.png\" alt=\"\" width=\"601\" height=\"314\" srcset=\"https:\/\/blogsaverroes.juntadeandalucia.es\/senecaprofesorado\/files\/2021\/11\/MODULO-CURRICULO-CUADERNO.png 1962w, https:\/\/blogsaverroes.juntadeandalucia.es\/senecaprofesorado\/files\/2021\/11\/MODULO-CURRICULO-CUADERNO-300x157.png 300w, https:\/\/blogsaverroes.juntadeandalucia.es\/senecaprofesorado\/files\/2021\/11\/MODULO-CURRICULO-CUADERNO-1024x534.png 1024w, https:\/\/blogsaverroes.juntadeandalucia.es\/senecaprofesorado\/files\/2021\/11\/MODULO-CURRICULO-CUADERNO-768x401.png 768w, https:\/\/blogsaverroes.juntadeandalucia.es\/senecaprofesorado\/files\/2021\/11\/MODULO-CURRICULO-CUADERNO-1536x802.png 1536w\" sizes=\"(max-width: 601px) 100vw, 601px\" \/><\/p>\n<h5 style=\"text-align: center\"><a href=\"https:\/\/blogsaverroes.juntadeandalucia.es\/senecaprofesorado\/el-cuaderno-de-clase\/\">Configuraci\u00f3n del cuaderno<\/a><\/h5>\n<h5 style=\"text-align: center\"><a href=\"https:\/\/blogsaverroes.juntadeandalucia.es\/senecaprofesorado\/evaluar-con-el-cuaderno\/\">Calificar con el cuaderno<\/a><\/h5>\n<h5 style=\"text-align: center\"><a href=\"https:\/\/blogsaverroes.juntadeandalucia.es\/senecaprofesorado\/dudas-frecuentes-en-la-configuracion-del-cuaderno-de-clase\/\">Dudas frecuentes en la configuraci\u00f3n del cuaderno de clase<\/a><\/h5>\n<h5 style=\"text-align: center\"><a href=\"https:\/\/blogsaverroes.juntadeandalucia.es\/senecaprofesorado\/generacion-de-documentos\/\">Generaci\u00f3n de documentos<\/a><\/h5>\n","protected":false},"excerpt":{"rendered":"<p>Configuraci\u00f3n del cuaderno Calificar con el cuaderno Dudas frecuentes en la configuraci\u00f3n del cuaderno de clase Generaci\u00f3n de documentos<\/p>\n","protected":false},"author":5320,"featured_media":281,"parent":0,"menu_order":0,"comment_status":"closed","ping_status":"closed","template":"templates\/template-page-full-width.php","meta":{"ngg_post_thumbnail":0,"footnotes":""},"aioseo_notices":[],"_links":{"self":[{"href":"https:\/\/blogsaverroes.juntadeandalucia.es\/senecaprofesorado\/wp-json\/wp\/v2\/pages\/46"}],"collection":[{"href":"https:\/\/blogsaverroes.juntadeandalucia.es\/senecaprofesorado\/wp-json\/wp\/v2\/pages"}],"about":[{"href":"https:\/\/blogsaverroes.juntadeandalucia.es\/senecaprofesorado\/wp-json\/wp\/v2\/types\/page"}],"author":[{"embeddable":true,"href":"https:\/\/blogsaverroes.juntadeandalucia.es\/senecaprofesorado\/wp-json\/wp\/v2\/users\/5320"}],"replies":[{"embeddable":true,"href":"https:\/\/blogsaverroes.juntadeandalucia.es\/senecaprofesorado\/wp-json\/wp\/v2\/comments?post=46"}],"version-history":[{"count":6,"href":"https:\/\/blogsaverroes.juntadeandalucia.es\/senecaprofesorado\/wp-json\/wp\/v2\/pages\/46\/revisions"}],"predecessor-version":[{"id":289,"href":"https:\/\/blogsaverroes.juntadeandalucia.es\/senecaprofesorado\/wp-json\/wp\/v2\/pages\/46\/revisions\/289"}],"wp:featuredmedia":[{"embeddable":true,"href":"https:\/\/blogsaverroes.juntadeandalucia.es\/senecaprofesorado\/wp-json\/wp\/v2\/media\/281"}],"wp:attachment":[{"href":"https:\/\/blogsaverroes.juntadeandalucia.es\/senecaprofesorado\/wp-json\/wp\/v2\/media?parent=46"}],"curies":[{"name":"wp","href":"https:\/\/api.w.org\/{rel}","templated":true}]}}