{"id":1018,"date":"2024-10-20T13:09:43","date_gmt":"2024-10-20T12:09:43","guid":{"rendered":"https:\/\/blogsaverroes.juntadeandalucia.es\/sep-benalua\/?page_id=1018"},"modified":"2024-12-17T20:49:04","modified_gmt":"2024-12-17T19:49:04","slug":"instalaciones","status":"publish","type":"page","link":"https:\/\/blogsaverroes.juntadeandalucia.es\/sep-benalua\/instalaciones\/","title":{"rendered":"Instalaciones"},"content":{"rendered":"<p style=\"text-align: justify\">El Centro de Adultos de Benal\u00faa est\u00e1 situado en el antiguo complejo de la F\u00e1brica de la Azucarera, en una de las naves de este recinto.<\/p>\n<p style=\"text-align: justify\">Nuestras instalaciones se encuentran en la primera planta del edificio e incluyen ascensor y dos ba\u00f1os. Disponemos de tres aulas para uso general, un aula de Inform\u00e1tica y un amplio sal\u00f3n de actos, donde se realizan talleres, charlas y la gimnasia de mantenimiento para mayores, financiada por el Ayuntamiento de Benal\u00faa.<\/p>\n<p style=\"text-align: justify\">Actualmente, nuestra plantilla docente est\u00e1 formada por dos maestras, una de ellas especialista en Lengua extranjera (Ingl\u00e9s). &nbsp;<\/p>\n","protected":false},"excerpt":{"rendered":"<p>El Centro de Adultos de Benal\u00faa est\u00e1 situado en el antiguo complejo de la F\u00e1brica de la Azucarera, en una de las naves de este recinto. Nuestras instalaciones se encuentran en la primera planta del edificio e incluyen ascensor y dos ba\u00f1os. Disponemos de&#46;&#46;&#46;<\/p>\n","protected":false},"author":19857,"featured_media":1095,"parent":0,"menu_order":0,"comment_status":"closed","ping_status":"closed","template":"page-sitemap.php","meta":{"ngg_post_thumbnail":0,"footnotes":""},"aioseo_notices":[],"_links":{"self":[{"href":"https:\/\/blogsaverroes.juntadeandalucia.es\/sep-benalua\/wp-json\/wp\/v2\/pages\/1018"}],"collection":[{"href":"https:\/\/blogsaverroes.juntadeandalucia.es\/sep-benalua\/wp-json\/wp\/v2\/pages"}],"about":[{"href":"https:\/\/blogsaverroes.juntadeandalucia.es\/sep-benalua\/wp-json\/wp\/v2\/types\/page"}],"author":[{"embeddable":true,"href":"https:\/\/blogsaverroes.juntadeandalucia.es\/sep-benalua\/wp-json\/wp\/v2\/users\/19857"}],"replies":[{"embeddable":true,"href":"https:\/\/blogsaverroes.juntadeandalucia.es\/sep-benalua\/wp-json\/wp\/v2\/comments?post=1018"}],"version-history":[{"count":5,"href":"https:\/\/blogsaverroes.juntadeandalucia.es\/sep-benalua\/wp-json\/wp\/v2\/pages\/1018\/revisions"}],"predecessor-version":[{"id":1085,"href":"https:\/\/blogsaverroes.juntadeandalucia.es\/sep-benalua\/wp-json\/wp\/v2\/pages\/1018\/revisions\/1085"}],"wp:featuredmedia":[{"embeddable":true,"href":"https:\/\/blogsaverroes.juntadeandalucia.es\/sep-benalua\/wp-json\/wp\/v2\/media\/1095"}],"wp:attachment":[{"href":"https:\/\/blogsaverroes.juntadeandalucia.es\/sep-benalua\/wp-json\/wp\/v2\/media?parent=1018"}],"curies":[{"name":"wp","href":"https:\/\/api.w.org\/{rel}","templated":true}]}}