{"id":667,"date":"2023-05-08T16:33:19","date_gmt":"2023-05-08T15:33:19","guid":{"rendered":"https:\/\/blogsaverroes.juntadeandalucia.es\/sep-el-carpio\/?page_id=667"},"modified":"2023-05-11T16:37:30","modified_gmt":"2023-05-11T15:37:30","slug":"datos-cep","status":"publish","type":"page","link":"https:\/\/blogsaverroes.juntadeandalucia.es\/sep-el-carpio\/datos-cep\/","title":{"rendered":"Datos CEP"},"content":{"rendered":"<p><img loading=\"lazy\" decoding=\"async\" class=\" wp-image-734 alignleft\" src=\"https:\/\/blogsaverroes.juntadeandalucia.es\/sep-el-carpio\/files\/2023\/05\/EL-CARPIO-300x148.png\" alt=\"\" width=\"361\" height=\"178\" srcset=\"https:\/\/blogsaverroes.juntadeandalucia.es\/sep-el-carpio\/files\/2023\/05\/EL-CARPIO-300x148.png 300w, https:\/\/blogsaverroes.juntadeandalucia.es\/sep-el-carpio\/files\/2023\/05\/EL-CARPIO-1024x505.png 1024w, https:\/\/blogsaverroes.juntadeandalucia.es\/sep-el-carpio\/files\/2023\/05\/EL-CARPIO-768x378.png 768w, https:\/\/blogsaverroes.juntadeandalucia.es\/sep-el-carpio\/files\/2023\/05\/EL-CARPIO.png 1301w\" sizes=\"(max-width: 361px) 100vw, 361px\" \/><\/p>\n<p><span style=\"font-size: 14pt\"><strong>DIRECCI\u00d3N: <\/strong>C\/ Concepci\u00f3n 14. El Carpio. C\u00f3rdoba<\/span><\/p>\n<p><span style=\"font-size: 14pt\"><strong>C\u00d3DIG<\/strong><\/span><span style=\"font-size: 14pt\"><strong>O POST<\/strong><\/span><strong style=\"font-size: 14pt\">AL: <\/strong><span style=\"font-size: 14pt\">14620<\/span><\/p>\n<p><span style=\"font-size: 14pt\"><strong>TEL\u00c9FONO:&nbsp;<\/strong><\/span><\/p>\n<p><span style=\"font-size: 14pt\"><strong>EMAIL<\/strong>: 14500157.edu@juntadeandalucia.es<\/span><\/p>\n<p>&nbsp;<\/p>\n<p><iframe loading=\"lazy\" src=\"https:\/\/www.google.com\/maps\/embed?pb=!1m18!1m12!1m3!1d1345.9134817212682!2d-4.4962484772052775!3d37.93952854582598!2m3!1f0!2f0!3f0!3m2!1i1024!2i768!4f13.1!3m3!1m2!1s0xd6cfd31998d7a3b%3A0x257f1006747d770e!2sSEP%20EL%20CARPIO!5e1!3m2!1ses!2ses!4v1683819424373!5m2!1ses!2ses\" width=\"600\" height=\"450\"><\/iframe><\/p>\n","protected":false},"excerpt":{"rendered":"<p>DIRECCI\u00d3N: C\/ Concepci\u00f3n 14. El Carpio. C\u00f3rdoba C\u00d3DIGO POSTAL: 14620 TEL\u00c9FONO:&nbsp; EMAIL: 14500157.edu@juntadeandalucia.es &nbsp;<\/p>\n","protected":false},"author":13374,"featured_media":0,"parent":0,"menu_order":0,"comment_status":"closed","ping_status":"closed","template":"","meta":{"ngg_post_thumbnail":0,"footnotes":""},"aioseo_notices":[],"_links":{"self":[{"href":"https:\/\/blogsaverroes.juntadeandalucia.es\/sep-el-carpio\/wp-json\/wp\/v2\/pages\/667"}],"collection":[{"href":"https:\/\/blogsaverroes.juntadeandalucia.es\/sep-el-carpio\/wp-json\/wp\/v2\/pages"}],"about":[{"href":"https:\/\/blogsaverroes.juntadeandalucia.es\/sep-el-carpio\/wp-json\/wp\/v2\/types\/page"}],"author":[{"embeddable":true,"href":"https:\/\/blogsaverroes.juntadeandalucia.es\/sep-el-carpio\/wp-json\/wp\/v2\/users\/13374"}],"replies":[{"embeddable":true,"href":"https:\/\/blogsaverroes.juntadeandalucia.es\/sep-el-carpio\/wp-json\/wp\/v2\/comments?post=667"}],"version-history":[{"count":3,"href":"https:\/\/blogsaverroes.juntadeandalucia.es\/sep-el-carpio\/wp-json\/wp\/v2\/pages\/667\/revisions"}],"predecessor-version":[{"id":736,"href":"https:\/\/blogsaverroes.juntadeandalucia.es\/sep-el-carpio\/wp-json\/wp\/v2\/pages\/667\/revisions\/736"}],"wp:attachment":[{"href":"https:\/\/blogsaverroes.juntadeandalucia.es\/sep-el-carpio\/wp-json\/wp\/v2\/media?parent=667"}],"curies":[{"name":"wp","href":"https:\/\/api.w.org\/{rel}","templated":true}]}}