{"id":599,"date":"2024-11-22T09:40:08","date_gmt":"2024-11-22T08:40:08","guid":{"rendered":"https:\/\/blogsaverroes.juntadeandalucia.es\/sep-elpilar\/?page_id=599"},"modified":"2024-11-22T18:24:53","modified_gmt":"2024-11-22T17:24:53","slug":"otros-recursos","status":"publish","type":"page","link":"https:\/\/blogsaverroes.juntadeandalucia.es\/sep-elpilar\/otros-recursos\/","title":{"rendered":"Otros recursos"},"content":{"rendered":"<p>Aqu\u00ed presento varios enlaces a un conjunto de recursos que pueden ser de utilidad en alg\u00fan momento:<\/p>\n<ul>\n<li style=\"font-weight: 400\"><span style=\"font-weight: 400\">M\u00fasica relajante: <\/span><a href=\"https:\/\/www.youtube.com\/watch?v=KH7Mli_cKEs\"><span style=\"font-weight: 400\">https:\/\/www.youtube.com\/watch?v=KH7Mli_cKEs<\/span><\/a><\/li>\n<li style=\"font-weight: 400\"><span style=\"font-weight: 400\">J<\/span><span style=\"font-weight: 400\">ugamos a cifras y letras: <\/span><a href=\"https:\/\/www.epriego.net\/educa\/cifras-y-letras.asp\"><span style=\"font-weight: 400\">https:\/\/www.epriego.net\/educa\/cifras-y-letras.asp<\/span><\/a><\/li>\n<li style=\"font-weight: 400\"><span style=\"font-weight: 400\">Buscamos parejas: <\/span><a href=\"https:\/\/www.cokitos.com\/tag\/juegos-de-memoria\/\"><span style=\"font-weight: 400\">https:\/\/www.cokitos.com\/tag\/juegos-de-memoria\/<\/span><\/a><\/li>\n<li>Pasapalabra de Antena 3:<a href=\"https:\/\/www.antena3.com\/programas\/pasapalabra\/rosco-virtual\/\"><span style=\"font-weight: 400\">https:\/\/www.antena3.com\/programas\/pasapalabra\/rosco-virtual\/<\/span><\/a><\/li>\n<li style=\"font-weight: 400\"><a href=\"https:\/\/bingo.onlinegratis.tv\/\"><span style=\"font-weight: 400\">Bingo virtual<\/span><\/a><\/li>\n<li style=\"font-weight: 400\"><span style=\"font-weight: 400\">Educaplay: <\/span><a href=\"https:\/\/es.educaplay.com\/\"><span style=\"font-weight: 400\">https:\/\/es.educaplay.com\/<\/span><\/a><\/li>\n<li style=\"font-weight: 400\"><span style=\"font-weight: 400\">Problemas de 1\u00ba de la ESO: <\/span><a href=\"https:\/\/matematicasiesoja.files.wordpress.com\/2013\/10\/problemas_naturales.pdf\"><span style=\"font-weight: 400\">https:\/\/matematicasiesoja.files.wordpress.com\/2013\/10\/problemas_naturales.pdf<\/span><\/a><span style=\"font-weight: 400\"> (hechos del 1 al 39).<\/span><\/li>\n<li style=\"font-weight: 400\"><span style=\"font-weight: 400\">Palabras hom\u00f3nimas: <\/span><a href=\"https:\/\/aprenderespanol.org\/gramatica\/homonimos-paronimos.html\"><span style=\"font-weight: 400\">https:\/\/aprenderespanol.org\/gramatica\/homonimos-paronimos.html<\/span><\/a><\/li>\n<li style=\"font-weight: 400\"><span style=\"font-weight: 400\">V\u00eddeos para aprender Ingl\u00e9s: <\/span><a href=\"https:\/\/www.youtube.com\/@Pacho8a_\/videos\"><span style=\"font-weight: 400\">https:\/\/www.youtube.com\/@Pacho8a_\/videos<\/span><\/a><\/li>\n<li style=\"font-weight: 400\"><span style=\"font-weight: 400\">Blog de Lengua: <\/span><a href=\"https:\/\/raquelpelayo.wordpress.com\/2012\/02\/08\/los-recursos-literarios-en-la-publicidad\/\"><span style=\"font-weight: 400\">Blog de Lengua<\/span><\/a><\/li>\n<li>Palabras hom\u00f3fonas:&nbsp;<a href=\"https:\/\/www.mundoprimaria.com\/recursos-lengua\/palabras-homofonas\"><span style=\"font-weight: 400\">palabras hom\u00f3fonas<\/span><\/a><\/li>\n<li style=\"font-weight: 400\"><span style=\"font-weight: 400\">Dictados:<\/span><a href=\"https:\/\/www.proferecursos.com\/dictados-cortos-con-g-y-j\/\"><span style=\"font-weight: 400\">https:\/\/www.proferecursos.com\/dictados-cortos-con-g-y-j\/<\/span><\/a><span style=\"font-weight: 400\">&nbsp;<\/span><\/li>\n<li style=\"font-weight: 400\"><span style=\"font-weight: 400\">Word wall (ordenar las letras, etc.)<\/span><span style=\"font-weight: 400\">: <\/span><a href=\"https:\/\/wordwall.net\/es\/resource\/2778374\/armar-palabras-ordenar-las-letras\"><span style=\"font-weight: 400\">https:\/\/wordwall.net\/es\/resource\/2778374\/armar-palabras-ordenar-las-letras<\/span><\/a><\/li>\n<li style=\"font-weight: 400\"><span style=\"font-weight: 400\">Para encontrar diferencias: <\/span><a href=\"https:\/\/depositphotos.com\/es\/vectors\/encontrar-las-diferencias.html\"><span style=\"font-weight: 400\">https:\/\/depositphotos.com\/es\/vectors\/encontrar-las-diferencias.html<\/span><\/a><\/li>\n<li style=\"font-weight: 400\"><span style=\"font-weight: 400\">Acertar pel\u00edculas en educaplay: <\/span><a href=\"https:\/\/es.educaplay.com\/tipos-de-actividades\/juegos-de-ordenar-letras.html\"><span style=\"font-weight: 400\">https:\/\/es.educaplay.com\/tipos-de-actividades\/juegos-de-ordenar-letras.html<\/span><\/a><\/li>\n<\/ul>\n","protected":false},"excerpt":{"rendered":"<p>Aqu\u00ed presento varios enlaces a un conjunto de recursos que pueden ser de utilidad en alg\u00fan momento: M\u00fasica relajante: https:\/\/www.youtube.com\/watch?v=KH7Mli_cKEs Jugamos a cifras y letras: https:\/\/www.epriego.net\/educa\/cifras-y-letras.asp Buscamos parejas: https:\/\/www.cokitos.com\/tag\/juegos-de-memoria\/ Pasapalabra de Antena 3:https:\/\/www.antena3.com\/programas\/pasapalabra\/rosco-virtual\/ Bingo virtual Educaplay: https:\/\/es.educaplay.com\/ Problemas de 1\u00ba de la ESO: https:\/\/matematicasiesoja.files.wordpress.com\/2013\/10\/problemas_naturales.pdf (hechos del 1 al 39). Palabras hom\u00f3nimas: https:\/\/aprenderespanol.org\/gramatica\/homonimos-paronimos.html V\u00eddeos para aprender [&hellip;]<\/p>\n","protected":false},"author":14863,"featured_media":0,"parent":0,"menu_order":0,"comment_status":"closed","ping_status":"closed","template":"","meta":{"ngg_post_thumbnail":0,"footnotes":""},"aioseo_notices":[],"_links":{"self":[{"href":"https:\/\/blogsaverroes.juntadeandalucia.es\/sep-elpilar\/wp-json\/wp\/v2\/pages\/599"}],"collection":[{"href":"https:\/\/blogsaverroes.juntadeandalucia.es\/sep-elpilar\/wp-json\/wp\/v2\/pages"}],"about":[{"href":"https:\/\/blogsaverroes.juntadeandalucia.es\/sep-elpilar\/wp-json\/wp\/v2\/types\/page"}],"author":[{"embeddable":true,"href":"https:\/\/blogsaverroes.juntadeandalucia.es\/sep-elpilar\/wp-json\/wp\/v2\/users\/14863"}],"replies":[{"embeddable":true,"href":"https:\/\/blogsaverroes.juntadeandalucia.es\/sep-elpilar\/wp-json\/wp\/v2\/comments?post=599"}],"version-history":[{"count":4,"href":"https:\/\/blogsaverroes.juntadeandalucia.es\/sep-elpilar\/wp-json\/wp\/v2\/pages\/599\/revisions"}],"predecessor-version":[{"id":721,"href":"https:\/\/blogsaverroes.juntadeandalucia.es\/sep-elpilar\/wp-json\/wp\/v2\/pages\/599\/revisions\/721"}],"wp:attachment":[{"href":"https:\/\/blogsaverroes.juntadeandalucia.es\/sep-elpilar\/wp-json\/wp\/v2\/media?parent=599"}],"curies":[{"name":"wp","href":"https:\/\/api.w.org\/{rel}","templated":true}]}}