{"id":645,"date":"2024-11-22T16:47:41","date_gmt":"2024-11-22T15:47:41","guid":{"rendered":"https:\/\/blogsaverroes.juntadeandalucia.es\/sep-elpilar\/?page_id=645"},"modified":"2024-11-22T17:49:14","modified_gmt":"2024-11-22T16:49:14","slug":"actividades-complementarias","status":"publish","type":"page","link":"https:\/\/blogsaverroes.juntadeandalucia.es\/sep-elpilar\/curso-escolar\/actividades-complementarias\/","title":{"rendered":"Actividades complementarias"},"content":{"rendered":"<p>Se consideran&nbsp;<strong>Actividades Complementarias<\/strong>&nbsp;las organizadas por la Secci\u00f3n Educativa Permanente durante su horario general, de acuerdo con su Proyecto de Educaci\u00f3n Permanente, y que tienen un car\u00e1cter diferenciado de las propiamente lectivas por el momento, espacios o recursos que utilizan.<\/p>\n<p>Se consideran&nbsp;<strong>Actividades de Extensi\u00f3n Cultural<\/strong>&nbsp;las encaminadas a potenciar la apertura de la Secci\u00f3n Educativa Permanente a su entorno y a procurar la formaci\u00f3n integral del alumnado en aspectos referidos a la ampliaci\u00f3n de su horizonte cultural, la preparaci\u00f3n para su inserci\u00f3n en la sociedad y el uso del tiempo libre.<\/p>\n<div>Las&nbsp;<strong>Actividades de Extensi\u00f3n Cultural<\/strong>&nbsp;se realizar\u00e1n fuera del horario lectivo, tendr\u00e1n car\u00e1cter voluntario para el alumnado y no podr\u00e1n constituir discriminaci\u00f3n para ning\u00fan miembro de la Comunidad Educativa.<\/div>\n<div>&nbsp;<\/div>\n<div>La organizaci\u00f3n de las Actividades Complementarias y de Extensi\u00f3n Cultural incluidas en el Plan Anual de Centro podr\u00e1 realizarse por la misma Secci\u00f3n Educativa Permanente o a trav\u00e9s de las Asociaciones de Alumnos y Alumnas o de otras asociaciones colaboradoras, o en colaboraci\u00f3n con Entidades Locales o Provinciales.<\/div>\n<div>&nbsp;<\/div>\n<p>Durante este&nbsp;<strong>curso escolar 2024-2025<\/strong>&nbsp;se han programado las siguientes:<\/p>\n<ul>\n<li><strong>D\u00eda de las Personas Mayores (01-10-2024).<\/strong><\/li>\n<li><strong>D\u00eda de la Mujer Rural (15-10-2024).&nbsp;<\/strong><\/li>\n<li><strong>D\u00eda de la Educaci\u00f3n Permanente (08-11-2024).<\/strong><\/li>\n<li><strong>D\u00eda Internacional del Flamenco (16-11-2024, aunque en el centro se celebrar\u00e1 el d\u00eda 18).<\/strong><\/li>\n<li><strong>D\u00eda de la eliminaci\u00f3n de la violencia contra la mujer (25-11-2024).<\/strong><\/li>\n<li><strong>D\u00eda de la Bandera de Andaluc\u00eda (04-12-2024).<\/strong><\/li>\n<li><strong>D\u00eda de la Constituci\u00f3n (06-12-2024, aunque en el centro se celebrar\u00e1 el d\u00eda 5).<\/strong><\/li>\n<li><strong>Fiesta Convivencia de Navidad (19-12-2024).<\/strong><\/li>\n<li><strong>D\u00eda de la Paz (30-01-2025).<\/strong><\/li>\n<li><strong>D\u00eda de Andaluc\u00eda (28-02-2025, aunque en el centro se celebrar\u00e1 el d\u00eda 26).<\/strong><\/li>\n<li><strong>D\u00eda Internacional de la Mujer Trabajadora (08-03-2025, aunque en el centro se celebrar\u00e1 el d\u00eda 7).<\/strong><\/li>\n<li><strong>D\u00eda del Libro (23-04-2025).<\/strong><\/li>\n<li><strong>Encuentro Comarcal de Centros de Educaci\u00f3n Permanente (Mayo 2025).<\/strong><\/li>\n<li><strong>D\u00eda de Europa (09-05-2025).<\/strong><\/li>\n<li><strong>D\u00eda del Medio Ambiente (05-06-2025).<\/strong><\/li>\n<li><strong>Fiesta Convivencia Fin de Curso (24-06-2025).<\/strong><\/li>\n<\/ul>\n","protected":false},"excerpt":{"rendered":"<p>Se consideran&nbsp;Actividades Complementarias&nbsp;las organizadas por la Secci\u00f3n Educativa Permanente durante su horario general, de acuerdo con su Proyecto de Educaci\u00f3n Permanente, y que tienen un car\u00e1cter diferenciado de las propiamente lectivas por el momento, espacios o recursos que utilizan. Se consideran&nbsp;Actividades de Extensi\u00f3n Cultural&nbsp;las encaminadas a potenciar la apertura de la Secci\u00f3n Educativa Permanente a [&hellip;]<\/p>\n","protected":false},"author":14863,"featured_media":0,"parent":605,"menu_order":1,"comment_status":"closed","ping_status":"closed","template":"","meta":{"ngg_post_thumbnail":0,"footnotes":""},"aioseo_notices":[],"_links":{"self":[{"href":"https:\/\/blogsaverroes.juntadeandalucia.es\/sep-elpilar\/wp-json\/wp\/v2\/pages\/645"}],"collection":[{"href":"https:\/\/blogsaverroes.juntadeandalucia.es\/sep-elpilar\/wp-json\/wp\/v2\/pages"}],"about":[{"href":"https:\/\/blogsaverroes.juntadeandalucia.es\/sep-elpilar\/wp-json\/wp\/v2\/types\/page"}],"author":[{"embeddable":true,"href":"https:\/\/blogsaverroes.juntadeandalucia.es\/sep-elpilar\/wp-json\/wp\/v2\/users\/14863"}],"replies":[{"embeddable":true,"href":"https:\/\/blogsaverroes.juntadeandalucia.es\/sep-elpilar\/wp-json\/wp\/v2\/comments?post=645"}],"version-history":[{"count":3,"href":"https:\/\/blogsaverroes.juntadeandalucia.es\/sep-elpilar\/wp-json\/wp\/v2\/pages\/645\/revisions"}],"predecessor-version":[{"id":689,"href":"https:\/\/blogsaverroes.juntadeandalucia.es\/sep-elpilar\/wp-json\/wp\/v2\/pages\/645\/revisions\/689"}],"up":[{"embeddable":true,"href":"https:\/\/blogsaverroes.juntadeandalucia.es\/sep-elpilar\/wp-json\/wp\/v2\/pages\/605"}],"wp:attachment":[{"href":"https:\/\/blogsaverroes.juntadeandalucia.es\/sep-elpilar\/wp-json\/wp\/v2\/media?parent=645"}],"curies":[{"name":"wp","href":"https:\/\/api.w.org\/{rel}","templated":true}]}}

<p>Se consideran&nbsp;<strong>Actividades Complementarias</strong>&nbsp;las organizadas por la Sección Educativa Permanente durante su horario general, de acuerdo con su Proyecto de Educación Permanente, y que tienen un carácter diferenciado de las propiamente lectivas por el momento, espacios o recursos que utilizan.</p>
<p>Se consideran&nbsp;<strong>Actividades de Extensión Cultural</strong>&nbsp;las encaminadas a potenciar la apertura de la Sección Educativa Permanente a su entorno y a procurar la formación integral del alumnado en aspectos referidos a la ampliación de su horizonte cultural, la preparación para su inserción en la sociedad y el uso del tiempo libre.</p>
<div>Las&nbsp;<strong>Actividades de Extensión Cultural</strong>&nbsp;se realizarán fuera del horario lectivo, tendrán carácter voluntario para el alumnado y no podrán constituir discriminación para ningún miembro de la Comunidad Educativa.</div>
<div>&nbsp;</div>
<div>La organización de las Actividades Complementarias y de Extensión Cultural incluidas en el Plan Anual de Centro podrá realizarse por la misma Sección Educativa Permanente o a través de las Asociaciones de Alumnos y Alumnas o de otras asociaciones colaboradoras, o en colaboración con Entidades Locales o Provinciales.</div>
<div>&nbsp;</div>
<p>Durante este&nbsp;<strong>curso escolar 2024-2025</strong>&nbsp;se han programado las siguientes:</p>
<ul>
<li><strong>Día de las Personas Mayores (01-10-2024).</strong></li>
<li><strong>Día de la Mujer Rural (15-10-2024).&nbsp;</strong></li>
<li><strong>Día de la Educación Permanente (08-11-2024).</strong></li>
<li><strong>Día Internacional del Flamenco (16-11-2024, aunque en el centro se celebrará el día 18).</strong></li>
<li><strong>Día de la eliminación de la violencia contra la mujer (25-11-2024).</strong></li>
<li><strong>Día de la Bandera de Andalucía (04-12-2024).</strong></li>
<li><strong>Día de la Constitución (06-12-2024, aunque en el centro se celebrará el día 5).</strong></li>
<li><strong>Fiesta Convivencia de Navidad (19-12-2024).</strong></li>
<li><strong>Día de la Paz (30-01-2025).</strong></li>
<li><strong>Día de Andalucía (28-02-2025, aunque en el centro se celebrará el día 26).</strong></li>
<li><strong>Día Internacional de la Mujer Trabajadora (08-03-2025, aunque en el centro se celebrará el día 7).</strong></li>
<li><strong>Día del Libro (23-04-2025).</strong></li>
<li><strong>Encuentro Comarcal de Centros de Educación Permanente (Mayo 2025).</strong></li>
<li><strong>Día de Europa (09-05-2025).</strong></li>
<li><strong>Día del Medio Ambiente (05-06-2025).</strong></li>
<li><strong>Fiesta Convivencia Fin de Curso (24-06-2025).</strong></li>
</ul>

<p>Se consideran&nbsp;Actividades Complementarias&nbsp;las organizadas por la Sección Educativa Permanente durante su horario general, de acuerdo con su Proyecto de Educación Permanente, y que tienen un carácter diferenciado de las propiamente lectivas por el momento, espacios o recursos que utilizan. Se consideran&nbsp;Actividades de Extensión Cultural&nbsp;las encaminadas a potenciar la apertura de la Sección Educativa Permanente a [&hellip;]</p>
