{"id":608,"date":"2023-03-22T20:19:10","date_gmt":"2023-03-22T19:19:10","guid":{"rendered":"https:\/\/blogsaverroes.juntadeandalucia.es\/sep-montoro\/?page_id=608"},"modified":"2023-03-27T19:07:08","modified_gmt":"2023-03-27T18:07:08","slug":"quienes-somos","status":"publish","type":"page","link":"https:\/\/blogsaverroes.juntadeandalucia.es\/sep-montoro\/quienes-somos\/","title":{"rendered":"Qui\u00e9nes somos"},"content":{"rendered":"<p>&nbsp;<\/p>\n<p style=\"text-align: left\"><span style=\"font-size: 12pt\">La secci\u00f3n de Educaci\u00f3n Permanente SEP Montoro, es un centro p\u00fablico al que pueden asistir todas las personas mayores de 18 a\u00f1os, es&nbsp;decir, ofrece una ense\u00f1anza dirigida a adultos de todas las edades.<\/span><\/p>\n<p>&nbsp;<\/p>\n<p style=\"text-align: left\"><span style=\"font-size: 12pt\">En el centro se imparten diferentes planes educativos, siendo los m\u00e1s demandados los siguientes:<\/span><\/p>\n<p style=\"text-align: left\"><span style=\"font-size: 12pt\"><strong>Planes Formales<\/strong>: encaminados a la obtenci\u00f3n de la titulaci\u00f3n de graduado escolar como la ESPA (Educaci\u00f3n Secundaria Personas Adultas) y Formaci\u00f3n B\u00e1sica (FB), dirigida a personas que desean adquirir una formaci\u00f3n acad\u00e9mica b\u00e1sica correspondiente como m\u00e1ximo a sexto de primaria.<\/span><\/p>\n<p style=\"text-align: left\"><span style=\"font-size: 12pt\"><strong>Planes no Formales<\/strong>: que pretenden formar a las personas en conocimientos b\u00e1sicos sobre Ingl\u00e9s, Inform\u00e1tica, Conocimiento del Patrimonio Cultural Andaluz, Interculturalidad, Espa\u00f1ol para extranjeros, etc.<\/span><\/p>\n<p style=\"text-align: left\"><span style=\"font-size: 12pt\">Adem\u00e1s, realizamos distintos tipos de actividades (visitas culturales, excursiones, jornadas de convivencia\u2026), dirigidas al alumnado que se encuentra matriculado en el centro.<\/span><\/p>\n<p style=\"text-align: left\">&nbsp;<\/p>\n<p style=\"text-align: left\">&nbsp;<\/p>\n<p>&nbsp;<\/p>\n","protected":false},"excerpt":{"rendered":"<p>&nbsp; La secci\u00f3n de Educaci\u00f3n Permanente SEP Montoro, es un centro p\u00fablico al que pueden asistir todas las personas mayores de 18 a\u00f1os, es&nbsp;decir, ofrece una ense\u00f1anza dirigida a adultos de todas las edades.&#46;&#46;&#46;<\/p>\n","protected":false},"author":17234,"featured_media":706,"parent":0,"menu_order":0,"comment_status":"closed","ping_status":"closed","template":"","meta":{"ngg_post_thumbnail":0,"footnotes":""},"aioseo_notices":[],"_links":{"self":[{"href":"https:\/\/blogsaverroes.juntadeandalucia.es\/sep-montoro\/wp-json\/wp\/v2\/pages\/608"}],"collection":[{"href":"https:\/\/blogsaverroes.juntadeandalucia.es\/sep-montoro\/wp-json\/wp\/v2\/pages"}],"about":[{"href":"https:\/\/blogsaverroes.juntadeandalucia.es\/sep-montoro\/wp-json\/wp\/v2\/types\/page"}],"author":[{"embeddable":true,"href":"https:\/\/blogsaverroes.juntadeandalucia.es\/sep-montoro\/wp-json\/wp\/v2\/users\/17234"}],"replies":[{"embeddable":true,"href":"https:\/\/blogsaverroes.juntadeandalucia.es\/sep-montoro\/wp-json\/wp\/v2\/comments?post=608"}],"version-history":[{"count":8,"href":"https:\/\/blogsaverroes.juntadeandalucia.es\/sep-montoro\/wp-json\/wp\/v2\/pages\/608\/revisions"}],"predecessor-version":[{"id":721,"href":"https:\/\/blogsaverroes.juntadeandalucia.es\/sep-montoro\/wp-json\/wp\/v2\/pages\/608\/revisions\/721"}],"wp:featuredmedia":[{"embeddable":true,"href":"https:\/\/blogsaverroes.juntadeandalucia.es\/sep-montoro\/wp-json\/wp\/v2\/media\/706"}],"wp:attachment":[{"href":"https:\/\/blogsaverroes.juntadeandalucia.es\/sep-montoro\/wp-json\/wp\/v2\/media?parent=608"}],"curies":[{"name":"wp","href":"https:\/\/api.w.org\/{rel}","templated":true}]}}